000
CXUS54 KLZK 250859
CF6LZK
PRELIMINARY LOCAL CLIMATOLOGICAL DATA (WS FORM: F-6)
STATION: NORTH LITTLE ROCK
MONTH: APRIL
YEAR: 2023
LATITUDE: 34 50 N
LONGITUDE: 92 16 W
TEMPERATURE IN F: :PCPN: SNOW: WIND :SUNSHINE: SKY :PK WND
================================================================================
1 2 3 4 5 6A 6B 7 8 9 10 11 12 13 14 15 16 17 18
12Z AVG MX 2MIN
DY MAX MIN AVG DEP HDD CDD WTR SNW DPTH SPD SPD DIR MIN PSBL S-S WX SPD DR
================================================================================
1 69 55 62 4 3 0 0.00 0.0 0 M M M M M M M M
2 78 47 63 5 2 0 0.58 0.0 0 M M M M M M 3 M M
3 80 57 69 11 0 4 0.00 0.0 0 M M M M M M M M
4 86 67 77 18 0 12 T 0.0 0 M M M M M M 3 M M
5 75 54 65 6 0 0 0.64 0.0 0 M M M M M M 3 M M
6 57 50 54 -5 11 0 0.00 0.0 0 M M M M M M M M
7 63 47 55 -5 10 0 0.00 0.0 0 M M M M M M M M
8 71 50 61 1 4 0 0.00 0.0 0 M M M M M M M M
9 68 51 60 0 5 0 0.00 0.0 0 M M M M M M M M
10 75 53 64 4 1 0 0.00 0.0 0 M M M M M M M M
11 76 54 65 4 0 0 0.00 0.0 0 M M M M M M M M
12 77 52 65 4 0 0 0.00 0.0 0 M M M M M M M M
13 78 59 69 8 0 4 0.00 0.0 0 M M M M M M M M
14 80 55 68 7 0 3 0.00 0.0 0 M M M M M M M M
15 82 52 67 5 0 2 0.40 0.0 0 M M M M M M 3 M M
16 65 46 56 -6 9 0 0.00 0.0 0 M M M M M M M M
17 76 46 61 -1 4 0 0.00 0.0 0 M M M M M M M M
18 80 50 65 3 0 0 0.00 0.0 0 M M M M M M M M
19 83 56 70 7 0 5 0.00 0.0 0 M M M M M M M M
20 76 63 70 7 0 5 2.38 0.0 0 M M M M M M 3 M M
21 69 50 60 -3 5 0 0.74 0.0 0 M M M M M M 3 M M
22 68 48 58 -6 7 0 0.02 0.0 0 M M M M M M M M
23 55 44 50 -14 15 0 0.22 0.0 0 M M M M M M M M
24 66 40 53 -11 12 0 T 0.0 0 M M M M M M M M
25 64 47 56 -8 9 0 0.72 0.0 0 M M M M M M M M
26 62 48 55 -9 10 0 0.11 0.0 0 M M M M M M M M
27 67 55 61 -4 4 0 0.71 0.0 0 M M M M M M 13 M M
28 68 54 61 -4 4 0 0.02 0.0 0 M M M M M M M M
29 66 54 60 -5 5 0 1.57 0.0 0 M M M M M M 13 M M
30 70 46 58 -8 7 0 0.00 0.0 0 M M M M M M M M
================================================================================
SM 2150 1550 127 35 8.11 0.0 M M M
================================================================================
AV 71.7 51.7 M FASTST M M M MAX(MPH)
MISC ----> M M M M
================================================================================
NOTES:
# LAST OF SEVERAL OCCURRENCES
COLUMN 17 PEAK WIND IN M.P.H.
PRELIMINARY LOCAL CLIMATOLOGICAL DATA (WS FORM: F-6) , PAGE 2
STATION: NORTH LITTLE ROCK
MONTH: APRIL
YEAR: 2023
LATITUDE: 34 50 N
LONGITUDE: 92 16 W
[TEMPERATURE DATA] [PRECIPITATION DATA] SYMBOLS USED IN COLUMN 16
AVERAGE MONTHLY: 61.7 TOTAL FOR MONTH: 8.11 1 = FOG OR MIST
DPTR FM NORMAL: 0.0 DPTR FM NORMAL: 2.57 2 = FOG REDUCING VISIBILITY
HIGHEST: 86 ON 4 GRTST 24HR 2.38 ON 20-20 TO 1/4 MILE OR LESS
LOWEST: 40 ON 24 3 = THUNDER
SNOW, ICE PELLETS, HAIL 4 = ICE PELLETS
TOTAL MONTH: T 5 = HAIL
GRTST 24HR 0.0 6 = FREEZING RAIN OR DRIZZLE
GRTST DEPTH: 0 7 = DUSTSTORM OR SANDSTORM:
VSBY 1/2 MILE OR LESS
8 = SMOKE OR HAZE
[NO. OF DAYS WITH] [WEATHER - DAYS WITH] 9 = BLOWING SNOW
X = TORNADO
MAX 32 OR BELOW: 0 0.01 INCH OR MORE: 12
MAX 90 OR ABOVE: 0 0.10 INCH OR MORE: 10
MIN 32 OR BELOW: 0 0.50 INCH OR MORE: 7
MIN 0 OR BELOW: 0 1.00 INCH OR MORE: 2
[HDD (BASE 65) ]
TOTAL THIS MO. 127 CLEAR (SCALE 0-3) 0
DPTR FM NORMAL -26 PTCLDY (SCALE 4-7) 0
TOTAL FM JUL 1 2685 CLOUDY (SCALE 8-10) 30
DPTR FM NORMAL -426
[CDD (BASE 65) ]
TOTAL THIS MO. 35
DPTR FM NORMAL -20 [PRESSURE DATA]
TOTAL FM JAN 1 52 HIGHEST SLP M ON M
DPTR FM NORMAL -17 LOWEST SLP M ON M
[REMARKS]
#FINAL-04-23#