000
CXUS54 KLZK 020249
CF6LZK
PRELIMINARY LOCAL CLIMATOLOGICAL DATA (WS FORM: F-6)
STATION: North Little Rock
MONTH: AUGUST
YEAR: 2020
LATITUDE: 34 50 N
LONGITUDE: 92 16 W
TEMPERATURE IN F: :PCPN: SNOW: WIND :SUNSHINE: SKY :PK WND
================================================================================
1 2 3 4 5 6A 6B 7 8 9 10 11 12 13 14 15 16 17 18
12Z AVG MX 2MIN
DY MAX MIN AVG DEP HDD CDD WTR SNW DPTH SPD SPD DIR MIN PSBL S-S WX SPD DR
================================================================================
1 85 69 77 -6 0 12 0.00 0.0 0 5.0 12 340 M M 0 17 340
2 89 68 79 -4 0 14 T 0.0 0 3.0 10 340 M M 0 3 14 300
3 87 69 78 -5 0 13 0.00 0.0 0 5.0 20 320 M M 0 27 340
4 84 67 76 -7 0 11 0.00 0.0 0 4.2 8 50 M M 0 M M
5 84 64 74 -9 0 9 0.00 0.0 0 5.0 11 90 M M 0 13 150
6 90 63 77 -6 0 12 T 0.0 0 6.0 15 90 M M 0 17 90
7 85 70 78 -5 0 13 T 0.0 0 4.0 10 340 M M 0 12 340
8 94 70 82 -1 0 17 0.00 0.0 0 5.0 13 130 M M 0 17 180
9 96 75 86 3 0 21 0.00 0.0 0 4.4 10 180 M M 0 M M
10 97 76 87 4 0 22 0.00 0.0 0 7.0 16 220 M M 0 19 200
11 94 71 83 0 0 18 0.05 0.0 0 6.0 16 360 M M 0 3 24 360
12 84 70 77 -6 0 12 T 0.0 0 2.5 6 140 M M 0 M M
13 92 70 81 -2 0 16 0.00 0.0 0 3.0 14 110 M M 0 17 130
14 92 72 82 0 0 17 0.20 0.0 0 4.0 12 340 M M 0 3 16 360
15 95 74 85 3 0 20 0.00 0.0 0 3.0 10 340 M M 0 17 360
16 92 74 83 1 0 18 0.00 0.0 0 4.8 13 50 M M 0 M M
17 94 67 81 -1 0 16 0.00 0.0 0 5.0 10 130 M M 0 15 150
18 87 71 79 -3 0 14 0.00 0.0 0 6.0 13 360 M M 0 19 360
19 88 67 78 -4 0 13 0.00 0.0 0 6.3 12 90 M M 0 M M
20 88 65 77 -5 0 12 0.00 0.0 0 6.0 13 90 M M 0 17 90
21 91 68 80 -2 0 15 T 0.0 0 6.0 17 110 M M 0 20 90
22 92 66 79 -3 0 14 0.00 0.0 0 5.0 13 150 M M 0 1 16 150
23 93 69 81 -1 0 16 0.00 0.0 0 1.7 9 140 M M 0 M M
24 95 71 83 2 0 18 0.00 0.0 0 5.0 16 130 M M 0 20 130
25 97 72 85 4 0 20 0.00 0.0 0 10.0 20 90 M M 0 27 90
26 88 72 80 -1 0 15 0.10 0.0 0 7.0 27 90 M M 0 3 32 90
27 74 70 72 -9 0 7 4.16 0.0 0 7.4 36 20 M M 0 3 48 20
28 92 71 82 2 0 17 0.21 0.0 0 5.0 7 220 M M 0 M M
29 95 73 84 4 0 19 0.40 0.0 0 3.6 16 360 M M 0 3 M M
30 86 71 79 -1 0 14 0.05 0.0 0 4.0 12 200 M M 0 16 220
31 82 69 76 -4 0 11 0.22 0.0 0 4.0 12 320 M M 0 3 20 300
================================================================================
SM 2782 2164 0 466 5.39 0.0 153.9 M 0
================================================================================
AV 89.7 69.8 5.0 FASTST M M 0 MAX(MPH)
MISC ----> # 36 20 # 48 20
================================================================================
NOTES:
# LAST OF SEVERAL OCCURRENCES
COLUMN 17 PEAK WIND IN M.P.H.
PRELIMINARY LOCAL CLIMATOLOGICAL DATA (WS FORM: F-6) , PAGE 2
STATION: North Little Rock
MONTH: AUGUST
YEAR: 2020
LATITUDE: 34 50 N
LONGITUDE: 92 16 W
[TEMPERATURE DATA] [PRECIPITATION DATA] SYMBOLS USED IN COLUMN 16
AVERAGE MONTHLY: 79.8 TOTAL FOR MONTH: 5.39 1 = FOG OR MIST
DPTR FM NORMAL: -2.2 DPTR FM NORMAL: 2.59 2 = FOG REDUCING VISIBILITY
HIGHEST: 97 ON 25,10 GRTST 24HR 4.16 ON 27-27 TO 1/4 MILE OR LESS
LOWEST: 63 ON 6 3 = THUNDER
SNOW, ICE PELLETS, HAIL 4 = ICE PELLETS
TOTAL MONTH: 0.0 INCH 5 = HAIL
GRTST 24HR 0.0 6 = FREEZING RAIN OR DRIZZLE
GRTST DEPTH: 0 7 = DUSTSTORM OR SANDSTORM:
VSBY 1/2 MILE OR LESS
8 = SMOKE OR HAZE
[NO. OF DAYS WITH] [WEATHER - DAYS WITH] 9 = BLOWING SNOW
X = TORNADO
MAX 32 OR BELOW: 0 0.01 INCH OR MORE: 8
MAX 90 OR ABOVE: 17 0.10 INCH OR MORE: 6
MIN 32 OR BELOW: 0 0.50 INCH OR MORE: 1
MIN 0 OR BELOW: 0 1.00 INCH OR MORE: 1
[HDD (BASE 65) ]
TOTAL THIS MO. 0 CLEAR (SCALE 0-3) 31
DPTR FM NORMAL 0 PTCLDY (SCALE 4-7) 0
TOTAL FM JUL 1 0 CLOUDY (SCALE 8-10) 0
DPTR FM NORMAL 0
[CDD (BASE 65) ]
TOTAL THIS MO. 466
DPTR FM NORMAL -61 [PRESSURE DATA]
TOTAL FM JAN 1 1560 HIGHEST SLP 30.17 ON 8
DPTR FM NORMAL -217 LOWEST SLP 29.48 ON 27
[REMARKS]
#FINAL-08-20#