000
CXUS54 KLZK 011130
CF6LZK
PRELIMINARY LOCAL CLIMATOLOGICAL DATA (WS FORM: F-6)
STATION: North Little Rock
MONTH: APRIL
YEAR: 2020
LATITUDE: 34 50 N
LONGITUDE: 92 16 W
TEMPERATURE IN F: :PCPN: SNOW: WIND :SUNSHINE: SKY :PK WND
================================================================================
1 2 3 4 5 6A 6B 7 8 9 10 11 12 13 14 15 16 17 18
12Z AVG MX 2MIN
DY MAX MIN AVG DEP HDD CDD WTR SNW DPTH SPD SPD DIR MIN PSBL S-S WX SPD DR
================================================================================
1 70 49 60 1 5 0 0.00 0.0 0 M M M M M 0 M M
2 72 53 63 4 2 0 0.00 0.0 0 M M M M M 0 M M
3 67 55 61 2 4 0 0.09 0.0 0 M M M M M M M M
4 56 49 53 -7 12 0 0.03 0.0 0 M M M M M M 3 M M
5 72 48 60 0 5 0 0.00 0.0 0 M M M M M M 1 M M
6 76 55 66 6 0 1 0.00 0.0 0 M M M M M 0 M M
7 76 64 70 10 0 5 0.00 0.0 0 M M M M M 0 M M
8 84 65 75 14 0 10 T 0.0 0 M M M M M 0 M M
9 73 57 65 4 0 0 0.00 0.0 0 M M M M M 0 M M
10 59 44 52 -9 13 0 0.00 0.0 0 M M M M M 0 M M
11 67 45 56 -6 9 0 0.44 0.0 0 M M M M M 0 3 M M
12 70 49 60 -2 5 0 1.71 0.0 0 M M M M M M 13 M M
13 52 39 46 -16 19 0 0.00 0.0 0 M M M M M 0 M M
14 50 39 45 -17 20 0 0.00 0.0 0 M M M M M 0 M M
15 62 38 50 -13 15 0 0.00 0.0 0 M M M M M 0 M M
16 69 45 57 -6 8 0 0.00 0.0 0 M M M M M 0 M M
17 65 43 54 -9 11 0 0.02 0.0 0 M M M M M 0 1 M M
18 61 37 49 -15 16 0 0.02 0.0 0 M M M M M 0 3 M M
19 54 50 52 -12 13 0 0.80 0.0 0 7.0 19 110 M M 0 3 23 110
20 73 48 61 -3 4 0 0.00 M 0 6.0 13 200 M M 0 17 200
21 78 53 66 2 0 1 0.00 0.0 0 4.0 11 360 M M 0 16 320
22 61 55 58 -7 7 0 1.15 0.0 0 12.0 30 150 M M 0 3 39 150
23 69 56 63 -2 2 0 0.00 0.0 0 4.4 10 340 M M 0 18 340
24 72 54 63 -2 2 0 0.64 0.0 0 8.0 20 320 M M 0 3 34 320
25 69 52 61 -4 4 0 T 0.0 0 7.0 19 340 M M 0 32 320
26 73 51 62 -4 3 0 0.00 0.0 0 5.0 12 340 M M 0 17 320
27 73 55 64 -2 1 0 T 0.0 0 5.7 13 160 M M M M M
28 75 58 67 1 0 2 0.94 T 0 9.0 24 320 M M M 135 38 320
29 67 56 62 -4 3 0 0.25 0.0 0 8.0 19 340 M M 0 3 30 340
30 73 51 62 -5 3 0 0.00 0.0 0 5.0 13 340 M M 0 21 320
================================================================================
SM 2038 1513 186 19 6.09 T 81.1 M 0
================================================================================
AV 67.9 50.4 6.8 FASTST M M 0 MAX(MPH)
MISC ----> # 30 150 # 39 150
================================================================================
NOTES:
# LAST OF SEVERAL OCCURRENCES
COLUMN 17 PEAK WIND IN M.P.H.
PRELIMINARY LOCAL CLIMATOLOGICAL DATA (WS FORM: F-6) , PAGE 2
STATION: North Little Rock
MONTH: APRIL
YEAR: 2020
LATITUDE: 34 50 N
LONGITUDE: 92 16 W
[TEMPERATURE DATA] [PRECIPITATION DATA] SYMBOLS USED IN COLUMN 16
AVERAGE MONTHLY: 59.2 TOTAL FOR MONTH: 6.09 1 = FOG OR MIST
DPTR FM NORMAL: -3.6 DPTR FM NORMAL: 1.30 2 = FOG REDUCING VISIBILITY
HIGHEST: 84 ON 8 GRTST 24HR 1.71 ON 12-12 TO 1/4 MILE OR LESS
LOWEST: 37 ON 18 3 = THUNDER
SNOW, ICE PELLETS, HAIL 4 = ICE PELLETS
TOTAL MONTH: T 5 = HAIL
GRTST 24HR T ON 28-28 6 = FREEZING RAIN OR DRIZZLE
GRTST DEPTH: 0 7 = DUSTSTORM OR SANDSTORM:
VSBY 1/2 MILE OR LESS
8 = SMOKE OR HAZE
[NO. OF DAYS WITH] [WEATHER - DAYS WITH] 9 = BLOWING SNOW
X = TORNADO
MAX 32 OR BELOW: 0 0.01 INCH OR MORE: 11
MAX 90 OR ABOVE: 0 0.10 INCH OR MORE: 7
MIN 32 OR BELOW: 0 0.50 INCH OR MORE: 5
MIN 0 OR BELOW: 0 1.00 INCH OR MORE: 2
[HDD (BASE 65) ]
TOTAL THIS MO. 186 CLEAR (SCALE 0-3) 24
DPTR FM NORMAL 50 PTCLDY (SCALE 4-7) 0
TOTAL FM JUL 1 2948 CLOUDY (SCALE 8-10) 0
DPTR FM NORMAL -34
[CDD (BASE 65) ]
TOTAL THIS MO. 19
DPTR FM NORMAL -51 [PRESSURE DATA]
TOTAL FM JAN 1 35 HIGHEST SLP 30.40 ON 14
DPTR FM NORMAL -54 LOWEST SLP 29.44 ON 13
[REMARKS]
#FINAL-04-20#