000
CXUS53 KDTX 010635
CF6MBS
PRELIMINARY LOCAL CLIMATOLOGICAL DATA (WS FORM: F-6)
STATION: TRI CITIES MI
MONTH: APRIL
YEAR: 2020
LATITUDE: 43 31 N
LONGITUDE: 84 5 W
TEMPERATURE IN F: :PCPN: SNOW: WIND :SUNSHINE: SKY :PK WND
================================================================================
1 2 3 4 5 6A 6B 7 8 9 10 11 12 13 14 15 16 17 18
12Z AVG MX 2MIN
DY MAX MIN AVG DEP HDD CDD WTR SNW DPTH SPD SPD DIR MIN PSBL S-S WX SPD DR
================================================================================
1 49 38 44 4 21 0 0.02 0.0 0 7.3 14 30 M M 9 8 18 30
2 62 35 49 8 16 0 0.00 0.0 0 7.8 16 340 M M 0 20 350
3 56 32 44 3 21 0 0.00 0.0 0 7.2 13 70 M M 0 16 70
4 52 36 44 3 21 0 0.05 0.0 0 8.1 16 330 M M 7 18 20 330
5 51 31 41 -1 24 0 0.00 0.0 0 5.6 12 30 M M 4 16 20
6 60 31 46 4 19 0 0.00 0.0 0 4.9 13 210 M M 3 16 200
7 57 44 51 8 14 0 0.43 0.0 0 7.2 26 360 M M 9 138 33 360
8 66 45 56 13 9 0 0.12 0.0 0 9.4 26 280 M M 5 8 35 300
9 48 34 41 -3 24 0 0.06 T 0 14.2 31 310 M M 6 1 42 300
10 46 32 39 -5 26 0 T T 0 15.5 26 320 M M 8 33 310
11 57 31 44 0 21 0 0.00 0.0 M 9.0 22 220 M M 1 28 240
12 64 46 55 10 10 0 0.01 0.0 0 7.4 16 160 M M 10 25 170
13 56 31 44 -1 21 0 0.04 M 0 19.7 40 280 M M 9 1 51 280
14 40 28 34 -12 31 0 T T 0 13.6 33 250 M M 4 1 46 240
15 39 26 33 -13 32 0 T T 0 8.8 20 310 M M 8 18 31 300
16 44 23 34 -12 31 0 0.00 0.0 0 11.7 28 260 M M 4 40 250
17 41 31 36 -11 29 0 T T 0 9.0 15 200 M M 6 18 21 210
18 57 28 43 -4 22 0 0.00 0.0 0 14.6 30 220 M M 1 40 220
19 59 33 46 -2 19 0 T 0.0 0 15.7 29 320 M M 3 44 300
20 60 29 45 -3 20 0 0.07 0.0 0 13.9 39 260 M M 2 1 56 260
21 45 27 36 -12 29 0 0.03 0.1 0 17.6 32 320 M M 6 18 44 310
22 38 22 30 -19 35 0 T T 0 6.6 15 220 M M 7 8 19 230
23 49 35 42 -7 23 0 0.05 0.0 0 11.1 17 30 M M 10 1 22 30
24 52 36 44 -6 21 0 0.00 0.0 0 9.6 17 40 M M 6 21 50
25 56 31 44 -6 21 0 0.00 0.0 0 10.7 21 40 M M 3 26 40
26 60 40 50 0 15 0 0.00 0.0 0 14.8 24 40 M M 0 33 40
27 62 35 49 -2 16 0 0.04 0.0 0 6.1 24 180 M M 4 1 33 170
28 72 46 59 8 6 0 0.44 0.0 0 8.2 22 100 M M 3 1 28 110
29 65 53 59 8 6 0 0.83 0.0 0 13.7 26 220 M M 10 1 37 200
30 56 45 51 -1 14 0 0.27 0.0 0 10.4 21 340 M M 10 1 25 350
================================================================================
SM 1619 1034 617 0 2.46 0.1 319.4 M 158
================================================================================
AV 54.0 34.5 10.6 FASTST M M 5 MAX(MPH)
MISC ----> 40 280 56 260
================================================================================
NOTES:
# LAST OF SEVERAL OCCURRENCES
COLUMN 17 PEAK WIND IN M.P.H.
PRELIMINARY LOCAL CLIMATOLOGICAL DATA (WS FORM: F-6) , PAGE 2
STATION: TRI CITIES MI
MONTH: APRIL
YEAR: 2020
LATITUDE: 43 31 N
LONGITUDE: 84 5 W
[TEMPERATURE DATA] [PRECIPITATION DATA] SYMBOLS USED IN COLUMN 16
AVERAGE MONTHLY: 44.2 TOTAL FOR MONTH: 2.46 1 = FOG OR MIST
DPTR FM NORMAL: -1.9 DPTR FM NORMAL: -0.43 2 = FOG REDUCING VISIBILITY
HIGHEST: 72 ON 28 GRTST 24HR 1.27 ON 28-29 TO 1/4 MILE OR LESS
LOWEST: 22 ON 22 3 = THUNDER
SNOW, ICE PELLETS, HAIL 4 = ICE PELLETS
TOTAL MONTH: 0.1 INCH 5 = HAIL
GRTST 24HR 0.1 ON 21-21 6 = FREEZING RAIN OR DRIZZLE
GRTST DEPTH: 0 7 = DUSTSTORM OR SANDSTORM:
VSBY 1/2 MILE OR LESS
8 = SMOKE OR HAZE
[NO. OF DAYS WITH] [WEATHER - DAYS WITH] 9 = BLOWING SNOW
X = TORNADO
MAX 32 OR BELOW: 0 0.01 INCH OR MORE: 14
MAX 90 OR ABOVE: 0 0.10 INCH OR MORE: 5
MIN 32 OR BELOW: 15 0.50 INCH OR MORE: 1
MIN 0 OR BELOW: 0 1.00 INCH OR MORE: 0
[HDD (BASE 65) ]
TOTAL THIS MO. 617 CLEAR (SCALE 0-3) 8
DPTR FM NORMAL 45 PTCLDY (SCALE 4-7) 15
TOTAL FM JUL 1 6056 CLOUDY (SCALE 8-10) 7
DPTR FM NORMAL -585
[CDD (BASE 65) ]
TOTAL THIS MO. 0
DPTR FM NORMAL -4 [PRESSURE DATA]
TOTAL FM JAN 1 0 HIGHEST SLP M ON M
DPTR FM NORMAL -4 LOWEST SLP 29.24 ON 13
[REMARKS]
#FINAL-04-20#