000
CXAK56 PAFG 030347
CF6MCG
PRELIMINARY LOCAL CLIMATOLOGICAL DATA (WS FORM: F-6)
STATION: MCGRATH AK
MONTH: JUNE
YEAR: 2021
LATITUDE: 62 57 N
LONGITUDE: 155 36 W
TEMPERATURE IN F: :PCPN: SNOW: WIND :SUNSHINE: SKY :PK WND
================================================================================
1 2 3 4 5 6A 6B 7 8 9 10 11 12 13 14 15 16 17 18
12Z AVG MX 2MIN
DY MAX MIN AVG DEP HDD CDD WTR SNW DPTH SPD SPD DIR MIN PSBL S-S WX SPD DR
================================================================================
1 64 49 57 3 8 0 T M M 7.4 18 200 M M 8 8 29 210
2 60 47 54 0 11 0 T M M 7.5 16 210 M M 9 26 190
3 64 39 52 -3 13 0 0.00 M M 2.9 14 290 M M 6 18 310
4 61 45 53 -2 12 0 0.35 M M 3.2 12 300 M M 7 1 16 290
5 60 45 53 -2 12 0 0.00 M M 4.5 10 270 M M 9 15 280
6 69 35 52 -4 13 0 0.00 M M 2.8 9 150 M M 0 M M
7 51 41 46 -10 19 0 M M M M M M M M M M M
8 58 44 51 -5 14 0 0.13 M M M 8 170 M M M 1 12 140
9 55 47 51 -6 14 0 M M M M M M M M M M M
10 69 46 58 1 7 0 M M M M M M M M M M M
11 63 48 56 -2 9 0 M M M M M M M M M M M
12 71 46 59 1 6 0 M M M M M M M M M M M
13 76 44 60 2 5 0 M M M M M M M M M M M
14 78 46 62 3 3 0 M M M M M M M M M M M
15 76 44 60 1 5 0 M M M M M M M M M M M
16 76 45 61 2 4 0 M M M M M M M M M M M
17 58 45 52 -8 13 0 M M M M M M M M M M M
18 72 40 56 -4 9 0 M M M M M M M M M M M
19 70 47 59 -1 6 0 M M M M M M M M M M M
20 71 52 62 2 3 0 M M M M M M M M M M M
21 73 49 61 0 4 0 M M M M M M M M M M M
22 72 53 63 2 2 0 M M M 6.7 10 160 M M 5 M M
23 73 48 61 0 4 0 M M M M M M M M M M M
24 72 47 60 -1 5 0 M M M M M M M M M M M
25 65 42 54 -7 11 0 M M M M M M M M M M M
26 63 50 57 -5 8 0 M M M M M M M M M M M
27 63 52 58 -4 7 0 0.00 M M 5.1 9 230 M M 10 17 190
28 66 54 60 -2 5 0 0.00 M M 3.2 8 300 M M 6 M M
29 64 55 60 -2 5 0 0.00 M M 7.7 15 260 M M 6 22 260
30 75 54 65 3 0 0 0.00 M M 2.4 6 80 M M 0 M M
================================================================================
SM 2008 1399 237 0 0.48 M 53.4 M 66
================================================================================
AV 66.9 46.6 4.9 FASTST M M 6 MAX(MPH)
MISC ----> 18 200 29 210
================================================================================
NOTES:
# LAST OF SEVERAL OCCURRENCES
COLUMN 17 PEAK WIND IN M.P.H.
PRELIMINARY LOCAL CLIMATOLOGICAL DATA (WS FORM: F-6) , PAGE 2
STATION: MCGRATH AK
MONTH: JUNE
YEAR: 2021
LATITUDE: 62 57 N
LONGITUDE: 155 36 W
[TEMPERATURE DATA] [PRECIPITATION DATA] SYMBOLS USED IN COLUMN 16
AVERAGE MONTHLY: 56.8 TOTAL FOR MONTH: 0.48 1 = FOG OR MIST
DPTR FM NORMAL: -1.9 DPTR FM NORMAL: -1.18 2 = FOG REDUCING VISIBILITY
HIGHEST: 78 ON 14 GRTST 24HR 0.35 ON 4- 4 TO 1/4 MILE OR LESS
LOWEST: 35 ON 6 3 = THUNDER
SNOW, ICE PELLETS, HAIL 4 = ICE PELLETS
TOTAL MONTH: M 5 = HAIL
GRTST 24HR M ON M 6 = FREEZING RAIN OR DRIZZLE
GRTST DEPTH: M ON M 7 = DUSTSTORM OR SANDSTORM:
VSBY 1/2 MILE OR LESS
8 = SMOKE OR HAZE
[NO. OF DAYS WITH] [WEATHER - DAYS WITH] 9 = BLOWING SNOW
X = TORNADO
MAX 32 OR BELOW: 0 0.01 INCH OR MORE: 2
MAX 90 OR ABOVE: 0 0.10 INCH OR MORE: 2
MIN 32 OR BELOW: 0 0.50 INCH OR MORE: 0
MIN 0 OR BELOW: 0 1.00 INCH OR MORE: 0
[HDD (BASE 65) ]
TOTAL THIS MO. 237 CLEAR (SCALE 0-3) 2
DPTR FM NORMAL 37 PTCLDY (SCALE 4-7) 6
TOTAL FM JUL 1 13163 CLOUDY (SCALE 8-10) 22
DPTR FM NORMAL 3
[CDD (BASE 65) ]
TOTAL THIS MO. 0
DPTR FM NORMAL -11 [PRESSURE DATA]
TOTAL FM JAN 1 0 HIGHEST SLP M ON M
DPTR FM NORMAL -11 LOWEST SLP 29.38 ON 1
[REMARKS]
#FINAL-06-21#
7TH AND 9TH THROUGH 26TH TEMPS TAKEN FROM MCSA2 WHICH IS 2 MILES SOUTH OF PAMC DUE TO RECURRING COMMS AND SENSOR ERRORS AT PAMC