000
CXAK56 PAFG 011721
CF6MCG
PRELIMINARY LOCAL CLIMATOLOGICAL DATA (WS FORM: F-6)
STATION: MCGRATH AK
MONTH: NOVEMBER
YEAR: 2023
LATITUDE: 62 57 N
LONGITUDE: 155 36 W
TEMPERATURE IN F: :PCPN: SNOW: WIND :SUNSHINE: SKY :PK WND
================================================================================
1 2 3 4 5 6A 6B 7 8 9 10 11 12 13 14 15 16 17 18
12Z AVG MX 2MIN
DY MAX MIN AVG DEP HDD CDD WTR SNW DPTH SPD SPD DIR MIN PSBL S-S WX SPD DR
================================================================================
1 33 29 31 15 34 0 0.00 M M 1.2 6 50 M M 10 12 8 40
2 31 26 29 13 36 0 0.00 M M 6.5 12 30 M M 9 17 30
3 27 21 24 9 41 0 0.03 M M 8.3 14 20 M M 10 1 19 30
4 21 18 20 6 45 0 0.39 M M 4.3 9 30 M M 10 1 13 30
5 18 4 11 -3 54 0 0.13 M M 1.3 6 270 M M 8 1 9 250
6 12 2 7 -6 58 0 T M M 1.0 7 90 M M 10 1 10 140
7 14 -2 6 -6 59 0 T M M 3.7 8 270 M M 6 1 11 340
8 20 -6 7 -5 58 0 0.05 M M 2.8 8 310 M M 8 1 11 300
9 20 13 17 6 48 0 0.14 M M 1.7 9 200 M M 10 1 13 210
10 20 11 16 6 49 0 T M M 1.7 8 70 M M 9 1 12 130
11 17 -6 6 -4 59 0 0.00 M M 2.3 7 330 M M 3 10 350
12 10 -13 -1 -10 66 0 0.52 M M 0.6 8 110 M M 7 12 12 120
13 31 6 19 11 46 0 0.26 M M 6.2 18 190 M M 7 12 32 200
14 30 15 23 15 42 0 0.04 M M 4.4 14 210 M M 8 1 20 210
15 37 26 32 24 33 0 0.16 M M 9.0 21 190 M M 10 1 37 200
16 35 15 25 18 40 0 0.21 M M 9.2 21 280 M M 10 1 30 290
17 15 -8 4 -3 61 0 T M M 4.2 13 290 M M 3 128 19 280
18 3 -10 -3 -9 68 0 T M M 0.9 5 40 M M 10 1 7 320
19 14 3 9 3 56 0 0.01 M M 1.1 6 30 M M 10 1 7 350
20 18 5 12 7 53 0 0.00 M M 4.9 18 40 M M 5 12 26 30
21 10 -7 2 -3 63 0 0.00 M M 0.6 6 260 M M 1 8 270
22 20 2 11 6 54 0 T M M 1.2 7 150 M M 9 10 150
23 24 13 19 15 46 0 T M M 1.2 7 270 M M 8 8 270
24 26 11 19 15 46 0 0.01 M M 0.5 7 340 M M 5 1 8 330
25 26 11 19 15 46 0 0.00 M M 1.1 5 50 M M 6 12 6 10
26 15 5 10 7 55 0 0.00 M M 0.3 7 250 M M 10 12 9 260
27 24 12 18 15 47 0 0.19 M M 1.5 6 100 M M 10 1 9 120
28 35 21 28 25 37 0 0.01 M M 6.1 24 190 M M 9 1 43 190
29 32 17 25 23 40 0 T M M 4.8 25 200 M M 7 1 38 180
30 26 4 15 13 50 0 0.00 M M 0.6 13 30 M M 7 1 18 30
================================================================================
SM 664 238 1490 0 2.15 M 93.2 M 235
================================================================================
AV 22.1 7.9 3.1 FASTST M M 8 MAX(MPH)
MISC ----> 25 200 43 190
================================================================================
NOTES:
# LAST OF SEVERAL OCCURRENCES
COLUMN 17 PEAK WIND IN M.P.H.
PRELIMINARY LOCAL CLIMATOLOGICAL DATA (WS FORM: F-6) , PAGE 2
STATION: MCGRATH AK
MONTH: NOVEMBER
YEAR: 2023
LATITUDE: 62 57 N
LONGITUDE: 155 36 W
[TEMPERATURE DATA] [PRECIPITATION DATA] SYMBOLS USED IN COLUMN 16
AVERAGE MONTHLY: 15.0 TOTAL FOR MONTH: 2.15 1 = FOG OR MIST
DPTR FM NORMAL: 7.0 DPTR FM NORMAL: 0.72 2 = FOG REDUCING VISIBILITY
HIGHEST: 37 ON 15 GRTST 24HR 0.76 ON 12-13 TO 1/4 MILE OR LESS
LOWEST: -13 ON 12 3 = THUNDER
SNOW, ICE PELLETS, HAIL 4 = ICE PELLETS
TOTAL MONTH: M 5 = HAIL
GRTST 24HR M ON M 6 = FREEZING RAIN OR DRIZZLE
GRTST DEPTH: M ON M 7 = DUSTSTORM OR SANDSTORM:
VSBY 1/2 MILE OR LESS
8 = SMOKE OR HAZE
[NO. OF DAYS WITH] [WEATHER - DAYS WITH] 9 = BLOWING SNOW
X = TORNADO
MAX 32 OR BELOW: 26 0.01 INCH OR MORE: 14
MAX 90 OR ABOVE: 0 0.10 INCH OR MORE: 8
MIN 32 OR BELOW: 30 0.50 INCH OR MORE: 1
MIN 0 OR BELOW: 7 1.00 INCH OR MORE: 0
[HDD (BASE 65) ]
TOTAL THIS MO. 1490 CLEAR (SCALE 0-3) 2
DPTR FM NORMAL -220 PTCLDY (SCALE 4-7) 13
TOTAL FM JUL 1 3687 CLOUDY (SCALE 8-10) 15
DPTR FM NORMAL -161
[CDD (BASE 65) ]
TOTAL THIS MO. 0
DPTR FM NORMAL 0 [PRESSURE DATA]
TOTAL FM JAN 1 19 HIGHEST SLP 30.29 ON 20
DPTR FM NORMAL -12 LOWEST SLP 28.78 ON 16
[REMARKS]
#FINAL-11-23#