610
CXUS53 KEAX 051003
CLAMCI
CLIMATE REPORT
NATIONAL WEATHER SERVICE
355 AM CST TUE JAN 05 2021
...................................
...THE KANSAS CITY INTERNATIONAL MO CLIMATE SUMMARY FOR THE YEAR OF 2020...
CLIMATE NORMAL PERIOD: 1981 TO 2010
CLIMATE RECORD PERIOD: 1888 TO 2021
WEATHER OBSERVED NORMAL DEPART LAST YEAR`S
VALUE DATE(S) VALUE FROM VALUE
NORMAL
..............................................................
TEMPERATURE (F)
RECORD
HIGH 113 08/14/1936
LOW -23 12/23/1989
12/22/1989
HIGHEST 94 08/25 99 -5
08/26
08/28
LOWEST 0 02/14 0 0
AVG. MAXIMUM 65.8 64.7 1.1
AVG. MINIMUM 45.6 44.6 1.0
MEAN 55.7 54.6 1.1
DAYS MAX >= 90 40 30.2 9.8
DAYS MAX <= 32 12 27.0 -15.0
DAYS MIN <= 32 106 108.2 -2.2 121
DAYS MIN <= 0 1 5.2 -4.2
PRECIPITATION (INCHES)
RECORD
MAXIMUM 60.25 1961
MINIMUM 20.93 1953
TOTALS 34.15 38.86 -4.71
DAILY AVG. 0.09 0.11 -0.02
DAYS >= .01 83 104.8 -21.8
DAYS >= .10 48 64.1 -16.1
DAYS >= .50 18 25.6 -7.6
DAYS >= 1.00 10 10.0 0.0
GREATEST
24 HR. TOTAL 3.52 07/15 TO 07/15
SNOWFALL (INCHES)
RECORDS
TOTAL 63.0 1960
24 HR TOTAL 20.0 03/23/1912 TO 03/23/1912
TOTALS 12.7 18.8 -6.1
DAYS >= TRACE 24 14.6 9.4
DAYS >= 1.0 4 5.9 -1.9
GREATEST
SNOW DEPTH 2
24 HR TOTAL MM
DEGREE DAYS
HEATING TOTAL 4672 5133 -461
COOLING TOTAL 1382 1360 22
..............................................................
WIND (MPH)
AVERAGE WIND SPEED 9.6
HIGHEST WIND SPEED/DIRECTION 41/350 DATE 08/31
HIGHEST GUST SPEED/DIRECTION 61/350 DATE 08/31
SKY COVER
POSSIBLE SUNSHINE (PERCENT) MM
AVERAGE SKY COVER 0.51
NUMBER OF DAYS FAIR 123
NUMBER OF DAYS PC 147
NUMBER OF DAYS CLOUDY 96
AVERAGE RH (PERCENT) 69
WEATHER CONDITIONS. NUMBER OF DAYS WITH
THUNDERSTORM 40 MIXED PRECIP 0
HEAVY RAIN 25 RAIN 40
LIGHT RAIN 106 FREEZING RAIN 3
LT FREEZING RAIN 7 HAIL 0
HEAVY SNOW 1 SNOW 2
LIGHT SNOW 20 SLEET 4
FOG 163 FOG W/VIS <= 1/4 MILE 27
HAZE 79
- INDICATES NEGATIVE NUMBERS.
R INDICATES RECORD WAS SET OR TIED.
MM INDICATES DATA IS MISSING.
T INDICATES TRACE AMOUNT.
$$