000
CDUS43 KEAX 260041
CLIMCI

CLIMATE REPORT
NATIONAL WEATHER SERVICE KANSAS CITY/PLEASANT HILL MO
740 PM CDT MON SEP 25 2017


...................................

...THE KANSAS CITY INTERNATIONAL MO CLIMATE SUMMARY FOR SEPTEMBER 25 2017...
VALID TODAY AS OF 0700 PM LOCAL TIME.

CLIMATE NORMAL PERIOD 1981 TO 2010
CLIMATE RECORD PERIOD 1888 TO 2017


WEATHER ITEM   OBSERVED TIME   RECORD YEAR NORMAL DEPARTURE LAST
                VALUE   (LST)  VALUE       VALUE  FROM      YEAR
                                                  NORMAL
..................................................................
TEMPERATURE (F)
 TODAY
  MAXIMUM         86    156 PM  91    1904  75     11       69
                                      1898
  MINIMUM         65    614 AM  38    1926  53     12       57
  AVERAGE         76                        64     12       63

PRECIPITATION (IN)
  TODAY            0.00          1.89 1910   0.15  -0.15     0.21
  MONTH TO DATE    2.29                      3.90  -1.61     4.94
  SINCE SEP 1      2.29                      3.90  -1.61     4.94
  SINCE JAN 1     40.18                     31.30   8.88    44.37

SNOWFALL (IN)
  TODAY            0.0           0.0    MM   0.0    0.0      0.0
  MONTH TO DATE    0.0                       0.0    0.0      0.0
  SINCE SEP 1      0.0                       0.0    0.0      0.0
  SINCE JUL 1      0.0                       0.0    0.0      0.0
  SNOW DEPTH       0

DEGREE DAYS
 HEATING
  TODAY            0                         4     -4        2
  MONTH TO DATE   10                        41    -31        3
  SINCE SEP 1     10                        41    -31        3
  SINCE JUL 1     14                        43    -29        3

 COOLING
  TODAY           11                         3      8        0
  MONTH TO DATE  202                       146     56      220
  SINCE SEP 1    202                       146     56      220
  SINCE JAN 1   1280                      1319    -39     1517
..................................................................


WIND (MPH)
  HIGHEST WIND SPEED    18   HIGHEST WIND DIRECTION    SE (150)
  HIGHEST GUST SPEED    24   HIGHEST GUST DIRECTION     S (160)
  AVERAGE WIND SPEED    10.2


SKY COVER
  POSSIBLE SUNSHINE  MM
  AVERAGE SKY COVER 0.4


WEATHER CONDITIONS
 THE FOLLOWING WEATHER WAS RECORDED TODAY.
  HAZE


RELATIVE HUMIDITY (PERCENT)
 HIGHEST    93           500 AM
 LOWEST     51           200 PM
 AVERAGE    72

..........................................................


THE KANSAS CITY INTERNATIONAL MO CLIMATE NORMALS FOR TOMORROW
                         NORMAL    RECORD    YEAR
 MAXIMUM TEMPERATURE (F)   75        95      1938
 MINIMUM TEMPERATURE (F)   53        34      1984


SUNRISE AND SUNSET
SEPTEMBER 25 2017.....SUNRISE   710 AM CDT   SUNSET   711 PM CDT
SEPTEMBER 26 2017.....SUNRISE   710 AM CDT   SUNSET   709 PM CDT


-  INDICATES NEGATIVE NUMBERS.
R  INDICATES RECORD WAS SET OR TIED.
MM INDICATES DATA IS MISSING.
T  INDICATES TRACE AMOUNT.


&&

...MISCELLANEOUS CLIMATE DATA FROM TODAY...

LOCATION                HIGH    LOW      PRECIP
ST. JOSEPH               90      66       0.00
DOWNTOWN KANSAS CITY     89      71       0.00
OLATHE NEW CENTURY       86      66       0.00
OLATHE JO CO EXEC        85      64       0.00
LEES SUMMIT              88      67       0.00
KIRKSVILLE               90      63       0.00
CHILLICOTHE              89      65       0.00
SEDALIA                  90      68       0.00
NWS PLEASANT HILL MO     87      65       0.00


THIS PRODUCT...ALONG WITH OTHER WEATHER...HYDROLOGICAL AND CLIMATE
INFORMATION...IS AVAILABLE ON THE WEB AT HTTP://WWW.WEATHER.GOV/EAX
OR AT HTTP://WEATHER.GOV

$$
