000
CDUS43 KEAX 270635
CLIMCI

CLIMATE REPORT
NATIONAL WEATHER SERVICE KANSAS CITY/PLEASANT HILL MO
1233 AM CST FRI FEB 27 2015


...................................

...THE KANSAS CITY INTERNATIONAL MO CLIMATE SUMMARY FOR FEBRUARY 26 2015...

CLIMATE NORMAL PERIOD 1981 TO 2010
CLIMATE RECORD PERIOD 1888 TO 2015


WEATHER ITEM   OBSERVED TIME   RECORD YEAR NORMAL DEPARTURE LAST
                VALUE   (LST)  VALUE       VALUE  FROM      YEAR
                                                  NORMAL
..................................................................
TEMPERATURE (F)
 YESTERDAY
  MAXIMUM         20    339 PM  76    1896  48    -28       30
  MINIMUM          3   1159 PM  -8    1934  27    -24        5
  AVERAGE         12                        37    -25       18

PRECIPITATION (IN)
  YESTERDAY        T             1.17 1913   0.05  -0.05     0.00
  MONTH TO DATE    0.88                      1.34  -0.46     1.36
  SINCE DEC 1      3.92                      3.94  -0.02     2.55
  SINCE JAN 1      2.08                      2.41  -0.33     1.75

SNOWFALL (IN)
  YESTERDAY        0.0           8.4  2013   0.1   -0.1      0.0
  MONTH TO DATE    7.5                       5.1    2.4     11.3
  SINCE DEC 1     12.4                      14.5   -2.1     22.6
  SINCE JUL 1     12.9                      15.9   -3.0     22.6
  SNOW DEPTH       0

DEGREE DAYS
 HEATING
  YESTERDAY       53                        28     25       47
  MONTH TO DATE 1010                       828    182     1051
  SINCE DEC 1   2991                      2990      1     3430
  SINCE JUL 1   4112                      3992    120     4495

 COOLING
  YESTERDAY        0                         0      0        0
  MONTH TO DATE    0                         0      0        0
  SINCE DEC 1      0                         0      0        0
  SINCE JAN 1      0                         0      0        0
..................................................................


WIND (MPH)
  HIGHEST WIND SPEED    31   HIGHEST WIND DIRECTION     N (360)
  HIGHEST GUST SPEED    38   HIGHEST GUST DIRECTION     N (10)
  AVERAGE WIND SPEED    16.6


SKY COVER
  POSSIBLE SUNSHINE  MM
  AVERAGE SKY COVER 0.3


WEATHER CONDITIONS
 THE FOLLOWING WEATHER WAS RECORDED YESTERDAY.
  LT FREEZING RAIN


RELATIVE HUMIDITY (PERCENT)
 HIGHEST    80           600 AM
 LOWEST     45           100 PM
 AVERAGE    63

..........................................................


THE KANSAS CITY INTERNATIONAL MO CLIMATE NORMALS FOR TODAY
                         NORMAL    RECORD    YEAR
 MAXIMUM TEMPERATURE (F)   48        73      1932
 MINIMUM TEMPERATURE (F)   28       -13      1934


SUNRISE AND SUNSET
FEBRUARY 27 2015......SUNRISE   655 AM CST   SUNSET   609 PM CST
FEBRUARY 28 2015......SUNRISE   653 AM CST   SUNSET   610 PM CST


-  INDICATES NEGATIVE NUMBERS.
R  INDICATES RECORD WAS SET OR TIED.
MM INDICATES DATA IS MISSING.
T  INDICATES TRACE AMOUNT.




&&

...MISCELLANEOUS CLIMATE DATA FROM YESTERDAY...

LOCATION                HIGH    LOW      PRECIP
ST. JOSEPH               19       2       T
DOWNTOWN KANSAS CITY     23       8       T
OLATHE NEW CENTURY       21       6       T
OLATHE JO CO EXEC        22       8       T
LEES SUMMIT              22       7       T
KIRKSVILLE               17      -1       0.01
CHILLICOTHE              19       4       0.01
SEDALIA                  24       9       T
NWS PLEASANT HILL MO     22       6       0.00


THIS PRODUCT...ALONG WITH OTHER WEATHER...HYDROLOGICAL AND CLIMATE
INFORMATION...IS AVAILABLE ON THE WEB AT HTTP://WWW.CRH.NOAA.GOV/EAX
OR AT HTTP://WEATHER.GOV

$$
