000
CDUS43 KEAX 260634
CLIMCI

CLIMATE REPORT
NATIONAL WEATHER SERVICE KANSAS CITY/PLEASANT HILL MO
132 AM CDT MON JUN 26 2017


...................................

...THE KANSAS CITY INTERNATIONAL MO CLIMATE SUMMARY FOR JUNE 25 2017...

CLIMATE NORMAL PERIOD 1981 TO 2010
CLIMATE RECORD PERIOD 1888 TO 2017


WEATHER ITEM   OBSERVED TIME   RECORD YEAR NORMAL DEPARTURE LAST
                VALUE   (LST)  VALUE       VALUE  FROM      YEAR
                                                  NORMAL
..................................................................
TEMPERATURE (F)
 YESTERDAY
  MAXIMUM         76   1226 PM 102    1988  86    -10       94
  MINIMUM         49R  1128 PM  53    2004  66    -17       75
  AVERAGE         63                        76    -13       85

PRECIPITATION (IN)
  YESTERDAY        T             2.54 1894   0.16  -0.16      T
  MONTH TO DATE    2.92                      4.40  -1.48     0.60
  SINCE JUN 1      2.92                      4.40  -1.48     0.60
  SINCE JAN 1     19.19                     18.23   0.96    21.13

SNOWFALL (IN)
  YESTERDAY        0.0           0.0    MM   0.0    0.0      0.0
  MONTH TO DATE    0.0                       0.0    0.0      0.0
  SINCE JUN 1      0.0                       0.0    0.0      0.0
  SINCE JUL 1      4.9                      18.8  -13.9      5.9
  SNOW DEPTH       0

DEGREE DAYS
 HEATING
  YESTERDAY        2                         0      2        0
  MONTH TO DATE    2                         7     -5        0
  SINCE JUN 1      2                         7     -5        0
  SINCE JUL 1   4148                      5131   -983     4162

 COOLING
  YESTERDAY        0                        11    -11       20
  MONTH TO DATE  264                       208     56      349
  SINCE JUN 1    264                       208     56      349
  SINCE JAN 1    375                       324     51      420
..................................................................


WIND (MPH)
  HIGHEST WIND SPEED    15   HIGHEST WIND DIRECTION     N (360)
  HIGHEST GUST SPEED    19   HIGHEST GUST DIRECTION     N (10)
  AVERAGE WIND SPEED     7.5


SKY COVER
  POSSIBLE SUNSHINE  MM
  AVERAGE SKY COVER 0.3


WEATHER CONDITIONS
 THE FOLLOWING WEATHER WAS RECORDED YESTERDAY.
  NO SIGNIFICANT WEATHER WAS OBSERVED.


RELATIVE HUMIDITY (PERCENT)
 HIGHEST    86          1000 PM
 LOWEST     38          1000 AM
 AVERAGE    62

..........................................................


THE KANSAS CITY INTERNATIONAL MO CLIMATE NORMALS FOR TODAY
                         NORMAL    RECORD    YEAR
 MAXIMUM TEMPERATURE (F)   86       103      1936
                                             1934
 MINIMUM TEMPERATURE (F)   67        52      2004


SUNRISE AND SUNSET
JUNE 26 2017..........SUNRISE   554 AM CDT   SUNSET   850 PM CDT
JUNE 27 2017..........SUNRISE   554 AM CDT   SUNSET   850 PM CDT


-  INDICATES NEGATIVE NUMBERS.
R  INDICATES RECORD WAS SET OR TIED.
MM INDICATES DATA IS MISSING.
T  INDICATES TRACE AMOUNT.


&&

...MISCELLANEOUS CLIMATE DATA FROM YESTERDAY...

LOCATION                HIGH    LOW      PRECIP
ST. JOSEPH               77      51       0.00
DOWNTOWN KANSAS CITY     79      58       T
OLATHE NEW CENTURY       79      53       0.02
OLATHE JO CO EXEC        79      57       T
LEES SUMMIT              80      55       T
KIRKSVILLE               76      49       0.00
CHILLICOTHE              77      52       0.00
SEDALIA                  81      57       T
NWS PLEASANT HILL MO     79      56       T


THIS PRODUCT...ALONG WITH OTHER WEATHER...HYDROLOGICAL AND CLIMATE
INFORMATION...IS AVAILABLE ON THE WEB AT HTTP://WWW.WEATHER.GOV/EAX
OR AT HTTP://WEATHER.GOV

$$
