000
CDUS43 KEAX 260636
CLIMCI

CLIMATE REPORT
NATIONAL WEATHER SERVICE KANSAS CITY/PLEASANT HILL MO
135 AM CDT WED APR 26 2017


...................................

...THE KANSAS CITY INTERNATIONAL MO CLIMATE SUMMARY FOR APRIL 25 2017...

CLIMATE NORMAL PERIOD 1981 TO 2010
CLIMATE RECORD PERIOD 1888 TO 2017


WEATHER ITEM   OBSERVED TIME   RECORD YEAR NORMAL DEPARTURE LAST
                VALUE   (LST)  VALUE       VALUE  FROM      YEAR
                                                  NORMAL
..................................................................
TEMPERATURE (F)
 YESTERDAY
  MAXIMUM         72    326 PM  92    2012  69      3       77
  MINIMUM         49   1159 PM  33    2013  48      1       59
  AVERAGE         61                        58      3       68

PRECIPITATION (IN)
  YESTERDAY        0.12          2.84 1904   0.15  -0.03      T
  MONTH TO DATE    4.39                      2.94   1.45     2.03
  SINCE MAR 1      7.20                      5.31   1.89     4.75
  SINCE JAN 1      8.65                      7.84   0.81     5.91

SNOWFALL (IN)
  YESTERDAY       MM             0.0    MM   0.0   MM        0.0
  MONTH TO DATE    0.0                       0.6   -0.6      0.0
  SINCE MAR 1      0.4                       2.6   -2.2      0.6
  SINCE JUL 1      4.9                      18.8  -13.9      5.9
  SNOW DEPTH       0

DEGREE DAYS
 HEATING
  YESTERDAY        4                         8     -4        0
  MONTH TO DATE  180                       293   -113      203
  SINCE MAR 1    705                       939   -234      646
  SINCE JUL 1   3959                      4984  -1025     4003

 COOLING
  YESTERDAY        0                         1     -1        3
  MONTH TO DATE   27                        19      8       12
  SINCE MAR 1     33                        22     11       14
  SINCE JAN 1     33                        22     11       14
..................................................................


WIND (MPH)
  HIGHEST WIND SPEED    21   HIGHEST WIND DIRECTION    SE (150)
  HIGHEST GUST SPEED    24   HIGHEST GUST DIRECTION     S (160)
  AVERAGE WIND SPEED    11.1


SKY COVER
  POSSIBLE SUNSHINE  MM
  AVERAGE SKY COVER 0.8


WEATHER CONDITIONS
 THE FOLLOWING WEATHER WAS RECORDED YESTERDAY.
  LIGHT RAIN
  FOG
  HAZE


RELATIVE HUMIDITY (PERCENT)
 HIGHEST    96          1000 PM
 LOWEST     53          1000 AM
 AVERAGE    75

..........................................................


THE KANSAS CITY INTERNATIONAL MO CLIMATE NORMALS FOR TODAY
                         NORMAL    RECORD    YEAR
 MAXIMUM TEMPERATURE (F)   69        92      1989
 MINIMUM TEMPERATURE (F)   48        34      2008
                                             1907


SUNRISE AND SUNSET
APRIL 26 2017.........SUNRISE   626 AM CDT   SUNSET   808 PM CDT
APRIL 27 2017.........SUNRISE   625 AM CDT   SUNSET   809 PM CDT


-  INDICATES NEGATIVE NUMBERS.
R  INDICATES RECORD WAS SET OR TIED.
MM INDICATES DATA IS MISSING.
T  INDICATES TRACE AMOUNT.


&&

...MISCELLANEOUS CLIMATE DATA FROM YESTERDAY...

LOCATION                HIGH    LOW      PRECIP
ST. JOSEPH               72      48       T
DOWNTOWN KANSAS CITY     75      52       0.24
OLATHE NEW CENTURY       73      50       0.47
OLATHE JO CO EXEC        72      50       0.04
LEES SUMMIT              75      53       0.36
KIRKSVILLE               78      47       0.00
CHILLICOTHE              76      53       0.09
SEDALIA                  83      55       0.22
NWS PLEASANT HILL MO     75      53       0.20


THIS PRODUCT...ALONG WITH OTHER WEATHER...HYDROLOGICAL AND CLIMATE
INFORMATION...IS AVAILABLE ON THE WEB AT HTTP://WWW.WEATHER.GOV/EAX
OR AT HTTP://WEATHER.GOV

$$

CUTTER
