000
CDUS43 KEAX 200037
CLIMCI

CLIMATE REPORT
NATIONAL WEATHER SERVICE KANSAS CITY/PLEASANT HILL MO
735 PM CDT SAT AUG 19 2017


...................................

...THE KANSAS CITY INTERNATIONAL MO CLIMATE SUMMARY FOR AUGUST 19 2017...
VALID TODAY AS OF 0700 PM LOCAL TIME.

CLIMATE NORMAL PERIOD 1981 TO 2010
CLIMATE RECORD PERIOD 1888 TO 2017


WEATHER ITEM   OBSERVED TIME   RECORD YEAR NORMAL DEPARTURE LAST
                VALUE   (LST)  VALUE       VALUE  FROM      YEAR
                                                  NORMAL
..................................................................
TEMPERATURE (F)
 TODAY
  MAXIMUM         91    432 PM 107    1936  87      4       90
  MINIMUM         65    326 AM  53    1950  67     -2       67
  AVERAGE         78                        77      1       79

PRECIPITATION (IN)
  TODAY            0.00          2.25 1904   0.12  -0.12     1.06
  MONTH TO DATE    2.75                      2.30   0.45     1.57
  SINCE JUN 1     14.18                     11.98   2.20    11.31
  SINCE JAN 1     30.45                     25.81   4.64    31.84

SNOWFALL (IN)
  TODAY            0.0           0.0    MM   0.0    0.0      0.0
  MONTH TO DATE    0.0                       0.0    0.0      0.0
  SINCE JUN 1      0.0                       0.0    0.0      0.0
  SINCE JUL 1      0.0                       0.0    0.0      0.0
  SNOW DEPTH       0

DEGREE DAYS
 HEATING
  TODAY            0                         0      0        0
  MONTH TO DATE    4                         0      4        0
  SINCE JUN 1      5                         9     -4        0
  SINCE JUL 1      4                         0      4        0

 COOLING
  TODAY           13                        12      1       14
  MONTH TO DATE  149                       245    -96      265
  SINCE JUN 1    894                       925    -31     1110
  SINCE JAN 1   1005                      1041    -36     1181
..................................................................


WIND (MPH)
  HIGHEST WIND SPEED    12   HIGHEST WIND DIRECTION    SE (120)
  HIGHEST GUST SPEED    14   HIGHEST GUST DIRECTION    SE (130)
  AVERAGE WIND SPEED     2.2


SKY COVER
  POSSIBLE SUNSHINE  MM
  AVERAGE SKY COVER 0.0


WEATHER CONDITIONS
 THE FOLLOWING WEATHER WAS RECORDED TODAY.
  FOG


RELATIVE HUMIDITY (PERCENT)
 HIGHEST   100           200 AM
 LOWEST     47           400 PM
 AVERAGE    74

..........................................................


THE KANSAS CITY INTERNATIONAL MO CLIMATE NORMALS FOR TOMORROW
                         NORMAL    RECORD    YEAR
 MAXIMUM TEMPERATURE (F)   87       103      2003
                                             1936
 MINIMUM TEMPERATURE (F)   67        49      1950


SUNRISE AND SUNSET
AUGUST 19 2017........SUNRISE   636 AM CDT   SUNSET   808 PM CDT
AUGUST 20 2017........SUNRISE   637 AM CDT   SUNSET   807 PM CDT


-  INDICATES NEGATIVE NUMBERS.
R  INDICATES RECORD WAS SET OR TIED.
MM INDICATES DATA IS MISSING.
T  INDICATES TRACE AMOUNT.


&&

...MISCELLANEOUS CLIMATE DATA FROM TODAY...

LOCATION                HIGH    LOW      PRECIP
ST. JOSEPH               92      60       0.00
DOWNTOWN KANSAS CITY     95      69       0.00
OLATHE NEW CENTURY       91      66       0.00
OLATHE JO CO EXEC        90      65       0.00
LEES SUMMIT              91      68       0.00
KIRKSVILLE               92      60       0.00
CHILLICOTHE              93      61       0.00
SEDALIA                  93      69       0.00
NWS PLEASANT HILL MO     91      66       0.00


THIS PRODUCT...ALONG WITH OTHER WEATHER...HYDROLOGICAL AND CLIMATE
INFORMATION...IS AVAILABLE ON THE WEB AT HTTP://WWW.WEATHER.GOV/EAX
OR AT HTTP://WEATHER.GOV

$$
