000
CDUS43 KEAX 240032
CLIMCI

CLIMATE REPORT
NATIONAL WEATHER SERVICE KANSAS CITY/PLEASANT HILL MO
731 PM CDT TUE AUG 23 2016


...................................

...THE KANSAS CITY INTERNATIONAL MO CLIMATE SUMMARY FOR AUGUST 23 2016...
VALID TODAY AS OF 0700 PM LOCAL TIME.

CLIMATE NORMAL PERIOD 1981 TO 2010
CLIMATE RECORD PERIOD 1888 TO 2016


WEATHER ITEM   OBSERVED TIME   RECORD YEAR NORMAL DEPARTURE LAST
                VALUE   (LST)  VALUE       VALUE  FROM      YEAR
                                                  NORMAL
..................................................................
TEMPERATURE (F)
 TODAY
  MAXIMUM         87    341 PM 104    1936  87      0       77
  MINIMUM         65    338 AM  48    1891  66     -1       52
  AVERAGE         76                        76      0       65

PRECIPITATION (IN)
  TODAY            T             5.93 1906   0.14  -0.14      T
  MONTH TO DATE    1.57                      2.81  -1.24     0.97
  SINCE JUN 1     11.31                     12.49  -1.18    15.30
  SINCE JAN 1     31.84                     26.32   5.52    31.90

SNOWFALL (IN)
  TODAY            0.0           0.0    MM   0.0    0.0      0.0
  MONTH TO DATE    0.0                       0.0    0.0      0.0
  SINCE JUN 1      0.0                       0.0    0.0      0.0
  SINCE JUL 1      0.0                       0.0    0.0      0.0
  SNOW DEPTH       0

DEGREE DAYS
 HEATING
  TODAY            0                         0      0        0
  MONTH TO DATE    0                         0      0        1
  SINCE JUN 1      0                         9     -9        6
  SINCE JUL 1      0                         0      0        3

 COOLING
  TODAY           11                        11      0        0
  MONTH TO DATE  284                       292     -8      246
  SINCE JUN 1   1129                       972    157      949
  SINCE JAN 1   1200                      1088    112     1017
..................................................................


WIND (MPH)
  HIGHEST WIND SPEED    29   HIGHEST WIND DIRECTION     S (190)
  HIGHEST GUST SPEED    35   HIGHEST GUST DIRECTION     S (200)
  AVERAGE WIND SPEED    14.4


SKY COVER
  POSSIBLE SUNSHINE  MM
  AVERAGE SKY COVER 0.6


WEATHER CONDITIONS
 THE FOLLOWING WEATHER WAS RECORDED TODAY.
  NO SIGNIFICANT WEATHER WAS OBSERVED.


RELATIVE HUMIDITY (PERCENT)
 HIGHEST    87           300 AM
 LOWEST     61           400 PM
 AVERAGE    74

..........................................................


THE KANSAS CITY INTERNATIONAL MO CLIMATE NORMALS FOR TOMORROW
                         NORMAL    RECORD    YEAR
 MAXIMUM TEMPERATURE (F)   87       109      1936
 MINIMUM TEMPERATURE (F)   66        46      1891


SUNRISE AND SUNSET
AUGUST 23 2016........SUNRISE   640 AM CDT   SUNSET   802 PM CDT
AUGUST 24 2016........SUNRISE   641 AM CDT   SUNSET   801 PM CDT


-  INDICATES NEGATIVE NUMBERS.
R  INDICATES RECORD WAS SET OR TIED.
MM INDICATES DATA IS MISSING.
T  INDICATES TRACE AMOUNT.


&&

...MISCELLANEOUS CLIMATE DATA FROM TODAY...

LOCATION                HIGH    LOW      PRECIP
ST. JOSEPH               86      65       T
DOWNTOWN KANSAS CITY     89      69       T
OLATHE NEW CENTURY       86      65       0.00
OLATHE JO CO EXEC        84      63       0.00
LEES SUMMIT              86      65       0.00
KIRKSVILLE               81      57       T
CHILLICOTHE              82      64       0.01
SEDALIA                  83      63       0.08
NWS PLEASANT HILL MO     85      61       0.00


THIS PRODUCT...ALONG WITH OTHER WEATHER...HYDROLOGICAL AND CLIMATE
INFORMATION...IS AVAILABLE ON THE WEB AT HTTP://WWW.WEATHER.GOV/EAX
OR AT HTTP://WEATHER.GOV

$$

73
