000
CDUS43 KEAX 230646
CLIMCI

CLIMATE REPORT
NATIONAL WEATHER SERVICE KANSAS CITY/PLEASANT HILL MO
146 AM CDT FRI SEP 23 2016


...................................

...THE KANSAS CITY INTERNATIONAL MO CLIMATE SUMMARY FOR SEPTEMBER 22 2016...

CLIMATE NORMAL PERIOD 1981 TO 2010
CLIMATE RECORD PERIOD 1888 TO 2016


WEATHER ITEM   OBSERVED TIME   RECORD YEAR NORMAL DEPARTURE LAST
                VALUE   (LST)  VALUE       VALUE  FROM      YEAR
                                                  NORMAL
..................................................................
TEMPERATURE (F)
 YESTERDAY
  MAXIMUM         88    243 PM 100    1937  76     12       85
  MINIMUM         69   1159 PM  31    1995  54     15       65
  AVERAGE         79                        65     14       75

PRECIPITATION (IN)
  YESTERDAY        0.00          3.89 1970   0.15  -0.15     0.00
  MONTH TO DATE    4.31                      3.44   0.87     5.73
  SINCE SEP 1      4.31                      3.44   0.87     5.73
  SINCE JAN 1     43.74                     30.84  12.90    37.64

SNOWFALL (IN)
  YESTERDAY        0.0           0.0    MM   0.0    0.0      0.0
  MONTH TO DATE    0.0                       0.0    0.0      0.0
  SINCE SEP 1      0.0                       0.0    0.0      0.0
  SINCE JUL 1      0.0                       0.0    0.0      0.0
  SNOW DEPTH       0

DEGREE DAYS
 HEATING
  YESTERDAY        0                         3     -3        0
  MONTH TO DATE    1                        30    -29       12
  SINCE SEP 1      1                        30    -29       12
  SINCE JUL 1      1                        32    -31       15

 COOLING
  YESTERDAY       14                         4     10       10
  MONTH TO DATE  196                       137     59      216
  SINCE SEP 1    196                       137     59      216
  SINCE JAN 1   1493                      1310    183     1291
..................................................................


WIND (MPH)
  HIGHEST WIND SPEED    18   HIGHEST WIND DIRECTION    SW (210)
  HIGHEST GUST SPEED    24   HIGHEST GUST DIRECTION    SW (220)
  AVERAGE WIND SPEED    11.3


SKY COVER
  POSSIBLE SUNSHINE  MM
  AVERAGE SKY COVER 0.5


WEATHER CONDITIONS
 THE FOLLOWING WEATHER WAS RECORDED YESTERDAY.
  HAZE


RELATIVE HUMIDITY (PERCENT)
 HIGHEST    84          1200 AM
 LOWEST     53           200 PM
 AVERAGE    69

..........................................................


THE KANSAS CITY INTERNATIONAL MO CLIMATE NORMALS FOR TODAY
                         NORMAL    RECORD    YEAR
 MAXIMUM TEMPERATURE (F)   76        96      1939
 MINIMUM TEMPERATURE (F)   54        34      1983


SUNRISE AND SUNSET
SEPTEMBER 23 2016.....SUNRISE   708 AM CDT   SUNSET   713 PM CDT
SEPTEMBER 24 2016.....SUNRISE   709 AM CDT   SUNSET   712 PM CDT


-  INDICATES NEGATIVE NUMBERS.
R  INDICATES RECORD WAS SET OR TIED.
MM INDICATES DATA IS MISSING.
T  INDICATES TRACE AMOUNT.


&&

...MISCELLANEOUS CLIMATE DATA FROM YESTERDAY...

LOCATION                HIGH    LOW      PRECIP
ST. JOSEPH               91      72       0.00
DOWNTOWN KANSAS CITY     91      71       0.00
OLATHE NEW CENTURY       88      68       0.00
OLATHE JO CO EXEC        86      67       0.00
LEES SUMMIT              88      69       0.00
KIRKSVILLE               88      67       0.00
CHILLICOTHE              89      71       0.00
SEDALIA                  89      67       0.00
NWS PLEASANT HILL MO     87      66       0.0


THIS PRODUCT...ALONG WITH OTHER WEATHER...HYDROLOGICAL AND CLIMATE
INFORMATION...IS AVAILABLE ON THE WEB AT HTTP://WWW.WEATHER.GOV/EAX
OR AT HTTP://WEATHER.GOV

$$

JL
