471
CDUS43 KEAX 170633
CLIMCI

CLIMATE REPORT
NATIONAL WEATHER SERVICE KANSAS CITY/PLEASANT HILL MO
132 AM CDT SUN SEP 17 2017


...................................

...THE KANSAS CITY INTERNATIONAL MO CLIMATE SUMMARY FOR SEPTEMBER 16 2017...

CLIMATE NORMAL PERIOD 1981 TO 2010
CLIMATE RECORD PERIOD 1888 TO 2017


WEATHER ITEM   OBSERVED TIME   RECORD YEAR NORMAL DEPARTURE LAST
                VALUE   (LST)  VALUE       VALUE  FROM      YEAR
                                                  NORMAL
..................................................................
TEMPERATURE (F)
 YESTERDAY
  MAXIMUM         88    147 PM  98    1931  79      9       72
  MINIMUM         69   1159 PM  40    1934  57     12       64
  AVERAGE         79                        68     11       68

PRECIPITATION (IN)
  YESTERDAY        0.35          4.39 2001   0.16   0.19     0.35
  MONTH TO DATE    0.35                      2.49  -2.14     4.31
  SINCE SEP 1      0.35                      2.49  -2.14     4.31
  SINCE JAN 1     38.24                     29.89   8.35    43.74

SNOWFALL (IN)
  YESTERDAY        0.0           0.0    MM   0.0    0.0      0.0
  MONTH TO DATE    0.0                       0.0    0.0      0.0
  SINCE SEP 1      0.0                       0.0    0.0      0.0
  SINCE JUL 1      0.0                       0.0    0.0      0.0
  SNOW DEPTH       0

DEGREE DAYS
 HEATING
  YESTERDAY        0                         2     -2        0
  MONTH TO DATE   10                        14     -4        1
  SINCE SEP 1     10                        14     -4        1
  SINCE JUL 1     14                        16     -2        1

 COOLING
  YESTERDAY       14                         5      9        3
  MONTH TO DATE   97                       112    -15      128
  SINCE SEP 1     97                       112    -15      128
  SINCE JAN 1   1175                      1285   -110     1425
..................................................................


WIND (MPH)
  HIGHEST WIND SPEED    26   HIGHEST WIND DIRECTION     S (170)
  HIGHEST GUST SPEED    39   HIGHEST GUST DIRECTION     S (190)
  AVERAGE WIND SPEED    11.7


SKY COVER
  POSSIBLE SUNSHINE  MM
  AVERAGE SKY COVER 0.6


WEATHER CONDITIONS
 THE FOLLOWING WEATHER WAS RECORDED YESTERDAY.
  THUNDERSTORM
  HEAVY RAIN
  LIGHT RAIN
  FOG
  HAZE


RELATIVE HUMIDITY (PERCENT)
 HIGHEST    93           800 PM
 LOWEST     57           100 PM
 AVERAGE    75

..........................................................


THE KANSAS CITY INTERNATIONAL MO CLIMATE NORMALS FOR TODAY
                         NORMAL    RECORD    YEAR
 MAXIMUM TEMPERATURE (F)   79        98      1953
 MINIMUM TEMPERATURE (F)   57        40      1980


SUNRISE AND SUNSET
SEPTEMBER 17 2017.....SUNRISE   702 AM CDT   SUNSET   724 PM CDT
SEPTEMBER 18 2017.....SUNRISE   703 AM CDT   SUNSET   722 PM CDT


-  INDICATES NEGATIVE NUMBERS.
R  INDICATES RECORD WAS SET OR TIED.
MM INDICATES DATA IS MISSING.
T  INDICATES TRACE AMOUNT.


&&

...MISCELLANEOUS CLIMATE DATA FROM YESTERDAY...

LOCATION                HIGH    LOW      PRECIP
ST. JOSEPH               84      65       0.07
DOWNTOWN KANSAS CITY     88      70       0.59
OLATHE NEW CENTURY       88      64       0.58
OLATHE JO CO EXEC        85      64       0.44
LEES SUMMIT              88      69       0.03
KIRKSVILLE               89      61       0.08
CHILLICOTHE              89      66       1.58
SEDALIA                  89      65       0.06
NWS PLEASANT HILL MO     87      66       0.02


THIS PRODUCT...ALONG WITH OTHER WEATHER...HYDROLOGICAL AND CLIMATE
INFORMATION...IS AVAILABLE ON THE WEB AT HTTP://WWW.WEATHER.GOV/EAX
OR AT HTTP://WEATHER.GOV

$$

73
