000
CDUS43 KEAX 260639
CLIMCI

CLIMATE REPORT
NATIONAL WEATHER SERVICE KANSAS CITY/PLEASANT HILL MO
1236 AM CST THU FEB 26 2015


...................................

...THE KANSAS CITY INTERNATIONAL MO CLIMATE SUMMARY FOR FEBRUARY 25 2015...

CLIMATE NORMAL PERIOD 1981 TO 2010
CLIMATE RECORD PERIOD 1888 TO 2015


WEATHER ITEM   OBSERVED TIME   RECORD YEAR NORMAL DEPARTURE LAST
                VALUE   (LST)  VALUE       VALUE  FROM      YEAR
                                                  NORMAL
..................................................................
TEMPERATURE (F)
 YESTERDAY
  MAXIMUM         54    300 PM  77    1995  47      7       27
  MINIMUM         18   1159 PM   0    2003  27     -9       15
  AVERAGE         36                        37     -1       21

PRECIPITATION (IN)
  YESTERDAY        0.01          1.03 1899   0.06  -0.05      T
  MONTH TO DATE    0.88                      1.29  -0.41     1.36
  SINCE DEC 1      3.92                      3.89   0.03     2.55
  SINCE JAN 1      2.08                      2.36  -0.28     1.75

SNOWFALL (IN)
  YESTERDAY        T            10.5  1993   0.2   -0.2       T
  MONTH TO DATE    7.5                       5.0    2.5     11.3
  SINCE DEC 1     12.4                      14.4   -2.0     22.6
  SINCE JUL 1     12.9                      15.8   -2.9     22.6
  SNOW DEPTH       0

DEGREE DAYS
 HEATING
  YESTERDAY       29                        28      1       44
  MONTH TO DATE  957                       800    157     1004
  SINCE DEC 1   2938                      2962    -24     3383
  SINCE JUL 1   4059                      3964     95     4448

 COOLING
  YESTERDAY        0                         0      0        0
  MONTH TO DATE    0                         0      0        0
  SINCE DEC 1      0                         0      0        0
  SINCE JAN 1      0                         0      0        0
..................................................................


WIND (MPH)
  HIGHEST WIND SPEED    33   HIGHEST WIND DIRECTION     N (350)
  HIGHEST GUST SPEED    42   HIGHEST GUST DIRECTION     N (360)
  AVERAGE WIND SPEED    13.2


SKY COVER
  POSSIBLE SUNSHINE  MM
  AVERAGE SKY COVER 0.6


WEATHER CONDITIONS
 THE FOLLOWING WEATHER WAS RECORDED YESTERDAY.
  LIGHT RAIN
  LT FREEZING RAIN
  LIGHT SNOW
  FOG


RELATIVE HUMIDITY (PERCENT)
 HIGHEST    81           500 AM
 LOWEST     35           100 PM
 AVERAGE    58

..........................................................


THE KANSAS CITY INTERNATIONAL MO CLIMATE NORMALS FOR TODAY
                         NORMAL    RECORD    YEAR
 MAXIMUM TEMPERATURE (F)   48        76      1896
 MINIMUM TEMPERATURE (F)   27        -8      1934


SUNRISE AND SUNSET
FEBRUARY 26 2015......SUNRISE   656 AM CST   SUNSET   608 PM CST
FEBRUARY 27 2015......SUNRISE   655 AM CST   SUNSET   609 PM CST


-  INDICATES NEGATIVE NUMBERS.
R  INDICATES RECORD WAS SET OR TIED.
MM INDICATES DATA IS MISSING.
T  INDICATES TRACE AMOUNT.




&&

...MISCELLANEOUS CLIMATE DATA FROM YESTERDAY...

LOCATION                HIGH    LOW      PRECIP
ST. JOSEPH               55      16       T
DOWNTOWN KANSAS CITY     55      21       T
OLATHE NEW CENTURY       52      19       T
OLATHE JO CO EXEC        52      20       T
LEES SUMMIT              53      21       T
KIRKSVILLE               41      17       0.05
CHILLICOTHE              50      19       0.14
SEDALIA                  51      24       T
NWS PLEASANT HILL MO     54      18       T


THIS PRODUCT...ALONG WITH OTHER WEATHER...HYDROLOGICAL AND CLIMATE
INFORMATION...IS AVAILABLE ON THE WEB AT HTTP://WWW.CRH.NOAA.GOV/EAX
OR AT HTTP://WEATHER.GOV

$$
