000
CDUS43 KEAX 310032
CLIMCI

CLIMATE REPORT
NATIONAL WEATHER SERVICE KANSAS CITY/PLEASANT HILL MO
732 PM CDT SAT MAY 30 2015


...................................

...THE KANSAS CITY INTERNATIONAL MO CLIMATE SUMMARY FOR MAY 30 2015...
VALID TODAY AS OF 0700 PM LOCAL TIME.

CLIMATE NORMAL PERIOD 1981 TO 2010
CLIMATE RECORD PERIOD 1888 TO 2015


WEATHER ITEM   OBSERVED TIME   RECORD YEAR NORMAL DEPARTURE LAST
                VALUE   (LST)  VALUE       VALUE  FROM      YEAR
                                                  NORMAL
..................................................................
TEMPERATURE (F)
 TODAY
  MAXIMUM         65    126 AM 103    1934  79    -14       86
  MINIMUM         54    825 AM  42    1984  59     -5       68
  AVERAGE         60                        69     -9       77

PRECIPITATION (IN)
  TODAY            0.07          1.82 1982   0.17  -0.10      T
  MONTH TO DATE   10.25                      5.06   5.19     1.28
  SINCE MAR 1     14.42                     11.13   3.29     6.82
  SINCE JAN 1     16.60                     13.66   2.94     8.57

SNOWFALL (IN)
  TODAY            0.0           0.0    MM   0.0    0.0      0.0
  MONTH TO DATE    0.0                       0.0    0.0      0.0
  SINCE MAR 1      T                         2.6   -2.6      3.6
  SINCE JUL 1     14.2                      18.8   -4.6     26.2
  SNOW DEPTH       0

DEGREE DAYS
 HEATING
  TODAY            5                         1      4        0
  MONTH TO DATE   94                       103     -9      113
  SINCE MAR 1    900                      1078   -178     1219
  SINCE JUL 1   5114                      5123     -9     5785

 COOLING
  TODAY            0                         5     -5       12
  MONTH TO DATE   59                        82    -23      141
  SINCE MAR 1     68                       110    -42      150
  SINCE JAN 1     68                       110    -42      150
..................................................................


WIND (MPH)
  HIGHEST WIND SPEED    20   HIGHEST WIND DIRECTION     N (350)
  HIGHEST GUST SPEED    24   HIGHEST GUST DIRECTION     N (340)
  AVERAGE WIND SPEED     9.6


SKY COVER
  POSSIBLE SUNSHINE  MM
  AVERAGE SKY COVER 1.0


WEATHER CONDITIONS
 THE FOLLOWING WEATHER WAS RECORDED TODAY.
  LIGHT RAIN
  FOG


RELATIVE HUMIDITY (PERCENT)
 HIGHEST   100          1200 AM
 LOWEST     84           200 PM
 AVERAGE    92

..........................................................


THE KANSAS CITY INTERNATIONAL MO CLIMATE NORMALS FOR TOMORROW
                         NORMAL    RECORD    YEAR
 MAXIMUM TEMPERATURE (F)   79       102      1934
 MINIMUM TEMPERATURE (F)   59        42      1889


SUNRISE AND SUNSET
MAY 30 2015...........SUNRISE   555 AM CDT   SUNSET   838 PM CDT
MAY 31 2015...........SUNRISE   555 AM CDT   SUNSET   839 PM CDT


-  INDICATES NEGATIVE NUMBERS.
R  INDICATES RECORD WAS SET OR TIED.
MM INDICATES DATA IS MISSING.
T  INDICATES TRACE AMOUNT.




&&

...MISCELLANEOUS CLIMATE DATA FROM TODAY...

LOCATION                HIGH    LOW      PRECIP
ST. JOSEPH               66      54       0.01
DOWNTOWN KANSAS CITY     67      57       0.02
OLATHE NEW CENTURY       65      54       0.01
OLATHE JO CO EXEC        65      56       0.01
LEES SUMMIT              65      57       0.00
KIRKSVILLE               66      61       0.09
CHILLICOTHE              66      60       0.01
SEDALIA                  69      63       0.00
NWS PLEASANT HILL MO     64      58       T


THIS PRODUCT...ALONG WITH OTHER WEATHER...HYDROLOGICAL AND CLIMATE
INFORMATION...IS AVAILABLE ON THE WEB AT HTTP://WWW.CRH.NOAA.GOV/EAX
OR AT HTTP://WEATHER.GOV

$$
