000
CDUS43 KEAX 160641
CLIMCI

CLIMATE REPORT
NATIONAL WEATHER SERVICE KANSAS CITY/PLEASANT HILL MO
132 AM CDT WED APR 16 2014


...................................

...THE KANSAS CITY INTERNATIONAL MO CLIMATE SUMMARY FOR APRIL 15 2014...

CLIMATE NORMAL PERIOD 1981 TO 2010
CLIMATE RECORD PERIOD 1888 TO 2014


WEATHER ITEM   OBSERVED TIME   RECORD YEAR NORMAL DEPARTURE LAST
                VALUE   (LST)  VALUE       VALUE  FROM      YEAR
                                                  NORMAL
..................................................................
TEMPERATURE (F)
 YESTERDAY
  MAXIMUM         54    447 PM  88    2002  66    -12       52
                                      1924
  MINIMUM         29    627 AM  22    1983  44    -15       42
  AVERAGE         42                        55    -13       47

PRECIPITATION (IN)
  YESTERDAY        0.00          4.66 1939   0.13  -0.13      T
  MONTH TO DATE    1.24                      1.61  -0.37     2.26
  SINCE MAR 1      2.85                      3.98  -1.13     4.21
  SINCE JAN 1      4.60                      6.51  -1.91     7.10

SNOWFALL (IN)
  YESTERDAY        0.0           1.2  1905   0.0    0.0      0.0
  MONTH TO DATE    0.1                       0.4   -0.3      0.0
  SINCE MAR 1      3.5                       2.4    1.1      6.1
  SINCE JUL 1     26.1                      18.6    7.5     31.3
  SNOW DEPTH       0

DEGREE DAYS
 HEATING
  YESTERDAY       23                        11     12       18
  MONTH TO DATE  225                       198     27      229
  SINCE MAR 1    990                       844    146     1065
  SINCE JUL 1   5556                      4889    667     4797

 COOLING
  YESTERDAY        0                         1     -1        0
  MONTH TO DATE    6                         9     -3        0
  SINCE MAR 1      6                        12     -6        0
  SINCE JAN 1      6                        12     -6        0
..................................................................


WIND (MPH)
  HIGHEST WIND SPEED    22   HIGHEST WIND DIRECTION     S (170)
  HIGHEST GUST SPEED    29   HIGHEST GUST DIRECTION     S (160)
  AVERAGE WIND SPEED     7.5


SKY COVER
  POSSIBLE SUNSHINE  MM
  AVERAGE SKY COVER 0.4


WEATHER CONDITIONS
 THE FOLLOWING WEATHER WAS RECORDED YESTERDAY.
  NO SIGNIFICANT WEATHER WAS OBSERVED.


RELATIVE HUMIDITY (PERCENT)
 HIGHEST    78           700 AM
 LOWEST     30           300 PM
 AVERAGE    54

..........................................................


THE KANSAS CITY INTERNATIONAL MO CLIMATE NORMALS FOR TODAY
                         NORMAL    RECORD    YEAR
 MAXIMUM TEMPERATURE (F)   66        86      1967
 MINIMUM TEMPERATURE (F)   44        28      1921


SUNRISE AND SUNSET
APRIL 16 2014.........SUNRISE   640 AM CDT   SUNSET   757 PM CDT
APRIL 17 2014.........SUNRISE   639 AM CDT   SUNSET   758 PM CDT


-  INDICATES NEGATIVE NUMBERS.
R  INDICATES RECORD WAS SET OR TIED.
MM INDICATES DATA IS MISSING.
T  INDICATES TRACE AMOUNT.



&&

...MISCELLANEOUS CLIMATE DATA FROM YESTERDAY...

LOCATION                HIGH    LOW      PRECIP
ST. JOSEPH               54      23       0.00
DOWNTOWN KANSAS CITY     56      31       0.00
OLATHE NEW CENTURY       55      25       0.00
OLATHE JO CO EXEC        53      26       0.00
LEES SUMMIT              53      28       0.00
KIRKSVILLE               49      21       0.00
CHILLICOTHE              52      23       0.00
SEDALIA                  51      30       0.00
NWS PLEASANT HILL MO     54      29       0.00


THIS PRODUCT...ALONG WITH OTHER WEATHER...HYDROLOGICAL AND CLIMATE
INFORMATION...IS AVAILABLE ON THE WEB AT HTTP://WWW.CRH.NOAA.GOV/EAX
OR AT HTTP://WEATHER.GOV

$$
