000
CDUS43 KEAX 192125
CLIMCI

CLIMATE REPORT
NATIONAL WEATHER SERVICE KANSAS CITY/PLEASANT HILL MO
424 PM CDT SAT APR 19 2014


...................................

...THE KANSAS CITY INTERNATIONAL MO CLIMATE SUMMARY FOR APRIL 19 2014...
VALID AS OF 0400 PM LOCAL TIME.

CLIMATE NORMAL PERIOD 1981 TO 2010
CLIMATE RECORD PERIOD 1888 TO 2014


WEATHER ITEM   OBSERVED TIME   RECORD YEAR NORMAL DEPARTURE LAST
                VALUE   (LST)  VALUE       VALUE  FROM      YEAR
                                                  NORMAL
..................................................................
TEMPERATURE (F)
 TODAY
  MAXIMUM         77    259 PM  89    1987  67     10       52
  MINIMUM         50    517 AM  30    1953  45      5       31
  AVERAGE         64                        56      8       42

PRECIPITATION (IN)
  TODAY            0.00          2.50 2003   0.13  -0.13     0.00
  MONTH TO DATE    1.24                      2.10  -0.86     2.80
  SINCE MAR 1      2.85                      4.47  -1.62     4.75
  SINCE JAN 1      4.60                      7.00  -2.40     7.64

SNOWFALL (IN)
  TODAY            0.0           0.0    MM   0.0    0.0      0.0
  MONTH TO DATE    0.1                       0.5   -0.4       T
  SINCE MAR 1      3.5                       2.5    1.0      6.1
  SINCE JUL 1     26.1                      18.7    7.4     31.3
  SNOW DEPTH       0

DEGREE DAYS
 HEATING
  TODAY            1                        10     -9       23
  MONTH TO DATE  273                       240     33      315
  SINCE MAR 1   1038                       886    152     1151
  SINCE JUL 1   5604                      4931    673     4883

 COOLING
  TODAY            0                         1     -1        0
  MONTH TO DATE    6                        13     -7        0
  SINCE MAR 1      6                        16    -10        0
  SINCE JAN 1      6                        16    -10        0
..................................................................


WIND (MPH)
  HIGHEST WIND SPEED    26   HIGHEST WIND DIRECTION     S (190)
  HIGHEST GUST SPEED    33   HIGHEST GUST DIRECTION     S (190)
  AVERAGE WIND SPEED    14.6


SKY COVER
  POSSIBLE SUNSHINE  MM
  AVERAGE SKY COVER 0.4


WEATHER CONDITIONS
 THE FOLLOWING WEATHER WAS RECORDED TODAY.
  NO SIGNIFICANT WEATHER WAS OBSERVED.


RELATIVE HUMIDITY (PERCENT)
 HIGHEST    64          1200 AM
 LOWEST     31           300 PM
 AVERAGE    48

..........................................................


THE KANSAS CITY INTERNATIONAL MO CLIMATE NORMALS FOR TOMORROW
                         NORMAL    RECORD    YEAR
 MAXIMUM TEMPERATURE (F)   67        90      1902
 MINIMUM TEMPERATURE (F)   46        29      1953


SUNRISE AND SUNSET
APRIL 19 2014.........SUNRISE   636 AM CDT   SUNSET   800 PM CDT
APRIL 20 2014.........SUNRISE   635 AM CDT   SUNSET   801 PM CDT


-  INDICATES NEGATIVE NUMBERS.
R  INDICATES RECORD WAS SET OR TIED.
MM INDICATES DATA IS MISSING.
T  INDICATES TRACE AMOUNT.



&&

...MISCELLANEOUS CLIMATE DATA FROM TODAY...

LOCATION                HIGH    LOW      PRECIP
ST. JOSEPH               80      44       0.00
DOWNTOWN KANSAS CITY     78      55       0.00
OLATHE NEW CENTURY       76      48       0.00
OLATHE JO CO EXEC        75      49       0.00
LEES SUMMIT              76      52       0.00
KIRKSVILLE               78      44       0.00
CHILLICOTHE              77      49       0.00
SEDALIA                  78      50       0.00
NWS PLEASANT HILL MO     76      48       0.00


THIS PRODUCT...ALONG WITH OTHER WEATHER...HYDROLOGICAL AND CLIMATE
INFORMATION...IS AVAILABLE ON THE WEB AT HTTP://WWW.CRH.NOAA.GOV/EAX
OR AT HTTP://WEATHER.GOV

$$

DUX
