000
CDUS43 KEAX 270643
CLIMCI

CLIMATE REPORT
NATIONAL WEATHER SERVICE KANSAS CITY/PLEASANT HILL MO
142 AM CDT TUE JUN 27 2017


...................................

...THE KANSAS CITY INTERNATIONAL MO CLIMATE SUMMARY FOR JUNE 26 2017...

CLIMATE NORMAL PERIOD 1981 TO 2010
CLIMATE RECORD PERIOD 1888 TO 2017


WEATHER ITEM   OBSERVED TIME   RECORD YEAR NORMAL DEPARTURE LAST
                VALUE   (LST)  VALUE       VALUE  FROM      YEAR
                                                  NORMAL
..................................................................
TEMPERATURE (F)
 YESTERDAY
  MAXIMUM         74    153 AM 103    1936  86    -12       90
                                      1934
  MINIMUM         53        MM  52    2004  67    -14       71
  AVERAGE         64                        76    -12       81

PRECIPITATION (IN)
  YESTERDAY        0.46          2.58 1921   0.17   0.29     0.01
  MONTH TO DATE    3.38                      4.57  -1.19     0.61
  SINCE JUN 1      3.38                      4.57  -1.19     0.61
  SINCE JAN 1     19.65                     18.40   1.25    21.14

SNOWFALL (IN)
  YESTERDAY        0.0           0.0    MM   0.0    0.0      0.0
  MONTH TO DATE    0.0                       0.0    0.0      0.0
  SINCE JUN 1      0.0                       0.0    0.0      0.0
  SINCE JUL 1      4.9                      18.8  -13.9      5.9
  SNOW DEPTH       0

DEGREE DAYS
 HEATING
  YESTERDAY        1                         0      1        0
  MONTH TO DATE    1                         7     -6        0
  SINCE JUN 1      1                         7     -6        0
  SINCE JUL 1   4147                      5131   -984     4162

 COOLING
  YESTERDAY        0                        11    -11       16
  MONTH TO DATE  264                       219     45      365
  SINCE JUN 1    264                       219     45      365
  SINCE JAN 1    375                       335     40      436
..................................................................


WIND (MPH)
  HIGHEST WIND SPEED    20   HIGHEST WIND DIRECTION     S (170)
  HIGHEST GUST SPEED    23   HIGHEST GUST DIRECTION     N (20)
  AVERAGE WIND SPEED     7.5


SKY COVER
  POSSIBLE SUNSHINE  MM
  AVERAGE SKY COVER 0.5


WEATHER CONDITIONS
 THE FOLLOWING WEATHER WAS RECORDED YESTERDAY.
  THUNDERSTORM
  HEAVY RAIN
  RAIN
  LIGHT RAIN
  FOG


RELATIVE HUMIDITY (PERCENT)
 HIGHEST   100           400 AM
 LOWEST     61           400 PM
 AVERAGE    81

..........................................................


THE KANSAS CITY INTERNATIONAL MO CLIMATE NORMALS FOR TODAY
                         NORMAL    RECORD    YEAR
 MAXIMUM TEMPERATURE (F)   86       105      1980
 MINIMUM TEMPERATURE (F)   67        52      1968


SUNRISE AND SUNSET
JUNE 27 2017..........SUNRISE   554 AM CDT   SUNSET   850 PM CDT
JUNE 28 2017..........SUNRISE   555 AM CDT   SUNSET   850 PM CDT


-  INDICATES NEGATIVE NUMBERS.
R  INDICATES RECORD WAS SET OR TIED.
MM INDICATES DATA IS MISSING.
T  INDICATES TRACE AMOUNT.


&&

...MISCELLANEOUS CLIMATE DATA FROM YESTERDAY...

LOCATION                HIGH    LOW      PRECIP
ST. JOSEPH               70      53       0.66
DOWNTOWN KANSAS CITY     75      54       0.07
OLATHE NEW CENTURY       72      50       0.08
OLATHE JO CO EXEC        70      50       0.01
LEES SUMMIT              73      53       0.17
KIRKSVILLE               73      48       0.01
CHILLICOTHE              72      49       0.13
SEDALIA                  77      53       0.45
NWS PLEASANT HILL MO     73      51       0.01


THIS PRODUCT...ALONG WITH OTHER WEATHER...HYDROLOGICAL AND CLIMATE
INFORMATION...IS AVAILABLE ON THE WEB AT HTTP://WWW.WEATHER.GOV/EAX
OR AT HTTP://WEATHER.GOV

$$
