000
CDUS43 KEAX 270038
CLIMCI

CLIMATE REPORT
NATIONAL WEATHER SERVICE KANSAS CITY/PLEASANT HILL MO
736 PM CDT SUN JUL 26 2015


...................................

...THE KANSAS CITY INTERNATIONAL MO CLIMATE SUMMARY FOR JULY 26 2015...
VALID TODAY AS OF 0700 PM LOCAL TIME.

CLIMATE NORMAL PERIOD 1981 TO 2010
CLIMATE RECORD PERIOD 1888 TO 2015


WEATHER ITEM   OBSERVED TIME   RECORD YEAR NORMAL DEPARTURE LAST
                VALUE   (LST)  VALUE       VALUE  FROM      YEAR
                                                  NORMAL
..................................................................
TEMPERATURE (F)
 TODAY
  MAXIMUM         91    434 PM 106    1936  89      2       89
  MINIMUM         72    804 AM  55    1962  69      3       74
  AVERAGE         82                        79      3       82

PRECIPITATION (IN)
  TODAY            0.25          2.20 1981   0.12   0.13      T
  MONTH TO DATE    5.44                      3.85   1.59     3.04
  SINCE JUN 1     13.02                      9.08   3.94     9.95
  SINCE JAN 1     29.62                     22.91   6.71    18.57

SNOWFALL (IN)
  TODAY            0.0           0.0    MM   0.0    0.0      0.0
  MONTH TO DATE    0.0                       0.0    0.0      0.0
  SINCE JUN 1      0.0                       0.0    0.0      0.0
  SINCE JUL 1      0.0                       0.0    0.0      0.0
  SNOW DEPTH       0

DEGREE DAYS
 HEATING
  TODAY            0                         0      0        0
  MONTH TO DATE    2                         0      2        2
  SINCE JUN 1      5                         9     -4        3
  SINCE JUL 1      2                         0      2        2

 COOLING
  TODAY           17                        14      3       17
  MONTH TO DATE  326                       349    -23      251
  SINCE JUN 1    631                       615     16      528
  SINCE JAN 1    699                       731    -32      689
..................................................................


WIND (MPH)
  HIGHEST WIND SPEED    21   HIGHEST WIND DIRECTION    NE (40)
  HIGHEST GUST SPEED    25   HIGHEST GUST DIRECTION    NE (40)
  AVERAGE WIND SPEED     8.0


SKY COVER
  POSSIBLE SUNSHINE  MM
  AVERAGE SKY COVER 0.8


WEATHER CONDITIONS
 THE FOLLOWING WEATHER WAS RECORDED TODAY.
  THUNDERSTORM
  HEAVY RAIN
  LIGHT RAIN
  FOG


RELATIVE HUMIDITY (PERCENT)
 HIGHEST   100           300 AM
 LOWEST     64           400 PM
 AVERAGE    82

..........................................................


THE KANSAS CITY INTERNATIONAL MO CLIMATE NORMALS FOR TOMORROW
                         NORMAL    RECORD    YEAR
 MAXIMUM TEMPERATURE (F)   89       108      1936
 MINIMUM TEMPERATURE (F)   69        55      2013
                                             1994


SUNRISE AND SUNSET
JULY 26 2015..........SUNRISE   613 AM CDT   SUNSET   837 PM CDT
JULY 27 2015..........SUNRISE   614 AM CDT   SUNSET   836 PM CDT


-  INDICATES NEGATIVE NUMBERS.
R  INDICATES RECORD WAS SET OR TIED.
MM INDICATES DATA IS MISSING.
T  INDICATES TRACE AMOUNT.


&&

...MISCELLANEOUS CLIMATE DATA FROM TODAY...

LOCATION                HIGH    LOW      PRECIP
ST. JOSEPH               90      72       0.06
DOWNTOWN KANSAS CITY     94      77       T
OLATHE NEW CENTURY       94      77       T
OLATHE JO CO EXEC        92      77       0.01
LEES SUMMIT              93      77       0.05
KIRKSVILLE               90      71       1.18
CHILLICOTHE              92      73       0.15
SEDALIA                  94      78       T
NWS PLEASANT HILL MO     93      77       0.00


THIS PRODUCT...ALONG WITH OTHER WEATHER...HYDROLOGICAL AND CLIMATE
INFORMATION...IS AVAILABLE ON THE WEB AT HTTP://WWW.WEATHER.GOV/EAX
OR AT HTTP://WEATHER.GOV

$$

PM
