000
CDUS43 KEAX 270653
CLIMCI

CLIMATE REPORT
NATIONAL WEATHER SERVICE KANSAS CITY/PLEASANT HILL MO
152 AM CDT THU AUG 27 2015


...................................

...THE KANSAS CITY INTERNATIONAL MO CLIMATE SUMMARY FOR AUGUST 26 2015...

CLIMATE NORMAL PERIOD 1981 TO 2010
CLIMATE RECORD PERIOD 1888 TO 2015


WEATHER ITEM   OBSERVED TIME   RECORD YEAR NORMAL DEPARTURE LAST
                VALUE   (LST)  VALUE       VALUE  FROM      YEAR
                                                  NORMAL
..................................................................
TEMPERATURE (F)
 YESTERDAY
  MAXIMUM         82    330 PM 106    1936  86     -4       89
  MINIMUM         63    558 AM  53    1910  65     -2       71
  AVERAGE         73                        76     -3       80

PRECIPITATION (IN)
  YESTERDAY        0.00          1.69 1942   0.14  -0.14     0.00
  MONTH TO DATE    0.97                      3.22  -2.25     4.74
  SINCE JUN 1     15.30                     12.90   2.40    14.69
  SINCE JAN 1     31.90                     26.73   5.17    23.31

SNOWFALL (IN)
  YESTERDAY        0.0           0.0    MM   0.0    0.0      0.0
  MONTH TO DATE    0.0                       0.0    0.0      0.0
  SINCE JUN 1      0.0                       0.0    0.0      0.0
  SINCE JUL 1      0.0                       0.0    0.0      0.0
  SNOW DEPTH       0

DEGREE DAYS
 HEATING
  YESTERDAY        0                         0      0        0
  MONTH TO DATE    1                         0      1        0
  SINCE JUN 1      6                         9     -3        3
  SINCE JUL 1      3                         0      3        2

 COOLING
  YESTERDAY        8                        11     -3       15
  MONTH TO DATE  259                       325    -66      328
  SINCE JUN 1    962                      1005    -43      891
  SINCE JAN 1   1030                      1121    -91     1052
..................................................................


WIND (MPH)
  HIGHEST WIND SPEED    14   HIGHEST WIND DIRECTION    SE (150)
  HIGHEST GUST SPEED    20   HIGHEST GUST DIRECTION    SE (140)
  AVERAGE WIND SPEED     7.7


SKY COVER
  POSSIBLE SUNSHINE  MM
  AVERAGE SKY COVER 0.3


WEATHER CONDITIONS
 THE FOLLOWING WEATHER WAS RECORDED YESTERDAY.
  NO SIGNIFICANT WEATHER WAS OBSERVED.


RELATIVE HUMIDITY (PERCENT)
 HIGHEST    73           300 AM
 LOWEST     43           300 PM
 AVERAGE    58

..........................................................


THE KANSAS CITY INTERNATIONAL MO CLIMATE NORMALS FOR TODAY
                         NORMAL    RECORD    YEAR
 MAXIMUM TEMPERATURE (F)   86       104      1936
 MINIMUM TEMPERATURE (F)   65        53      1967


SUNRISE AND SUNSET
AUGUST 27 2015........SUNRISE   643 AM CDT   SUNSET   758 PM CDT
AUGUST 28 2015........SUNRISE   643 AM CDT   SUNSET   756 PM CDT


-  INDICATES NEGATIVE NUMBERS.
R  INDICATES RECORD WAS SET OR TIED.
MM INDICATES DATA IS MISSING.
T  INDICATES TRACE AMOUNT.


&&

...MISCELLANEOUS CLIMATE DATA FROM YESTERDAY...

LOCATION                HIGH    LOW      PRECIP
ST. JOSEPH               81      54       0.00
DOWNTOWN KANSAS CITY     84      62       0.00
OLATHE NEW CENTURY       83      62       0.00
OLATHE JO CO EXEC        82      61       0.00
LEES SUMMIT              82      60       0.00
KIRKSVILLE               79      48       0.00
CHILLICOTHE              81      53       0.00
SEDALIA                  83      56       0.00
NWS PLEASANT HILL MO     82      59       0.00


THIS PRODUCT...ALONG WITH OTHER WEATHER...HYDROLOGICAL AND CLIMATE
INFORMATION...IS AVAILABLE ON THE WEB AT HTTP://WWW.WEATHER.GOV/EAX
OR AT HTTP://WEATHER.GOV

$$
