000
CDUS43 KEAX 200033
CLIMCI

CLIMATE REPORT
NATIONAL WEATHER SERVICE KANSAS CITY/PLEASANT HILL MO
632 PM CST FRI JAN 19 2018


...................................

...THE KANSAS CITY INTERNATIONAL MO CLIMATE SUMMARY FOR JANUARY 19 2018...
VALID TODAY AS OF 0600 PM LOCAL TIME.

CLIMATE NORMAL PERIOD 1981 TO 2010
CLIMATE RECORD PERIOD 1888 TO 2018


WEATHER ITEM   OBSERVED TIME   RECORD YEAR NORMAL DEPARTURE LAST
                VALUE   (LST)  VALUE       VALUE  FROM      YEAR
                                                  NORMAL
..................................................................
TEMPERATURE (F)
 TODAY
  MAXIMUM         50    326 PM  66    1906  38     12       48
  MINIMUM         30    749 AM -17    1892  19     11       42
  AVERAGE         40                        29     11       45

PRECIPITATION (IN)
  TODAY            0.00          1.25 1907   0.03  -0.03     0.01
  MONTH TO DATE    0.53                      0.60  -0.07     1.33
  SINCE DEC 1      0.72                      2.13  -1.41     2.52
  SINCE JAN 1      0.53                      0.60  -0.07     1.33

SNOWFALL (IN)
  TODAY            0.0           7.0  2011   0.2   -0.2      0.0
  MONTH TO DATE    2.5                       2.7   -0.2      2.2
  SINCE DEC 1      4.7                       7.5   -2.8      4.5
  SINCE JUL 1      4.7                       8.9   -4.2      4.5
  SNOW DEPTH       1

DEGREE DAYS
 HEATING
  TODAY           25                        36    -11       20
  MONTH TO DATE  823                       684    139      691
  SINCE DEC 1   1834                      1724    110     1764
  SINCE JUL 1   2714                      2726    -12     2348

 COOLING
  TODAY            0                         0      0        0
  MONTH TO DATE    0                         0      0        0
  SINCE DEC 1      0                         0      0        0
  SINCE JAN 1      0                         0      0        0
..................................................................


WIND (MPH)
  HIGHEST WIND SPEED    26   HIGHEST WIND DIRECTION     S (200)
  HIGHEST GUST SPEED    32   HIGHEST GUST DIRECTION     S (200)
  AVERAGE WIND SPEED    17.2


SKY COVER
  POSSIBLE SUNSHINE  MM
  AVERAGE SKY COVER 0.6


WEATHER CONDITIONS
 THE FOLLOWING WEATHER WAS RECORDED TODAY.
  NO SIGNIFICANT WEATHER WAS OBSERVED.


RELATIVE HUMIDITY (PERCENT)
 HIGHEST    58           600 AM
 LOWEST     39           200 PM
 AVERAGE    49

..........................................................


THE KANSAS CITY INTERNATIONAL MO CLIMATE NORMALS FOR TOMORROW
                         NORMAL    RECORD    YEAR
 MAXIMUM TEMPERATURE (F)   38        69      1906
 MINIMUM TEMPERATURE (F)   19       -14      1985


SUNRISE AND SUNSET
JANUARY 19 2018.......SUNRISE   735 AM CST   SUNSET   524 PM CST
JANUARY 20 2018.......SUNRISE   735 AM CST   SUNSET   526 PM CST


-  INDICATES NEGATIVE NUMBERS.
R  INDICATES RECORD WAS SET OR TIED.
MM INDICATES DATA IS MISSING.
T  INDICATES TRACE AMOUNT.


&&

...MISCELLANEOUS CLIMATE DATA FROM TODAY...

LOCATION                HIGH    LOW      PRECIP
ST. JOSEPH               47      30       0.00
DOWNTOWN KANSAS CITY     53      32       0.00
OLATHE NEW CENTURY       47      29       0.00
OLATHE JO CO EXEC        47      27       0.00
LEES SUMMIT              50      30       0.00
KIRKSVILLE               47      30       0.00
CHILLICOTHE              50      29       0.00
SEDALIA                  54      32       0.00
NWS PLEASANT HILL MO     49      29       0.00


THIS PRODUCT...ALONG WITH OTHER WEATHER...HYDROLOGICAL AND CLIMATE
INFORMATION...IS AVAILABLE ON THE WEB AT HTTP://WWW.WEATHER.GOV/EAX
OR AT HTTP://WEATHER.GOV

$$
