628
CDUS43 KEAX 270646
CLIMCI

CLIMATE REPORT
NATIONAL WEATHER SERVICE KANSAS CITY/PLEASANT HILL MO
136 AM CDT THU JUL 27 2017


...................................

...THE KANSAS CITY INTERNATIONAL MO CLIMATE SUMMARY FOR JULY 26 2017...

CLIMATE NORMAL PERIOD 1981 TO 2010
CLIMATE RECORD PERIOD 1888 TO 2017


WEATHER ITEM   OBSERVED TIME   RECORD YEAR NORMAL DEPARTURE LAST
                VALUE   (LST)  VALUE       VALUE  FROM      YEAR
                                                  NORMAL
..................................................................
TEMPERATURE (F)
 YESTERDAY
  MAXIMUM         82    327 PM 106    1936  89     -7       88
  MINIMUM         73   1159 PM  55    1962  69      4       68
  AVERAGE         78                        79     -1       78

PRECIPITATION (IN)
  YESTERDAY        2.94R         2.20 1981   0.12   2.82     0.00
  MONTH TO DATE    3.54                      3.85  -0.31     7.74
  SINCE JUN 1      9.97                      9.08   0.89     8.72
  SINCE JAN 1     26.24                     22.91   3.33    29.25

SNOWFALL (IN)
  YESTERDAY        0.0           0.0    MM   0.0    0.0      0.0
  MONTH TO DATE    0.0                       0.0    0.0      0.0
  SINCE JUN 1      0.0                       0.0    0.0      0.0
  SINCE JUL 1      0.0                       0.0    0.0      0.0
  SNOW DEPTH       0

DEGREE DAYS
 HEATING
  YESTERDAY        0                         0      0        0
  MONTH TO DATE    0                         0      0        0
  SINCE JUN 1      1                         9     -8        0
  SINCE JUL 1      0                         0      0        0

 COOLING
  YESTERDAY       13                        14     -1       13
  MONTH TO DATE  395                       349     46      371
  SINCE JUN 1    694                       615     79      788
  SINCE JAN 1    805                       731     74      859
..................................................................


WIND (MPH)
  HIGHEST WIND SPEED    17   HIGHEST WIND DIRECTION    NW (300)
  HIGHEST GUST SPEED    27   HIGHEST GUST DIRECTION     W (280)
  AVERAGE WIND SPEED     7.7


SKY COVER
  POSSIBLE SUNSHINE  MM
  AVERAGE SKY COVER 0.7


WEATHER CONDITIONS
 THE FOLLOWING WEATHER WAS RECORDED YESTERDAY.
  THUNDERSTORM
  HEAVY RAIN
  RAIN
  LIGHT RAIN
  FOG
  HAZE


RELATIVE HUMIDITY (PERCENT)
 HIGHEST   100           900 PM
 LOWEST     79          1200 AM
 AVERAGE    90

..........................................................


THE KANSAS CITY INTERNATIONAL MO CLIMATE NORMALS FOR TODAY
                         NORMAL    RECORD    YEAR
 MAXIMUM TEMPERATURE (F)   89       108      1936
 MINIMUM TEMPERATURE (F)   69        55      2013
                                             1994


SUNRISE AND SUNSET
JULY 27 2017..........SUNRISE   615 AM CDT   SUNSET   836 PM CDT
JULY 28 2017..........SUNRISE   616 AM CDT   SUNSET   835 PM CDT


-  INDICATES NEGATIVE NUMBERS.
R  INDICATES RECORD WAS SET OR TIED.
MM INDICATES DATA IS MISSING.
T  INDICATES TRACE AMOUNT.


&&

...MISCELLANEOUS CLIMATE DATA FROM YESTERDAY...

LOCATION                HIGH    LOW      PRECIP
ST. JOSEPH               82      76       0.17
DOWNTOWN KANSAS CITY     85      74       1.78
OLATHE NEW CENTURY       82      76       0.66
OLATHE JO CO EXEC        81      74       0.75
LEES SUMMIT              83      73       1.60
KIRKSVILLE               85      70       T
CHILLICOTHE              84      74       0.19
SEDALIA                  89      73       0.19
NWS PLEASANT HILL MO     83      73       0.94


THIS PRODUCT...ALONG WITH OTHER WEATHER...HYDROLOGICAL AND CLIMATE
INFORMATION...IS AVAILABLE ON THE WEB AT HTTP://WWW.WEATHER.GOV/EAX
OR AT HTTP://WEATHER.GOV

$$
