000
CDUS43 KEAX 020639
CLIMCI

CLIMATE REPORT
NATIONAL WEATHER SERVICE KANSAS CITY/PLEASANT HILL MO
138 AM CDT TUE JUN 2 2015


...................................

...THE KANSAS CITY INTERNATIONAL MO CLIMATE SUMMARY FOR JUNE 1 2015...

CLIMATE NORMAL PERIOD 1981 TO 2010
CLIMATE RECORD PERIOD 1888 TO 2015


WEATHER ITEM   OBSERVED TIME   RECORD YEAR NORMAL DEPARTURE LAST
                VALUE   (LST)  VALUE       VALUE  FROM      YEAR
                                                  NORMAL
..................................................................
TEMPERATURE (F)
 YESTERDAY
  MAXIMUM         66    407 PM 101    1934  80    -14       86
  MINIMUM         57    611 AM  43    1983  59     -2       63
  AVERAGE         62                        69     -7       75

PRECIPITATION (IN)
  YESTERDAY        0.00          1.97 1892   0.18  -0.18     1.25
  MONTH TO DATE    0.00                      0.18  -0.18     1.25
  SINCE JUN 1      0.00                      0.18  -0.18     1.25
  SINCE JAN 1     16.60                     14.01   2.59     9.87

SNOWFALL (IN)
  YESTERDAY        0.0           0.0    MM   0.0    0.0      0.0
  MONTH TO DATE    0.0                       0.0    0.0      0.0
  SINCE JUN 1      0.0                       0.0    0.0      0.0
  SINCE JUL 1     14.2                      18.8   -4.6     26.2
  SNOW DEPTH       0

DEGREE DAYS
 HEATING
  YESTERDAY        3                         1      2        0
  MONTH TO DATE    3                         1      2        0
  SINCE JUN 1      3                         1      2        0
  SINCE JUL 1   5119                      5125     -6     5785

 COOLING
  YESTERDAY        0                         5     -5       10
  MONTH TO DATE    0                         5     -5       10
  SINCE JUN 1      0                         5     -5       10
  SINCE JAN 1     68                       121    -53      171
..................................................................


WIND (MPH)
  HIGHEST WIND SPEED    13   HIGHEST WIND DIRECTION    SE (150)
  HIGHEST GUST SPEED    21   HIGHEST GUST DIRECTION    SE (120)
  AVERAGE WIND SPEED     8.4


SKY COVER
  POSSIBLE SUNSHINE  MM
  AVERAGE SKY COVER 0.9


WEATHER CONDITIONS
 THE FOLLOWING WEATHER WAS RECORDED YESTERDAY.
  NO SIGNIFICANT WEATHER WAS OBSERVED.


RELATIVE HUMIDITY (PERCENT)
 HIGHEST    86           300 AM
 LOWEST     67           600 PM
 AVERAGE    77

..........................................................


THE KANSAS CITY INTERNATIONAL MO CLIMATE NORMALS FOR TODAY
                         NORMAL    RECORD    YEAR
 MAXIMUM TEMPERATURE (F)   80        98      1934
                                             1911
 MINIMUM TEMPERATURE (F)   60        47      2012
                                             1969
                                             1929


SUNRISE AND SUNSET
JUNE  2 2015..........SUNRISE   554 AM CDT   SUNSET   840 PM CDT
JUNE  3 2015..........SUNRISE   554 AM CDT   SUNSET   841 PM CDT


-  INDICATES NEGATIVE NUMBERS.
R  INDICATES RECORD WAS SET OR TIED.
MM INDICATES DATA IS MISSING.
T  INDICATES TRACE AMOUNT.



&&

...MISCELLANEOUS CLIMATE DATA FROM YESTERDAY...

LOCATION                HIGH    LOW      PRECIP
ST. JOSEPH               70      57       0.00
DOWNTOWN KANSAS CITY     67      59       0.00
OLATHE NEW CENTURY       64      57       0.00
OLATHE JO CO EXEC        65      57       0.00
LEES SUMMIT              64      57       0.00
KIRKSVILLE               64      50       0.00
CHILLICOTHE              70      57       0.00
SEDALIA                  64      56       0.00
NWS PLEASANT HILL MO     63      56       T


THIS PRODUCT...ALONG WITH OTHER WEATHER...HYDROLOGICAL AND CLIMATE
INFORMATION...IS AVAILABLE ON THE WEB AT HTTP://WWW.CRH.NOAA.GOV/EAX
OR AT HTTP://WEATHER.GOV

$$

JL
