000
CDUS43 KEAX 200638
CLIMCI

CLIMATE REPORT
NATIONAL WEATHER SERVICE KANSAS CITY/PLEASANT HILL MO
136 AM CDT SUN JUL 20 2014


...................................

...THE KANSAS CITY INTERNATIONAL MO CLIMATE SUMMARY FOR JULY 19 2014...

CLIMATE NORMAL PERIOD 1981 TO 2010
CLIMATE RECORD PERIOD 1888 TO 2014


WEATHER ITEM   OBSERVED TIME   RECORD YEAR NORMAL DEPARTURE LAST
                VALUE   (LST)  VALUE       VALUE  FROM      YEAR
                                                  NORMAL
..................................................................
TEMPERATURE (F)
 YESTERDAY
  MAXIMUM         80    421 PM 109    1954  89     -9       96
                                      1934
  MINIMUM         59    540 AM  54    2009  69    -10       68
  AVERAGE         70                        79     -9       82

PRECIPITATION (IN)
  YESTERDAY        0.00          2.72 1965   0.13  -0.13     0.01
  MONTH TO DATE    3.04                      2.93   0.11     0.18
  SINCE JUN 1      9.95                      8.16   1.79     3.30
  SINCE JAN 1     18.57                     21.99  -3.42    18.23

SNOWFALL (IN)
  YESTERDAY        0.0           0.0    MM   0.0    0.0      0.0
  MONTH TO DATE    0.0                       0.0    0.0      0.0
  SINCE JUN 1      0.0                       0.0    0.0      0.0
  SINCE JUL 1      0.0                       0.0    0.0      0.0
  SNOW DEPTH       0

DEGREE DAYS
 HEATING
  YESTERDAY        0                         0      0        0
  MONTH TO DATE    2                         0      2        0
  SINCE JUN 1      3                         9     -6       17
  SINCE JUL 1      2                         0      2        0

 COOLING
  YESTERDAY        5                        14     -9       17
  MONTH TO DATE  149                       251   -102      258
  SINCE JUN 1    426                       517    -91      534
  SINCE JAN 1    587                       633    -46      639
..................................................................


WIND (MPH)
  HIGHEST WIND SPEED    14   HIGHEST WIND DIRECTION     S (180)
  HIGHEST GUST SPEED    21   HIGHEST GUST DIRECTION     S (170)
  AVERAGE WIND SPEED     7.7


SKY COVER
  POSSIBLE SUNSHINE  MM
  AVERAGE SKY COVER 0.3


WEATHER CONDITIONS
 THE FOLLOWING WEATHER WAS RECORDED YESTERDAY.
  FOG
  HAZE


RELATIVE HUMIDITY (PERCENT)
 HIGHEST    90           600 AM
 LOWEST     58           400 PM
 AVERAGE    74

..........................................................


THE KANSAS CITY INTERNATIONAL MO CLIMATE NORMALS FOR TODAY
                         NORMAL    RECORD    YEAR
 MAXIMUM TEMPERATURE (F)   89       109      1934
 MINIMUM TEMPERATURE (F)   69        60      1971
                                             1950


SUNRISE AND SUNSET
JULY 20 2014..........SUNRISE   609 AM CDT   SUNSET   841 PM CDT
JULY 21 2014..........SUNRISE   609 AM CDT   SUNSET   841 PM CDT


-  INDICATES NEGATIVE NUMBERS.
R  INDICATES RECORD WAS SET OR TIED.
MM INDICATES DATA IS MISSING.
T  INDICATES TRACE AMOUNT.




&&

...MISCELLANEOUS CLIMATE DATA FROM YESTERDAY...

LOCATION                HIGH    LOW      PRECIP
ST. JOSEPH               81      55       0.00
DOWNTOWN KANSAS CITY     82      64       0.00
OLATHE NEW CENTURY       82      57       0.00
OLATHE JO CO EXEC        79      58       0.00
LEES SUMMIT              79      63       0.00
KIRKSVILLE               81      56       0.00
CHILLICOTHE              81      58       0.00
SEDALIA                  83      58       0.00
NWS PLEASANT HILL MO     80      59       0.00


THIS PRODUCT...ALONG WITH OTHER WEATHER...HYDROLOGICAL AND CLIMATE
INFORMATION...IS AVAILABLE ON THE WEB AT HTTP://WWW.CRH.NOAA.GOV/EAX
OR AT HTTP://WEATHER.GOV

$$

73
