000
CDUS43 KEAX 240632
CLIMCI

CLIMATE REPORT
NATIONAL WEATHER SERVICE KANSAS CITY/PLEASANT HILL MO
131 AM CDT TUE MAY 24 2016


...................................

...THE KANSAS CITY INTERNATIONAL MO CLIMATE SUMMARY FOR MAY 23 2016...

CLIMATE NORMAL PERIOD 1981 TO 2010
CLIMATE RECORD PERIOD 1888 TO 2016


WEATHER ITEM   OBSERVED TIME   RECORD YEAR NORMAL DEPARTURE LAST
                VALUE   (LST)  VALUE       VALUE  FROM      YEAR
                                                  NORMAL
..................................................................
TEMPERATURE (F)
 YESTERDAY
  MAXIMUM         71    544 PM  93    1939  77     -6       67
  MINIMUM         60   1140 PM  41    1963  56      4       56
  AVERAGE         66                        67     -1       62

PRECIPITATION (IN)
  YESTERDAY        0.53          2.52 1995   0.17   0.36     1.52
  MONTH TO DATE    4.11                      3.89   0.22     7.86
  SINCE MAR 1     13.98                      9.96   4.02    12.03
  SINCE JAN 1     15.14                     12.49   2.65    14.21

SNOWFALL (IN)
  YESTERDAY        0.0           0.0    MM   0.0    0.0      0.0
  MONTH TO DATE    0.0                       0.0    0.0      0.0
  SINCE MAR 1      0.6                       2.6   -2.0       T
  SINCE JUL 1      5.9                      18.8  -12.9     14.2
  SNOW DEPTH       0

DEGREE DAYS
 HEATING
  YESTERDAY        0                         2     -2        3
  MONTH TO DATE  120                        91     29       89
  SINCE MAR 1    805                      1066   -261      895
  SINCE JUL 1   4162                      5111   -949     5109

 COOLING
  YESTERDAY        1                         4     -3        0
  MONTH TO DATE   15                        51    -36       44
  SINCE MAR 1     29                        79    -50       53
  SINCE JAN 1     29                        79    -50       53
..................................................................


WIND (MPH)
  HIGHEST WIND SPEED    20   HIGHEST WIND DIRECTION    SE (120)
  HIGHEST GUST SPEED    28   HIGHEST GUST DIRECTION     S (190)
  AVERAGE WIND SPEED    10.0


SKY COVER
  POSSIBLE SUNSHINE  MM
  AVERAGE SKY COVER 0.6


WEATHER CONDITIONS
 THE FOLLOWING WEATHER WAS RECORDED YESTERDAY.
  THUNDERSTORM
  HEAVY RAIN
  RAIN
  LIGHT RAIN
  FOG
  HAZE


RELATIVE HUMIDITY (PERCENT)
 HIGHEST    93           300 PM
 LOWEST     59           100 AM
 AVERAGE    76

..........................................................


THE KANSAS CITY INTERNATIONAL MO CLIMATE NORMALS FOR TODAY
                         NORMAL    RECORD    YEAR
 MAXIMUM TEMPERATURE (F)   77        97      1939
 MINIMUM TEMPERATURE (F)   57        41      1925


SUNRISE AND SUNSET
MAY 24 2016...........SUNRISE   558 AM CDT   SUNSET   834 PM CDT
MAY 25 2016...........SUNRISE   557 AM CDT   SUNSET   835 PM CDT


-  INDICATES NEGATIVE NUMBERS.
R  INDICATES RECORD WAS SET OR TIED.
MM INDICATES DATA IS MISSING.
T  INDICATES TRACE AMOUNT.


&&

...MISCELLANEOUS CLIMATE DATA FROM YESTERDAY...

LOCATION                HIGH    LOW      PRECIP
ST. JOSEPH               71      62       0.39
DOWNTOWN KANSAS CITY     73      63       2.65
OLATHE NEW CENTURY       72      61       0.51
OLATHE JO CO EXEC        69      60       1.54
LEES SUMMIT              75      62       T
KIRKSVILLE               80      53       0.00
CHILLICOTHE              80      59       0.00
SEDALIA                  81      59       0.00
NWS PLEASANT HILL MO     76      59       0.00


THIS PRODUCT...ALONG WITH OTHER WEATHER...HYDROLOGICAL AND CLIMATE
INFORMATION...IS AVAILABLE ON THE WEB AT HTTP://WWW.WEATHER.GOV/EAX
OR AT HTTP://WEATHER.GOV

$$
