000
CDUS43 KEAX 300653
CLIMCI

CLIMATE REPORT
NATIONAL WEATHER SERVICE KANSAS CITY/PLEASANT HILL MO
141 AM CDT WED JUL 30 2014


...................................

...THE KANSAS CITY INTERNATIONAL MO CLIMATE SUMMARY FOR JULY 29 2014...

CLIMATE NORMAL PERIOD 1981 TO 2010
CLIMATE RECORD PERIOD 1888 TO 2014


WEATHER ITEM   OBSERVED TIME   RECORD YEAR NORMAL DEPARTURE LAST
                VALUE   (LST)  VALUE       VALUE  FROM      YEAR
                                                  NORMAL
..................................................................
TEMPERATURE (F)
 YESTERDAY
  MAXIMUM         83    345 PM 105    2012  89     -6       70
                                      1947
  MINIMUM         58    533 AM  55    1994  69    -11       62
  AVERAGE         71                        79     -8       66

PRECIPITATION (IN)
  YESTERDAY        0.00          1.79 1894   0.12  -0.12     1.44
  MONTH TO DATE    3.04                      4.20  -1.16     1.88
  SINCE JUN 1      9.95                      9.43   0.52     5.00
  SINCE JAN 1     18.57                     23.26  -4.69    19.93

SNOWFALL (IN)
  YESTERDAY        0.0           0.0    MM   0.0    0.0      0.0
  MONTH TO DATE    0.0                       0.0    0.0      0.0
  SINCE JUN 1      0.0                       0.0    0.0      0.0
  SINCE JUL 1      0.0                       0.0    0.0      0.0
  SNOW DEPTH       0

DEGREE DAYS
 HEATING
  YESTERDAY        0                         0      0        0
  MONTH TO DATE    2                         0      2        0
  SINCE JUN 1      3                         9     -6       17
  SINCE JUL 1      2                         0      2        0

 COOLING
  YESTERDAY        6                        14     -8        1
  MONTH TO DATE  273                       391   -118      346
  SINCE JUN 1    550                       657   -107      622
  SINCE JAN 1    711                       773    -62      727
..................................................................


WIND (MPH)
  HIGHEST WIND SPEED    13   HIGHEST WIND DIRECTION    NW (330)
  HIGHEST GUST SPEED    15   HIGHEST GUST DIRECTION    NW (330)
  AVERAGE WIND SPEED     4.9


SKY COVER
  POSSIBLE SUNSHINE  MM
  AVERAGE SKY COVER 0.4


WEATHER CONDITIONS
 THE FOLLOWING WEATHER WAS RECORDED YESTERDAY.
  FOG
  HAZE


RELATIVE HUMIDITY (PERCENT)
 HIGHEST    93           600 AM
 LOWEST     45           100 PM
 AVERAGE    69

..........................................................


THE KANSAS CITY INTERNATIONAL MO CLIMATE NORMALS FOR TODAY
                         NORMAL    RECORD    YEAR
 MAXIMUM TEMPERATURE (F)   89       107      1947
 MINIMUM TEMPERATURE (F)   69        52      1971


SUNRISE AND SUNSET
JULY 30 2014..........SUNRISE   617 AM CDT   SUNSET   833 PM CDT
JULY 31 2014..........SUNRISE   618 AM CDT   SUNSET   832 PM CDT


-  INDICATES NEGATIVE NUMBERS.
R  INDICATES RECORD WAS SET OR TIED.
MM INDICATES DATA IS MISSING.
T  INDICATES TRACE AMOUNT.



&&

...MISCELLANEOUS CLIMATE DATA FROM YESTERDAY...

LOCATION                HIGH    LOW      PRECIP
ST. JOSEPH               81      54       0.00
DOWNTOWN KANSAS CITY     84      63       0.00
OLATHE NEW CENTURY       84      58       0.00
OLATHE JO CO EXEC        84      60       0.00
LEES SUMMIT              83      58       0.00
KIRKSVILLE               81      52       0.00
CHILLICOTHE              82      57       0.00
SEDALIA                  83      58       0.00
NWS PLEASANT HILL MO     81      59       0.00


THIS PRODUCT...ALONG WITH OTHER WEATHER...HYDROLOGICAL AND CLIMATE
INFORMATION...IS AVAILABLE ON THE WEB AT HTTP://WWW.CRH.NOAA.GOV/EAX
OR AT HTTP://WEATHER.GOV

$$

JL
