000
CDUS43 KEAX 250635
CLIMCI

CLIMATE REPORT
NATIONAL WEATHER SERVICE KANSAS CITY/PLEASANT HILL MO
134 AM CDT MON AUG 25 2014


...................................

...THE KANSAS CITY INTERNATIONAL MO CLIMATE SUMMARY FOR AUGUST 24 2014...

CLIMATE NORMAL PERIOD 1981 TO 2010
CLIMATE RECORD PERIOD 1888 TO 2014


WEATHER ITEM   OBSERVED TIME   RECORD YEAR NORMAL DEPARTURE LAST
                VALUE   (LST)  VALUE       VALUE  FROM      YEAR
                                                  NORMAL
..................................................................
TEMPERATURE (F)
 YESTERDAY
  MAXIMUM         96    137 PM 109    1936  87      9       91
  MINIMUM         72    534 AM  46    1891  66      6       72
  AVERAGE         84                        76      8       82

PRECIPITATION (IN)
  YESTERDAY        0.00          1.64 1962   0.13  -0.13     0.00
  MONTH TO DATE    4.73                      2.94   1.79     2.12
  SINCE JUN 1     14.68                     12.62   2.06     7.74
  SINCE JAN 1     23.30                     26.45  -3.15    22.67

SNOWFALL (IN)
  YESTERDAY        0.0           0.0    MM   0.0    0.0      0.0
  MONTH TO DATE    0.0                       0.0    0.0      0.0
  SINCE JUN 1      0.0                       0.0    0.0      0.0
  SINCE JUL 1      0.0                       0.0    0.0      0.0
  SNOW DEPTH       0

DEGREE DAYS
 HEATING
  YESTERDAY        0                         0      0        0
  MONTH TO DATE    0                         0      0        0
  SINCE JUN 1      3                         9     -6       17
  SINCE JUL 1      2                         0      2        0

 COOLING
  YESTERDAY       19                        11      8       17
  MONTH TO DATE  292                       303    -11      222
  SINCE JUN 1    855                       983   -128      865
  SINCE JAN 1   1016                      1099    -83      970
..................................................................


WIND (MPH)
  HIGHEST WIND SPEED    18   HIGHEST WIND DIRECTION     S (180)
  HIGHEST GUST SPEED    24   HIGHEST GUST DIRECTION     S (180)
  AVERAGE WIND SPEED    11.7


SKY COVER
  POSSIBLE SUNSHINE  MM
  AVERAGE SKY COVER 0.4


WEATHER CONDITIONS
 THE FOLLOWING WEATHER WAS RECORDED YESTERDAY.
  NO SIGNIFICANT WEATHER WAS OBSERVED.


RELATIVE HUMIDITY (PERCENT)
 HIGHEST    79           400 AM
 LOWEST     46          1200 PM
 AVERAGE    63

..........................................................


THE KANSAS CITY INTERNATIONAL MO CLIMATE NORMALS FOR TODAY
                         NORMAL    RECORD    YEAR
 MAXIMUM TEMPERATURE (F)   86       107      1936
 MINIMUM TEMPERATURE (F)   66        53      1958


SUNRISE AND SUNSET
AUGUST 25 2014........SUNRISE   641 AM CDT   SUNSET   800 PM CDT
AUGUST 26 2014........SUNRISE   642 AM CDT   SUNSET   759 PM CDT


-  INDICATES NEGATIVE NUMBERS.
R  INDICATES RECORD WAS SET OR TIED.
MM INDICATES DATA IS MISSING.
T  INDICATES TRACE AMOUNT.




&&

...MISCELLANEOUS CLIMATE DATA FROM YESTERDAY...

LOCATION                HIGH    LOW      PRECIP
ST. JOSEPH               95      70       0.00
DOWNTOWN KANSAS CITY     97      76       0.00
OLATHE NEW CENTURY       98      70       0.00
OLATHE JO CO EXEC        94      71       0.00
LEES SUMMIT              95      73       0.00
KIRKSVILLE               93      68       0.00
CHILLICOTHE              93      71       0.00
SEDALIA                  97      71       0.00
NWS PLEASANT HILL MO     95      68       0.00


THIS PRODUCT...ALONG WITH OTHER WEATHER...HYDROLOGICAL AND CLIMATE
INFORMATION...IS AVAILABLE ON THE WEB AT HTTP://WWW.CRH.NOAA.GOV/EAX
OR AT HTTP://WEATHER.GOV

$$

MJ
