000
CDUS43 KEAX 170654 CCA
CLIMCI

CLIMATE REPORT...CORRECTED
NATIONAL WEATHER SERVICE KANSAS CITY/PLEASANT HILL MO
139 AM CDT MON APR 17 2017


...................................

...THE KANSAS CITY INTERNATIONAL MO CLIMATE SUMMARY FOR APRIL 16 2017...

CLIMATE NORMAL PERIOD 1981 TO 2010
CLIMATE RECORD PERIOD 1888 TO 2017


WEATHER ITEM   OBSERVED TIME   RECORD YEAR NORMAL DEPARTURE LAST
                VALUE   (LST)  VALUE       VALUE  FROM      YEAR
                                                  NORMAL
..................................................................
TEMPERATURE (F)
 YESTERDAY
  MAXIMUM         69    210 PM  86    1967  66      3       76
  MINIMUM         53   1013 PM  28    1921  44      9       57
  AVERAGE         61                        55      6       67

PRECIPITATION (IN)
  YESTERDAY        0.30          1.15 1932   0.12   0.18     0.00
  MONTH TO DATE    4.03                      1.73   2.30     0.34
  SINCE MAR 1      6.84                      4.10   2.74     3.06
  SINCE JAN 1      8.29                      6.63   1.66     4.22

SNOWFALL (IN)
  YESTERDAY        0.0           0.6  1921   0.1   -0.1      0.0
  MONTH TO DATE    0.0                       0.5   -0.5      0.0
  SINCE MAR 1      0.4                       2.5   -2.1      0.6
  SINCE JUL 1      4.9                      18.7  -13.8      5.9
  SNOW DEPTH       0

DEGREE DAYS
 HEATING
  YESTERDAY        4                        11     -7        0
  MONTH TO DATE  129                       209    -80      175
  SINCE MAR 1    654                       855   -201      618
  SINCE JUL 1   3908                      4900   -992     3975

 COOLING
  YESTERDAY        0                         1     -1        2
  MONTH TO DATE   20                        10     10        2
  SINCE MAR 1     26                        13     13        4
  SINCE JAN 1     26                        13     13        4
..................................................................


WIND (MPH)
  HIGHEST WIND SPEED    24   HIGHEST WIND DIRECTION     S (190)
  HIGHEST GUST SPEED    31   HIGHEST GUST DIRECTION     S (190)
  AVERAGE WIND SPEED     9.1


SKY COVER
  POSSIBLE SUNSHINE  MM
  AVERAGE SKY COVER 1.0


WEATHER CONDITIONS
 THE FOLLOWING WEATHER WAS RECORDED YESTERDAY.
  THUNDERSTORM
  RAIN
  LIGHT RAIN
  FOG


RELATIVE HUMIDITY (PERCENT)
 HIGHEST   100           100 AM
 LOWEST     45           200 PM
 AVERAGE    73

..........................................................


THE KANSAS CITY INTERNATIONAL MO CLIMATE NORMALS FOR TODAY
                         NORMAL    RECORD    YEAR
 MAXIMUM TEMPERATURE (F)   66        87      1954
 MINIMUM TEMPERATURE (F)   45        28      1953
                                             1921


SUNRISE AND SUNSET
APRIL 17 2017.........SUNRISE   639 AM CDT   SUNSET   759 PM CDT
APRIL 18 2017.........SUNRISE   637 AM CDT   SUNSET   800 PM CDT


-  INDICATES NEGATIVE NUMBERS.
R  INDICATES RECORD WAS SET OR TIED.
MM INDICATES DATA IS MISSING.
T  INDICATES TRACE AMOUNT.


&&

...MISCELLANEOUS CLIMATE DATA FROM YESTERDAY...

LOCATION                HIGH    LOW      PRECIP
ST. JOSEPH               M       M         M
DOWNTOWN KANSAS CITY     73      58       0.21
OLATHE NEW CENTURY       70      57       0.74
OLATHE JO CO EXEC        69      57       0.70
LEES SUMMIT              70      57       0.58
KIRKSVILLE               74      57       0.01
CHILLICOTHE              76      56       0.05
SEDALIA                  72      59       0.20
NWS PLEASANT HILL MO     72      57       0.58


THIS PRODUCT...ALONG WITH OTHER WEATHER...HYDROLOGICAL AND CLIMATE
INFORMATION...IS AVAILABLE ON THE WEB AT HTTP://WWW.WEATHER.GOV/EAX
OR AT HTTP://WEATHER.GOV

$$
