000
CDUS43 KEAX 160638
CLIMCI

CLIMATE REPORT
NATIONAL WEATHER SERVICE KANSAS CITY/PLEASANT HILL MO
1236 AM CST THU NOV 16 2017


...................................

...THE KANSAS CITY INTERNATIONAL MO CLIMATE SUMMARY FOR NOVEMBER 15 2017...

CLIMATE NORMAL PERIOD 1981 TO 2010
CLIMATE RECORD PERIOD 1888 TO 2017


WEATHER ITEM   OBSERVED TIME   RECORD YEAR NORMAL DEPARTURE LAST
                VALUE   (LST)  VALUE       VALUE  FROM      YEAR
                                                  NORMAL
..................................................................
TEMPERATURE (F)
 YESTERDAY
  MAXIMUM         58    236 PM  79    1950  54      4       70
  MINIMUM         34   1159 PM   8    1940  34      0       40
  AVERAGE         46                        44      2       55

PRECIPITATION (IN)
  YESTERDAY        0.05          3.69 1964   0.07  -0.02     0.00
  MONTH TO DATE    0.24                      1.16  -0.92     0.31
  SINCE SEP 1      7.91                      8.94  -1.03     7.83
  SINCE JAN 1     45.80                     36.34   9.46    47.26

SNOWFALL (IN)
  YESTERDAY        0.0           4.4  1932   0.0    0.0      0.0
  MONTH TO DATE    0.0                       0.3   -0.3      0.0
  SINCE SEP 1      T                         0.5   -0.5      0.0
  SINCE JUL 1      T                         0.5   -0.5      0.0
  SNOW DEPTH       0

DEGREE DAYS
 HEATING
  YESTERDAY       19                        21     -2       10
  MONTH TO DATE  341                       265     76      147
  SINCE SEP 1    618                       623     -5      312
  SINCE JUL 1    622                       625     -3      312

 COOLING
  YESTERDAY        0                         0      0        0
  MONTH TO DATE    0                         0      0        7
  SINCE SEP 1    247                       185     62      282
  SINCE JAN 1   1325                      1358    -33     1579
..................................................................


WIND (MPH)
  HIGHEST WIND SPEED    22   HIGHEST WIND DIRECTION     N (340)
  HIGHEST GUST SPEED    28   HIGHEST GUST DIRECTION    NW (320)
  AVERAGE WIND SPEED    10.4


SKY COVER
  POSSIBLE SUNSHINE  MM
  AVERAGE SKY COVER 0.5


WEATHER CONDITIONS
 THE FOLLOWING WEATHER WAS RECORDED YESTERDAY.
  LIGHT RAIN
  FOG


RELATIVE HUMIDITY (PERCENT)
 HIGHEST   100           100 AM
 LOWEST     40           200 PM
 AVERAGE    70

..........................................................


THE KANSAS CITY INTERNATIONAL MO CLIMATE NORMALS FOR TODAY
                         NORMAL    RECORD    YEAR
 MAXIMUM TEMPERATURE (F)   53        77      1952
                                             1941
 MINIMUM TEMPERATURE (F)   34         9      1959


SUNRISE AND SUNSET
NOVEMBER 16 2017......SUNRISE   704 AM CST   SUNSET   503 PM CST
NOVEMBER 17 2017......SUNRISE   705 AM CST   SUNSET   502 PM CST


-  INDICATES NEGATIVE NUMBERS.
R  INDICATES RECORD WAS SET OR TIED.
MM INDICATES DATA IS MISSING.
T  INDICATES TRACE AMOUNT.


&&

...MISCELLANEOUS CLIMATE DATA FROM YESTERDAY...

LOCATION                HIGH    LOW      PRECIP
ST. JOSEPH               57      28       0.05
DOWNTOWN KANSAS CITY     60      40       T
OLATHE NEW CENTURY       58      35       0.04
OLATHE JO CO EXEC        58      40       0.00
LEES SUMMIT              59      38       0.01
KIRKSVILLE               58      31       0.04
CHILLICOTHE              60      34       0.05
SEDALIA                  60      39       0.29
NWS PLEASANT HILL MO     57      39       0.02


THIS PRODUCT...ALONG WITH OTHER WEATHER...HYDROLOGICAL AND CLIMATE
INFORMATION...IS AVAILABLE ON THE WEB AT HTTP://WWW.WEATHER.GOV/EAX
OR AT HTTP://WEATHER.GOV

$$
