000
CDUS43 KEAX 220634
CLIMCI

CLIMATE REPORT
NATIONAL WEATHER SERVICE KANSAS CITY/PLEASANT HILL MO
132 AM CDT MON MAY 22 2017


...................................

...THE KANSAS CITY INTERNATIONAL MO CLIMATE SUMMARY FOR MAY 21 2017...

CLIMATE NORMAL PERIOD 1981 TO 2010
CLIMATE RECORD PERIOD 1888 TO 2017


WEATHER ITEM   OBSERVED TIME   RECORD YEAR NORMAL DEPARTURE LAST
                VALUE   (LST)  VALUE       VALUE  FROM      YEAR
                                                  NORMAL
..................................................................
TEMPERATURE (F)
 YESTERDAY
  MAXIMUM         70    427 PM  97    1956  76     -6       74
  MINIMUM         44    551 AM  38    1892  56    -12       49
  AVERAGE         57                        66     -9       62

PRECIPITATION (IN)
  YESTERDAY        0.00          2.25 1891   0.17  -0.17      T
  MONTH TO DATE    4.69                      3.55   1.14     3.58
  SINCE MAR 1     14.14                      9.62   4.52    13.45
  SINCE JAN 1     15.59                     12.15   3.44    14.61

SNOWFALL (IN)
  YESTERDAY        0.0           0.0    MM   0.0    0.0      0.0
  MONTH TO DATE    0.0                       0.0    0.0      0.0
  SINCE MAR 1      0.4                       2.6   -2.2      0.6
  SINCE JUL 1      4.9                      18.8  -13.9      5.9
  SNOW DEPTH       0

DEGREE DAYS
 HEATING
  YESTERDAY        8                         2      6        3
  MONTH TO DATE   84                        87     -3      120
  SINCE MAR 1    867                      1062   -195      805
  SINCE JUL 1   4121                      5107   -986     4162

 COOLING
  YESTERDAY        0                         3     -3        0
  MONTH TO DATE   56                        43     13       12
  SINCE MAR 1     89                        71     18       26
  SINCE JAN 1     89                        71     18       26
..................................................................


WIND (MPH)
  HIGHEST WIND SPEED    21   HIGHEST WIND DIRECTION     W (280)
  HIGHEST GUST SPEED    28   HIGHEST GUST DIRECTION     W (270)
  AVERAGE WIND SPEED     9.2


SKY COVER
  POSSIBLE SUNSHINE  MM
  AVERAGE SKY COVER 0.2


WEATHER CONDITIONS
 THE FOLLOWING WEATHER WAS RECORDED YESTERDAY.
  NO SIGNIFICANT WEATHER WAS OBSERVED.


RELATIVE HUMIDITY (PERCENT)
 HIGHEST    92           400 AM
 LOWEST     36           400 PM
 AVERAGE    64

..........................................................


THE KANSAS CITY INTERNATIONAL MO CLIMATE NORMALS FOR TODAY
                         NORMAL    RECORD    YEAR
 MAXIMUM TEMPERATURE (F)   77        93      1956
 MINIMUM TEMPERATURE (F)   56        41      1963


SUNRISE AND SUNSET
MAY 22 2017...........SUNRISE   600 AM CDT   SUNSET   832 PM CDT
MAY 23 2017...........SUNRISE   559 AM CDT   SUNSET   833 PM CDT


-  INDICATES NEGATIVE NUMBERS.
R  INDICATES RECORD WAS SET OR TIED.
MM INDICATES DATA IS MISSING.
T  INDICATES TRACE AMOUNT.


&&

...MISCELLANEOUS CLIMATE DATA FROM YESTERDAY...

LOCATION                HIGH    LOW      PRECIP
ST. JOSEPH               70      44       0.00
DOWNTOWN KANSAS CITY     72      47       0.00
OLATHE NEW CENTURY       70      44       0.00
OLATHE JO CO EXEC        69      43       0.00
LEES SUMMIT              70      45       0.00
KIRKSVILLE               65      45       0.00
CHILLICOTHE              68      47       0.00
SEDALIA                  69      49       0.00
NWS PLEASANT HILL MO     70      45       0.00


THIS PRODUCT...ALONG WITH OTHER WEATHER...HYDROLOGICAL AND CLIMATE
INFORMATION...IS AVAILABLE ON THE WEB AT HTTP://WWW.WEATHER.GOV/EAX
OR AT HTTP://WEATHER.GOV

$$
