000
CDUS43 KEAX 210632
CLIMCI

CLIMATE REPORT
NATIONAL WEATHER SERVICE KANSAS CITY/PLEASANT HILL MO
131 AM CDT WED JUN 21 2017


...................................

...THE KANSAS CITY INTERNATIONAL MO CLIMATE SUMMARY FOR JUNE 20 2017...

CLIMATE NORMAL PERIOD 1981 TO 2010
CLIMATE RECORD PERIOD 1888 TO 2017


WEATHER ITEM   OBSERVED TIME   RECORD YEAR NORMAL DEPARTURE LAST
                VALUE   (LST)  VALUE       VALUE  FROM      YEAR
                                                  NORMAL
..................................................................
TEMPERATURE (F)
 YESTERDAY
  MAXIMUM         90    356 PM 103    1934  85      5       95
                                      1918
  MINIMUM         62    259 AM  53    1976  65     -3       71
  AVERAGE         76                        75      1       83

PRECIPITATION (IN)
  YESTERDAY        0.00          2.30 2000   0.17  -0.17     0.31
  MONTH TO DATE    2.92                      3.53  -0.61     0.60
  SINCE JUN 1      2.92                      3.53  -0.61     0.60
  SINCE JAN 1     19.19                     17.36   1.83    21.13

SNOWFALL (IN)
  YESTERDAY        0.0           0.0    MM   0.0    0.0      0.0
  MONTH TO DATE    0.0                       0.0    0.0      0.0
  SINCE JUN 1      0.0                       0.0    0.0      0.0
  SINCE JUL 1      4.9                      18.8  -13.9      5.9
  SNOW DEPTH       0

DEGREE DAYS
 HEATING
  YESTERDAY        0                         0      0        0
  MONTH TO DATE    0                         7     -7        0
  SINCE JUN 1      0                         7     -7        0
  SINCE JUL 1   4146                      5131   -985     4162

 COOLING
  YESTERDAY       11                        10      1       18
  MONTH TO DATE  225                       154     71      253
  SINCE JUN 1    225                       154     71      253
  SINCE JAN 1    336                       270     66      324
..................................................................


WIND (MPH)
  HIGHEST WIND SPEED    15   HIGHEST WIND DIRECTION     W (250)
  HIGHEST GUST SPEED    20   HIGHEST GUST DIRECTION    SW (240)
  AVERAGE WIND SPEED     8.5


SKY COVER
  POSSIBLE SUNSHINE  MM
  AVERAGE SKY COVER 0.3


WEATHER CONDITIONS
 THE FOLLOWING WEATHER WAS RECORDED YESTERDAY.
  HAZE


RELATIVE HUMIDITY (PERCENT)
 HIGHEST    93           100 AM
 LOWEST     50           100 PM
 AVERAGE    72

..........................................................


THE KANSAS CITY INTERNATIONAL MO CLIMATE NORMALS FOR TODAY
                         NORMAL    RECORD    YEAR
 MAXIMUM TEMPERATURE (F)   85       101      1988
 MINIMUM TEMPERATURE (F)   65        50      1992


SUNRISE AND SUNSET
JUNE 21 2017..........SUNRISE   552 AM CDT   SUNSET   849 PM CDT
JUNE 22 2017..........SUNRISE   553 AM CDT   SUNSET   849 PM CDT


-  INDICATES NEGATIVE NUMBERS.
R  INDICATES RECORD WAS SET OR TIED.
MM INDICATES DATA IS MISSING.
T  INDICATES TRACE AMOUNT.


&&

...MISCELLANEOUS CLIMATE DATA FROM YESTERDAY...

LOCATION                HIGH    LOW      PRECIP
ST. JOSEPH               92      60       0.00
DOWNTOWN KANSAS CITY     91      69       0.00
OLATHE NEW CENTURY       90      64       0.00
OLATHE JO CO EXEC        89      64       0.00
LEES SUMMIT              90      66       0.00
KIRKSVILLE               89      56       0.00
CHILLICOTHE              91      59       0.00
SEDALIA                  89      65       0.00
NWS PLEASANT HILL MO     90      66       0.00


THIS PRODUCT...ALONG WITH OTHER WEATHER...HYDROLOGICAL AND CLIMATE
INFORMATION...IS AVAILABLE ON THE WEB AT HTTP://WWW.WEATHER.GOV/EAX
OR AT HTTP://WEATHER.GOV

$$

73
