000
CDUS43 KEAX 182125
CLIMCI

CLIMATE REPORT
NATIONAL WEATHER SERVICE KANSAS CITY/PLEASANT HILL MO
424 PM CDT TUE APR 18 2017


...................................

...THE KANSAS CITY INTERNATIONAL MO CLIMATE SUMMARY FOR APRIL 18 2017...
VALID AS OF 0400 PM LOCAL TIME.

CLIMATE NORMAL PERIOD 1981 TO 2010
CLIMATE RECORD PERIOD 1888 TO 2017


WEATHER ITEM   OBSERVED TIME   RECORD YEAR NORMAL DEPARTURE LAST
                VALUE   (LST)  VALUE       VALUE  FROM      YEAR
                                                  NORMAL
..................................................................
TEMPERATURE (F)
 TODAY
  MAXIMUM         77    259 PM  91    2006  67     10       66
  MINIMUM         55    556 AM  27    1983  45     10       58
  AVERAGE         66                        56     10       62

PRECIPITATION (IN)
  TODAY            0.00          2.35 1927   0.12  -0.12     0.72
  MONTH TO DATE    4.03                      1.97   2.06     1.08
  SINCE MAR 1      6.84                      4.34   2.50     3.80
  SINCE JAN 1      8.29                      6.87   1.42     4.96

SNOWFALL (IN)
  TODAY            0.0           0.5  1907   0.0    0.0      0.0
  MONTH TO DATE    0.0                       0.5   -0.5      0.0
  SINCE MAR 1      0.4                       2.5   -2.1      0.6
  SINCE JUL 1      4.9                      18.7  -13.8      5.9
  SNOW DEPTH       0

DEGREE DAYS
 HEATING
  TODAY            0                        10    -10        3
  MONTH TO DATE  133                       230    -97      178
  SINCE MAR 1    658                       876   -218      621
  SINCE JUL 1   3912                      4921  -1009     3978

 COOLING
  TODAY            1                         1      0        0
  MONTH TO DATE   21                        12      9        4
  SINCE MAR 1     27                        15     12        6
  SINCE JAN 1     27                        15     12        6
..................................................................


WIND (MPH)
  HIGHEST WIND SPEED    18   HIGHEST WIND DIRECTION     S (190)
  HIGHEST GUST SPEED    23   HIGHEST GUST DIRECTION     S (200)
  AVERAGE WIND SPEED    12.3


SKY COVER
  POSSIBLE SUNSHINE  MM
  AVERAGE SKY COVER 0.4


WEATHER CONDITIONS
 THE FOLLOWING WEATHER WAS RECORDED TODAY.
  NO SIGNIFICANT WEATHER WAS OBSERVED.


RELATIVE HUMIDITY (PERCENT)
 HIGHEST    93           500 AM
 LOWEST     56           300 PM
 AVERAGE    75

..........................................................


THE KANSAS CITY INTERNATIONAL MO CLIMATE NORMALS FOR TOMORROW
                         NORMAL    RECORD    YEAR
 MAXIMUM TEMPERATURE (F)   67        89      1987
 MINIMUM TEMPERATURE (F)   45        30      1953


SUNRISE AND SUNSET
APRIL 18 2017.........SUNRISE   637 AM CDT   SUNSET   800 PM CDT
APRIL 19 2017.........SUNRISE   636 AM CDT   SUNSET   801 PM CDT


-  INDICATES NEGATIVE NUMBERS.
R  INDICATES RECORD WAS SET OR TIED.
MM INDICATES DATA IS MISSING.
T  INDICATES TRACE AMOUNT.


&&

...MISCELLANEOUS CLIMATE DATA FROM TODAY...

LOCATION                HIGH    LOW      PRECIP
ST. JOSEPH               75      M         0.00
DOWNTOWN KANSAS CITY     79      57       0.00
OLATHE NEW CENTURY       77      54       0.00
OLATHE JO CO EXEC        76      52       0.00
LEES SUMMIT              75      54       0.00
KIRKSVILLE               76      47       0.00
CHILLICOTHE              74      52       0.00
SEDALIA                  76      49       0.00
NWS PLEASANT HILL MO     76      51       0.00


THIS PRODUCT...ALONG WITH OTHER WEATHER...HYDROLOGICAL AND CLIMATE
INFORMATION...IS AVAILABLE ON THE WEB AT HTTP://WWW.WEATHER.GOV/EAX
OR AT HTTP://WEATHER.GOV

$$

JW
