000
CDUS43 KEAX 300636
CLIMCI

CLIMATE REPORT
NATIONAL WEATHER SERVICE KANSAS CITY/PLEASANT HILL MO
132 AM CDT THU JUL 30 2015


...................................

...THE KANSAS CITY INTERNATIONAL MO CLIMATE SUMMARY FOR JULY 29 2015...

CLIMATE NORMAL PERIOD 1981 TO 2010
CLIMATE RECORD PERIOD 1888 TO 2015


WEATHER ITEM   OBSERVED TIME   RECORD YEAR NORMAL DEPARTURE LAST
                VALUE   (LST)  VALUE       VALUE  FROM      YEAR
                                                  NORMAL
..................................................................
TEMPERATURE (F)
 YESTERDAY
  MAXIMUM         85    345 PM 105    2012  89     -4       83
                                      1947
  MINIMUM         70   1156 PM  55    1994  69      1       58
  AVERAGE         78                        79     -1       71

PRECIPITATION (IN)
  YESTERDAY        1.31          1.79 1894   0.12   1.19     0.00
  MONTH TO DATE    6.75                      4.20   2.55     3.04
  SINCE JUN 1     14.33                      9.43   4.90     9.95
  SINCE JAN 1     30.93                     23.26   7.67    18.57

SNOWFALL (IN)
  YESTERDAY        0.0           0.0    MM   0.0    0.0      0.0
  MONTH TO DATE    0.0                       0.0    0.0      0.0
  SINCE JUN 1      0.0                       0.0    0.0      0.0
  SINCE JUL 1      0.0                       0.0    0.0      0.0
  SNOW DEPTH       0

DEGREE DAYS
 HEATING
  YESTERDAY        0                         0      0        0
  MONTH TO DATE    2                         0      2        2
  SINCE JUN 1      5                         9     -4        3
  SINCE JUL 1      2                         0      2        2

 COOLING
  YESTERDAY       13                        14     -1        6
  MONTH TO DATE  377                       391    -14      273
  SINCE JUN 1    682                       657     25      550
  SINCE JAN 1    750                       773    -23      711
..................................................................


WIND (MPH)
  HIGHEST WIND SPEED    25   HIGHEST WIND DIRECTION    NE (30)
  HIGHEST GUST SPEED    31   HIGHEST GUST DIRECTION    NE (30)
  AVERAGE WIND SPEED     6.9


SKY COVER
  POSSIBLE SUNSHINE  MM
  AVERAGE SKY COVER 0.7


WEATHER CONDITIONS
 THE FOLLOWING WEATHER WAS RECORDED YESTERDAY.
  THUNDERSTORM
  HEAVY RAIN
  RAIN
  LIGHT RAIN
  FOG
  HAZE


RELATIVE HUMIDITY (PERCENT)
 HIGHEST    93           300 AM
 LOWEST     55           300 PM
 AVERAGE    74

..........................................................


THE KANSAS CITY INTERNATIONAL MO CLIMATE NORMALS FOR TODAY
                         NORMAL    RECORD    YEAR
 MAXIMUM TEMPERATURE (F)   89       107      1947
 MINIMUM TEMPERATURE (F)   69        52      1971


SUNRISE AND SUNSET
JULY 30 2015..........SUNRISE   617 AM CDT   SUNSET   833 PM CDT
JULY 31 2015..........SUNRISE   618 AM CDT   SUNSET   832 PM CDT


-  INDICATES NEGATIVE NUMBERS.
R  INDICATES RECORD WAS SET OR TIED.
MM INDICATES DATA IS MISSING.
T  INDICATES TRACE AMOUNT.


&&

...MISCELLANEOUS CLIMATE DATA FROM YESTERDAY...

LOCATION                HIGH    LOW      PRECIP
ST. JOSEPH               84      66       1.70
DOWNTOWN KANSAS CITY     88      72       0.26
OLATHE NEW CENTURY       86      70       0.56
OLATHE JO CO EXEC        86      70       0.35
LEES SUMMIT              86      69       0.33
KIRKSVILLE               84      64       0.29
CHILLICOTHE              86      66       2.08
SEDALIA                  88      69       0.00
NWS PLEASANT HILL MO     86      69       0.02


THIS PRODUCT...ALONG WITH OTHER WEATHER...HYDROLOGICAL AND CLIMATE
INFORMATION...IS AVAILABLE ON THE WEB AT HTTP://WWW.WEATHER.GOV/EAX
OR AT HTTP://WEATHER.GOV

$$
