000
CDUS43 KEAX 172125
CLIMCI

CLIMATE REPORT
NATIONAL WEATHER SERVICE KANSAS CITY/PLEASANT HILL MO
422 PM CDT SUN AUG 17 2014


...................................

...THE KANSAS CITY INTERNATIONAL MO CLIMATE SUMMARY FOR AUGUST 17 2014...
VALID AS OF 0400 PM LOCAL TIME.

CLIMATE NORMAL PERIOD 1981 TO 2010
CLIMATE RECORD PERIOD 1888 TO 2014


WEATHER ITEM   OBSERVED TIME   RECORD YEAR NORMAL DEPARTURE LAST
                VALUE   (LST)  VALUE       VALUE  FROM      YEAR
                                                  NORMAL
..................................................................
TEMPERATURE (F)
 TODAY
  MAXIMUM         80    259 PM 108    1936  88     -8       78
  MINIMUM         65    519 AM  53    2012  67     -2       56
  AVERAGE         73                        77     -4       67

PRECIPITATION (IN)
  TODAY            0.00          3.15 2009   0.13  -0.13     0.00
  MONTH TO DATE    4.58                      2.06   2.52     2.12
  SINCE JUN 1     14.53                     11.74   2.79     7.74
  SINCE JAN 1     23.15                     25.57  -2.42    22.67

SNOWFALL (IN)
  TODAY            0.0           0.0    MM   0.0    0.0      0.0
  MONTH TO DATE    0.0                       0.0    0.0      0.0
  SINCE JUN 1      0.0                       0.0    0.0      0.0
  SINCE JUL 1      0.0                       0.0    0.0      0.0
  SNOW DEPTH       0

DEGREE DAYS
 HEATING
  TODAY            0                         0      0        0
  MONTH TO DATE    0                         0      0        0
  SINCE JUN 1      3                         9     -6       17
  SINCE JUL 1      2                         0      2        0

 COOLING
  TODAY            8                        12     -4        2
  MONTH TO DATE  165                       221    -56      139
  SINCE JUN 1    728                       901   -173      782
  SINCE JAN 1    889                      1017   -128      887
..................................................................


WIND (MPH)
  HIGHEST WIND SPEED    10   HIGHEST WIND DIRECTION    NE (50)
  HIGHEST GUST SPEED    13   HIGHEST GUST DIRECTION    NE (40)
  AVERAGE WIND SPEED     5.4


SKY COVER
  POSSIBLE SUNSHINE  MM
  AVERAGE SKY COVER 0.9


WEATHER CONDITIONS
 THE FOLLOWING WEATHER WAS RECORDED TODAY.
  FOG


RELATIVE HUMIDITY (PERCENT)
 HIGHEST   100           300 AM
 LOWEST     67           200 PM
 AVERAGE    84

..........................................................


THE KANSAS CITY INTERNATIONAL MO CLIMATE NORMALS FOR TOMORROW
                         NORMAL    RECORD    YEAR
 MAXIMUM TEMPERATURE (F)   88       108      1936
 MINIMUM TEMPERATURE (F)   67        52      1981


SUNRISE AND SUNSET
AUGUST 17 2014........SUNRISE   634 AM CDT   SUNSET   812 PM CDT
AUGUST 18 2014........SUNRISE   634 AM CDT   SUNSET   810 PM CDT


-  INDICATES NEGATIVE NUMBERS.
R  INDICATES RECORD WAS SET OR TIED.
MM INDICATES DATA IS MISSING.
T  INDICATES TRACE AMOUNT.




&&

...MISCELLANEOUS CLIMATE DATA FROM TODAY...

LOCATION                HIGH    LOW      PRECIP
ST. JOSEPH               84      62       0.00
DOWNTOWN KANSAS CITY     80      70       0.00
OLATHE NEW CENTURY       82      64       0.00
OLATHE JO CO EXEC        81      66       0.00
LEES SUMMIT              78      66       0.00
KIRKSVILLE               80      68       0.00
CHILLICOTHE              80      69       0.00
SEDALIA                  79      71       0.00
NWS PLEASANT HILL MO     77      66       0.00


THIS PRODUCT...ALONG WITH OTHER WEATHER...HYDROLOGICAL AND CLIMATE
INFORMATION...IS AVAILABLE ON THE WEB AT HTTP://WWW.CRH.NOAA.GOV/EAX
OR AT HTTP://WEATHER.GOV

$$

JW
