000
CDUS43 KEAX 110034
CLIMCI

CLIMATE REPORT
NATIONAL WEATHER SERVICE KANSAS CITY/PLEASANT HILL MO
733 PM CDT TUE OCT 10 2017


...................................

...THE KANSAS CITY INTERNATIONAL MO CLIMATE SUMMARY FOR OCTOBER 10 2017...
VALID TODAY AS OF 0700 PM LOCAL TIME.

CLIMATE NORMAL PERIOD 1981 TO 2010
CLIMATE RECORD PERIOD 1888 TO 2017


WEATHER ITEM   OBSERVED TIME   RECORD YEAR NORMAL DEPARTURE LAST
                VALUE   (LST)  VALUE       VALUE  FROM      YEAR
                                                  NORMAL
..................................................................
TEMPERATURE (F)
 TODAY
  MAXIMUM         53   1230 AM  97    1963  69    -16       72
  MINIMUM         44    559 PM  29    1993  48     -4       55
  AVERAGE         49                        58     -9       64

PRECIPITATION (IN)
  TODAY            0.07          2.98 1973   0.11  -0.04     0.07
  MONTH TO DATE    0.71                      1.17  -0.46     2.44
  SINCE SEP 1      3.51                      5.79  -2.28     7.38
  SINCE JAN 1     41.40                     33.19   8.21    46.81

SNOWFALL (IN)
  TODAY            0.0           0.0    MM   0.0    0.0      0.0
  MONTH TO DATE    0.0                       0.0    0.0      0.0
  SINCE SEP 1      0.0                       0.0    0.0      0.0
  SINCE JUL 1      0.0                       0.0    0.0      0.0
  SNOW DEPTH       0

DEGREE DAYS
 HEATING
  TODAY           16                         8      8        1
  MONTH TO DATE   18                        65    -47       38
  SINCE SEP 1     34                       130    -96       59
  SINCE JUL 1     38                       132    -94       59

 COOLING
  TODAY            0                         1     -1        0
  MONTH TO DATE   34                        15     19       10
  SINCE SEP 1    239                       174     65      230
  SINCE JAN 1   1317                      1347    -30     1527
..................................................................


WIND (MPH)
  HIGHEST WIND SPEED    22   HIGHEST WIND DIRECTION     N (350)
  HIGHEST GUST SPEED    29   HIGHEST GUST DIRECTION     N (10)
  AVERAGE WIND SPEED    14.7


SKY COVER
  POSSIBLE SUNSHINE  MM
  AVERAGE SKY COVER 1.0


WEATHER CONDITIONS
 THE FOLLOWING WEATHER WAS RECORDED TODAY.
  THUNDERSTORM
  HEAVY RAIN
  RAIN
  LIGHT RAIN
  FOG


RELATIVE HUMIDITY (PERCENT)
 HIGHEST   100           400 PM
 LOWEST     59          1200 AM
 AVERAGE    80

..........................................................


THE KANSAS CITY INTERNATIONAL MO CLIMATE NORMALS FOR TOMORROW
                         NORMAL    RECORD    YEAR
 MAXIMUM TEMPERATURE (F)   69        89      1962
 MINIMUM TEMPERATURE (F)   47        27      1987


SUNRISE AND SUNSET
OCTOBER 10 2017.......SUNRISE   724 AM CDT   SUNSET   647 PM CDT
OCTOBER 11 2017.......SUNRISE   725 AM CDT   SUNSET   645 PM CDT


-  INDICATES NEGATIVE NUMBERS.
R  INDICATES RECORD WAS SET OR TIED.
MM INDICATES DATA IS MISSING.
T  INDICATES TRACE AMOUNT.


&&

...MISCELLANEOUS CLIMATE DATA FROM TODAY...

LOCATION                HIGH    LOW      PRECIP
ST. JOSEPH               50      45       0.03
DOWNTOWN KANSAS CITY     56      47       0.29
OLATHE NEW CENTURY       55      44       0.29
OLATHE JO CO EXEC        54      44       0.17
LEES SUMMIT              55      45       0.12
KIRKSVILLE               58      48       0.77
CHILLICOTHE              56      46       0.30
SEDALIA                  61      49       0.35
NWS PLEASANT HILL MO     58      45       0.07


THIS PRODUCT...ALONG WITH OTHER WEATHER...HYDROLOGICAL AND CLIMATE
INFORMATION...IS AVAILABLE ON THE WEB AT HTTP://WWW.WEATHER.GOV/EAX
OR AT HTTP://WEATHER.GOV

$$
