666
CDUS43 KEAX 210643
CLIMCI

CLIMATE REPORT
NATIONAL WEATHER SERVICE KANSAS CITY/PLEASANT HILL MO
1240 AM CST SAT JAN 21 2017


...................................

...THE KANSAS CITY INTERNATIONAL MO CLIMATE SUMMARY FOR JANUARY 20 2017...

CLIMATE NORMAL PERIOD 1981 TO 2010
CLIMATE RECORD PERIOD 1888 TO 2017


WEATHER ITEM   OBSERVED TIME   RECORD YEAR NORMAL DEPARTURE LAST
                VALUE   (LST)  VALUE       VALUE  FROM      YEAR
                                                  NORMAL
..................................................................
TEMPERATURE (F)
 YESTERDAY
  MAXIMUM         50    637 PM  69    1906  38     12       28
  MINIMUM         38   1150 PM -14    1985  19     19       20
  AVERAGE         44                        29     15       24

PRECIPITATION (IN)
  YESTERDAY        0.01          2.02 1916   0.04  -0.03     0.00
  MONTH TO DATE    1.34                      0.64   0.70     0.73
  SINCE DEC 1      2.53                      2.17   0.36     3.97
  SINCE JAN 1      1.34                      0.64   0.70     0.73

SNOWFALL (IN)
  YESTERDAY        0.0           4.3  1959   0.1   -0.1      0.0
  MONTH TO DATE    2.2                       2.8   -0.6      2.1
  SINCE DEC 1      4.5                       7.6   -3.1      4.6
  SINCE JUL 1      4.5                       9.0   -4.5      4.6
  SNOW DEPTH       0

DEGREE DAYS
 HEATING
  YESTERDAY       21                        36    -15       41
  MONTH TO DATE  712                       720     -8      757
  SINCE DEC 1   1785                      1760     25     1533
  SINCE JUL 1   2369                      2762   -393     2280

 COOLING
  YESTERDAY        0                         0      0        0
  MONTH TO DATE    0                         0      0        0
  SINCE DEC 1      0                         0      0        0
  SINCE JAN 1      0                         0      0        0
..................................................................


WIND (MPH)
  HIGHEST WIND SPEED    14   HIGHEST WIND DIRECTION     S (190)
  HIGHEST GUST SPEED    18   HIGHEST GUST DIRECTION    SE (120)
  AVERAGE WIND SPEED     7.1


SKY COVER
  POSSIBLE SUNSHINE  MM
  AVERAGE SKY COVER 0.9


WEATHER CONDITIONS
 THE FOLLOWING WEATHER WAS RECORDED YESTERDAY.
  LIGHT RAIN
  FOG
  FOG W/VISIBILITY <= 1/4 MILE


RELATIVE HUMIDITY (PERCENT)
 HIGHEST    93           900 AM
 LOWEST     86           200 AM
 AVERAGE    90

..........................................................


THE KANSAS CITY INTERNATIONAL MO CLIMATE NORMALS FOR TODAY
                         NORMAL    RECORD    YEAR
 MAXIMUM TEMPERATURE (F)   38        71      1957
 MINIMUM TEMPERATURE (F)   19        -6      1935


SUNRISE AND SUNSET
JANUARY 21 2017.......SUNRISE   734 AM CST   SUNSET   527 PM CST
JANUARY 22 2017.......SUNRISE   733 AM CST   SUNSET   528 PM CST


-  INDICATES NEGATIVE NUMBERS.
R  INDICATES RECORD WAS SET OR TIED.
MM INDICATES DATA IS MISSING.
T  INDICATES TRACE AMOUNT.


&&

...MISCELLANEOUS CLIMATE DATA FROM YESTERDAY...

LOCATION                HIGH    LOW      PRECIP
ST. JOSEPH               49      36       0.05
DOWNTOWN KANSAS CITY     52      43       0.01
OLATHE NEW CENTURY       53      40       T
OLATHE JO CO EXEC        52      39       T
LEES SUMMIT              53      43       0.00
KIRKSVILLE               48      39       0.00
CHILLICOTHE              48      40       0.00
SEDALIA                  58      42       0.00
NWS PLEASANT HILL MO     54      38       T


THIS PRODUCT...ALONG WITH OTHER WEATHER...HYDROLOGICAL AND CLIMATE
INFORMATION...IS AVAILABLE ON THE WEB AT HTTP://WWW.WEATHER.GOV/EAX
OR AT HTTP://WEATHER.GOV

$$
