000
CDUS43 KEAX 220032
CLIMCI

CLIMATE REPORT
NATIONAL WEATHER SERVICE KANSAS CITY/PLEASANT HILL MO
731 PM CDT THU JUL 21 2016


...................................

...THE KANSAS CITY INTERNATIONAL MO CLIMATE SUMMARY FOR JULY 21 2016...
VALID TODAY AS OF 0700 PM LOCAL TIME.

CLIMATE NORMAL PERIOD 1981 TO 2010
CLIMATE RECORD PERIOD 1888 TO 2016


WEATHER ITEM   OBSERVED TIME   RECORD YEAR NORMAL DEPARTURE LAST
                VALUE   (LST)  VALUE       VALUE  FROM      YEAR
                                                  NORMAL
..................................................................
TEMPERATURE (F)
 TODAY
  MAXIMUM         96    248 PM 107    1974  89      7       81
  MINIMUM         78    212 AM  56    1988  69      9       67
                                      1970
  AVERAGE         87                        79      8       74

PRECIPITATION (IN)
  TODAY            0.00          1.67 1990   0.14  -0.14     0.00
  MONTH TO DATE    7.74                      3.21   4.53     5.18
  SINCE JUN 1      8.72                      8.44   0.28    12.76
  SINCE JAN 1     29.25                     22.27   6.98    29.36

SNOWFALL (IN)
  TODAY            0.0           0.0    MM   0.0    0.0      0.0
  MONTH TO DATE    0.0                       0.0    0.0      0.0
  SINCE JUN 1      0.0                       0.0    0.0      0.0
  SINCE JUL 1      0.0                       0.0    0.0      0.0
  SNOW DEPTH       0

DEGREE DAYS
 HEATING
  TODAY            0                         0      0        0
  MONTH TO DATE    0                         0      0        2
  SINCE JUN 1      0                         9     -9        5
  SINCE JUL 1      0                         0      0        2

 COOLING
  TODAY           22                        14      8        9
  MONTH TO DATE  283                       279      4      250
  SINCE JUN 1    700                       545    155      555
  SINCE JAN 1    771                       661    110      623
..................................................................


WIND (MPH)
  HIGHEST WIND SPEED    21   HIGHEST WIND DIRECTION     S (190)
  HIGHEST GUST SPEED    26   HIGHEST GUST DIRECTION     S (190)
  AVERAGE WIND SPEED    13.6


SKY COVER
  POSSIBLE SUNSHINE  MM
  AVERAGE SKY COVER 0.1


WEATHER CONDITIONS
 THE FOLLOWING WEATHER WAS RECORDED TODAY.
  HAZE


RELATIVE HUMIDITY (PERCENT)
 HIGHEST    85          1200 AM
 LOWEST     49           200 PM
 AVERAGE    67

..........................................................


THE KANSAS CITY INTERNATIONAL MO CLIMATE NORMALS FOR TOMORROW
                         NORMAL    RECORD    YEAR
 MAXIMUM TEMPERATURE (F)   89       106      1901
 MINIMUM TEMPERATURE (F)   69        57      1988
                                             1950
                                             1944


SUNRISE AND SUNSET
JULY 21 2016..........SUNRISE   610 AM CDT   SUNSET   840 PM CDT
JULY 22 2016..........SUNRISE   611 AM CDT   SUNSET   840 PM CDT


-  INDICATES NEGATIVE NUMBERS.
R  INDICATES RECORD WAS SET OR TIED.
MM INDICATES DATA IS MISSING.
T  INDICATES TRACE AMOUNT.


&&

...MISCELLANEOUS CLIMATE DATA FROM TODAY...

LOCATION                HIGH    LOW      PRECIP
ST. JOSEPH               96      78       0.00
DOWNTOWN KANSAS CITY     98      81       0.00
OLATHE NEW CENTURY       97      77       0.00
OLATHE JO CO EXEC        95      75       0.00
LEES SUMMIT              98      80       0.00
KIRKSVILLE               95      77       0.00
CHILLICOTHE              95      79       0.00
SEDALIA                  95      77       0.00
NWS PLEASANT HILL MO     94      77       0.00


THIS PRODUCT...ALONG WITH OTHER WEATHER...HYDROLOGICAL AND CLIMATE
INFORMATION...IS AVAILABLE ON THE WEB AT HTTP://WWW.WEATHER.GOV/EAX
OR AT HTTP://WEATHER.GOV

$$
