696
CDUS43 KEAX 190634
CLIMCI

CLIMATE REPORT
NATIONAL WEATHER SERVICE KANSAS CITY/PLEASANT HILL MO
132 AM CDT FRI MAY 19 2017


...................................

...THE KANSAS CITY INTERNATIONAL MO CLIMATE SUMMARY FOR MAY 18 2017...

CLIMATE NORMAL PERIOD 1981 TO 2010
CLIMATE RECORD PERIOD 1888 TO 2017


WEATHER ITEM   OBSERVED TIME   RECORD YEAR NORMAL DEPARTURE LAST
                VALUE   (LST)  VALUE       VALUE  FROM      YEAR
                                                  NORMAL
..................................................................
TEMPERATURE (F)
 YESTERDAY
  MAXIMUM         79    411 PM  91    1997  75      4       69
                                      1962
  MINIMUM         54    432 AM  39    1915  55     -1       46
  AVERAGE         67                        65      2       58

PRECIPITATION (IN)
  YESTERDAY        3.05          3.21 1974   0.17   2.88     0.00
  MONTH TO DATE    3.96                      3.03   0.93     3.56
  SINCE MAR 1     13.41                      9.10   4.31    13.43
  SINCE JAN 1     14.86                     11.63   3.23    14.59

SNOWFALL (IN)
  YESTERDAY        0.0           0.0    MM   0.0    0.0      0.0
  MONTH TO DATE    0.0                       0.0    0.0      0.0
  SINCE MAR 1      0.4                       2.6   -2.2      0.6
  SINCE JUL 1      4.9                      18.8  -13.9      5.9
  SNOW DEPTH       0

DEGREE DAYS
 HEATING
  YESTERDAY        0                         3     -3        7
  MONTH TO DATE   66                        79    -13      106
  SINCE MAR 1    849                      1054   -205      791
  SINCE JUL 1   4103                      5099   -996     4148

 COOLING
  YESTERDAY        2                         3     -1        0
  MONTH TO DATE   56                        34     22       12
  SINCE MAR 1     89                        62     27       26
  SINCE JAN 1     89                        62     27       26
..................................................................


WIND (MPH)
  HIGHEST WIND SPEED    39   HIGHEST WIND DIRECTION     W (270)
  HIGHEST GUST SPEED    61   HIGHEST GUST DIRECTION    NW (330)
  AVERAGE WIND SPEED     9.4


SKY COVER
  POSSIBLE SUNSHINE  MM
  AVERAGE SKY COVER 0.5


WEATHER CONDITIONS
 THE FOLLOWING WEATHER WAS RECORDED YESTERDAY.
  THUNDERSTORM
  HEAVY RAIN
  RAIN
  LIGHT RAIN
  HAIL
  FOG


RELATIVE HUMIDITY (PERCENT)
 HIGHEST    93           600 AM
 LOWEST     58           400 PM
 AVERAGE    76

..........................................................


THE KANSAS CITY INTERNATIONAL MO CLIMATE NORMALS FOR TODAY
                         NORMAL    RECORD    YEAR
 MAXIMUM TEMPERATURE (F)   76        95      2006
 MINIMUM TEMPERATURE (F)   55        39      1894


SUNRISE AND SUNSET
MAY 19 2017...........SUNRISE   602 AM CDT   SUNSET   829 PM CDT
MAY 20 2017...........SUNRISE   601 AM CDT   SUNSET   830 PM CDT


-  INDICATES NEGATIVE NUMBERS.
R  INDICATES RECORD WAS SET OR TIED.
MM INDICATES DATA IS MISSING.
T  INDICATES TRACE AMOUNT.


&&

...MISCELLANEOUS CLIMATE DATA FROM YESTERDAY...

LOCATION                HIGH    LOW      PRECIP
ST. JOSEPH               77      54       0.85
DOWNTOWN KANSAS CITY     82      58       0.78
OLATHE NEW CENTURY       85      53       0.80
OLATHE JO CO EXEC        82      55       1.43
LEES SUMMIT              85      58       0.59
KIRKSVILLE               82      59       0.00
CHILLICOTHE              81      57       0.83
SEDALIA                  88      64       0.00
NWS PLEASANT HILL MO     86      58       1.40


THIS PRODUCT...ALONG WITH OTHER WEATHER...HYDROLOGICAL AND CLIMATE
INFORMATION...IS AVAILABLE ON THE WEB AT HTTP://WWW.WEATHER.GOV/EAX
OR AT HTTP://WEATHER.GOV

$$

73
