000
CDUS43 KEAX 140634
CLIMCI

CLIMATE REPORT
NATIONAL WEATHER SERVICE KANSAS CITY/PLEASANT HILL MO
1233 AM CST TUE FEB 14 2017


...................................

...THE KANSAS CITY INTERNATIONAL MO CLIMATE SUMMARY FOR FEBRUARY 13 2017...

CLIMATE NORMAL PERIOD 1981 TO 2010
CLIMATE RECORD PERIOD 1888 TO 2017


WEATHER ITEM   OBSERVED TIME   RECORD YEAR NORMAL DEPARTURE LAST
                VALUE   (LST)  VALUE       VALUE  FROM      YEAR
                                                  NORMAL
..................................................................
TEMPERATURE (F)
 YESTERDAY
  MAXIMUM         50    159 PM  71    1967  43      7       22
  MINIMUM         28    640 AM -21    1905  23      5       15
  AVERAGE         39                        33      6       19

PRECIPITATION (IN)
  YESTERDAY        0.00          1.45 1911   0.05  -0.05     0.00
  MONTH TO DATE    T                         0.64  -0.64     0.40
  SINCE DEC 1      2.58                      3.24  -0.66     4.40
  SINCE JAN 1      1.39                      1.71  -0.32     1.16

SNOWFALL (IN)
  YESTERDAY        0.0           5.5  1978   0.2   -0.2      0.0
  MONTH TO DATE    0.0                       2.7   -2.7       T
  SINCE DEC 1      4.5                      12.1   -7.6      5.3
  SINCE JUL 1      4.5                      13.5   -9.0      5.3
  SNOW DEPTH       0

DEGREE DAYS
 HEATING
  YESTERDAY       26                        32     -6       46
  MONTH TO DATE  370                       440    -70      429
  SINCE DEC 1   2448                      2602   -154     2296
  SINCE JUL 1   3032                      3604   -572     3043

 COOLING
  YESTERDAY        0                         0      0        0
  MONTH TO DATE    0                         0      0        0
  SINCE DEC 1      0                         0      0        0
  SINCE JAN 1      0                         0      0        0
..................................................................


WIND (MPH)
  HIGHEST WIND SPEED    14   HIGHEST WIND DIRECTION     S (190)
  HIGHEST GUST SPEED    16   HIGHEST GUST DIRECTION     S (200)
  AVERAGE WIND SPEED     4.8


SKY COVER
  POSSIBLE SUNSHINE  MM
  AVERAGE SKY COVER 0.7


WEATHER CONDITIONS
 THE FOLLOWING WEATHER WAS RECORDED YESTERDAY.
  HAZE


RELATIVE HUMIDITY (PERCENT)
 HIGHEST    63           800 AM
 LOWEST     29           300 PM
 AVERAGE    46

..........................................................


THE KANSAS CITY INTERNATIONAL MO CLIMATE NORMALS FOR TODAY
                         NORMAL    RECORD    YEAR
 MAXIMUM TEMPERATURE (F)   43        76      1954
 MINIMUM TEMPERATURE (F)   23        -4      1936


SUNRISE AND SUNSET
FEBRUARY 14 2017......SUNRISE   712 AM CST   SUNSET   555 PM CST
FEBRUARY 15 2017......SUNRISE   710 AM CST   SUNSET   556 PM CST


-  INDICATES NEGATIVE NUMBERS.
R  INDICATES RECORD WAS SET OR TIED.
MM INDICATES DATA IS MISSING.
T  INDICATES TRACE AMOUNT.


&&

...MISCELLANEOUS CLIMATE DATA FROM YESTERDAY...

LOCATION                HIGH    LOW      PRECIP
ST. JOSEPH               51      21       T
DOWNTOWN KANSAS CITY     52      30       0.00
OLATHE NEW CENTURY       49      28       T
OLATHE JO CO EXEC        49      28       T
LEES SUMMIT              50      30       0.00
KIRKSVILLE               49      19       0.00
CHILLICOTHE              51      22       0.00
SEDALIA                  52      27       0.00
NWS PLEASANT HILL MO     51      30       0.00


THIS PRODUCT...ALONG WITH OTHER WEATHER...HYDROLOGICAL AND CLIMATE
INFORMATION...IS AVAILABLE ON THE WEB AT HTTP://WWW.WEATHER.GOV/EAX
OR AT HTTP://WEATHER.GOV

$$

73
