000
CDUS43 KEAX 130033
CLIMCI

CLIMATE REPORT
NATIONAL WEATHER SERVICE KANSAS CITY/PLEASANT HILL MO
732 PM CDT TUE SEP 12 2017


...................................

...THE KANSAS CITY INTERNATIONAL MO CLIMATE SUMMARY FOR SEPTEMBER 12 2017...
VALID TODAY AS OF 0700 PM LOCAL TIME.

CLIMATE NORMAL PERIOD 1981 TO 2010
CLIMATE RECORD PERIOD 1888 TO 2017


WEATHER ITEM   OBSERVED TIME   RECORD YEAR NORMAL DEPARTURE LAST
                VALUE   (LST)  VALUE       VALUE  FROM      YEAR
                                                  NORMAL
..................................................................
TEMPERATURE (F)
 TODAY
  MAXIMUM         81    402 PM 103    1956  81      0       84
  MINIMUM         55    629 AM  42    2014  59     -4       62
  AVERAGE         68                        70     -2       73

PRECIPITATION (IN)
  TODAY            0.00          8.82 1977   0.15  -0.15     0.00
  MONTH TO DATE    T                         1.85  -1.85     1.56
  SINCE SEP 1      T                         1.85  -1.85     1.56
  SINCE JAN 1     37.89                     29.25   8.64    40.99

SNOWFALL (IN)
  TODAY            0.0           0.0    MM   0.0    0.0      0.0
  MONTH TO DATE    0.0                       0.0    0.0      0.0
  SINCE SEP 1      0.0                       0.0    0.0      0.0
  SINCE JUL 1      0.0                       0.0    0.0      0.0
  SNOW DEPTH       0

DEGREE DAYS
 HEATING
  TODAY            0                         1     -1        0
  MONTH TO DATE   10                         7      3        1
  SINCE SEP 1     10                         7      3        1
  SINCE JUL 1     14                         9      5        1

 COOLING
  TODAY            3                         6     -3        8
  MONTH TO DATE   55                        91    -36      100
  SINCE SEP 1     55                        91    -36      100
  SINCE JAN 1   1133                      1264   -131     1397
..................................................................


WIND (MPH)
  HIGHEST WIND SPEED    14   HIGHEST WIND DIRECTION    NE (50)
  HIGHEST GUST SPEED    17   HIGHEST GUST DIRECTION    NE (40)
  AVERAGE WIND SPEED     6.8


SKY COVER
  POSSIBLE SUNSHINE  MM
  AVERAGE SKY COVER 0.8


WEATHER CONDITIONS
 THE FOLLOWING WEATHER WAS RECORDED TODAY.
  FOG
  HAZE


RELATIVE HUMIDITY (PERCENT)
 HIGHEST    93           300 AM
 LOWEST     32           200 PM
 AVERAGE    63

..........................................................


THE KANSAS CITY INTERNATIONAL MO CLIMATE NORMALS FOR TOMORROW
                         NORMAL    RECORD    YEAR
 MAXIMUM TEMPERATURE (F)   80       101      1893
 MINIMUM TEMPERATURE (F)   59        37      2014


SUNRISE AND SUNSET
SEPTEMBER 12 2017.....SUNRISE   658 AM CDT   SUNSET   732 PM CDT
SEPTEMBER 13 2017.....SUNRISE   659 AM CDT   SUNSET   730 PM CDT


-  INDICATES NEGATIVE NUMBERS.
R  INDICATES RECORD WAS SET OR TIED.
MM INDICATES DATA IS MISSING.
T  INDICATES TRACE AMOUNT.


&&

...MISCELLANEOUS CLIMATE DATA FROM TODAY...

LOCATION                HIGH    LOW      PRECIP
ST. JOSEPH               82      51       0.00
DOWNTOWN KANSAS CITY     80      58       0.00
OLATHE NEW CENTURY       77      55       0.00
OLATHE JO CO EXEC        77      57       0.00
LEES SUMMIT              77      56       0.00
KIRKSVILLE               79      52       0.00
CHILLICOTHE              82      52       0.00
SEDALIA                  78      56       0.00
NWS PLEASANT HILL MO     76      57       0.00


THIS PRODUCT...ALONG WITH OTHER WEATHER...HYDROLOGICAL AND CLIMATE
INFORMATION...IS AVAILABLE ON THE WEB AT HTTP://WWW.WEATHER.GOV/EAX
OR AT HTTP://WEATHER.GOV

$$
