000
CDUS43 KEAX 140648
CLIMCI

CLIMATE REPORT
NATIONAL WEATHER SERVICE KANSAS CITY/PLEASANT HILL MO
146 AM CDT THU SEP 14 2017


...................................

...THE KANSAS CITY INTERNATIONAL MO CLIMATE SUMMARY FOR SEPTEMBER 13 2017...

CLIMATE NORMAL PERIOD 1981 TO 2010
CLIMATE RECORD PERIOD 1888 TO 2017


WEATHER ITEM   OBSERVED TIME   RECORD YEAR NORMAL DEPARTURE LAST
                VALUE   (LST)  VALUE       VALUE  FROM      YEAR
                                                  NORMAL
..................................................................
TEMPERATURE (F)
 YESTERDAY
  MAXIMUM         85    324 PM 101    1893  80      5       80
  MINIMUM         59    618 AM  37    2014  59      0       65
  AVERAGE         72                        69      3       73

PRECIPITATION (IN)
  YESTERDAY        0.00          4.74 1961   0.16  -0.16     1.47
  MONTH TO DATE    T                         2.01  -2.01     3.03
  SINCE SEP 1      T                         2.01  -2.01     3.03
  SINCE JAN 1     37.89                     29.41   8.48    42.46

SNOWFALL (IN)
  YESTERDAY        0.0           0.0    MM   0.0    0.0      0.0
  MONTH TO DATE    0.0                       0.0    0.0      0.0
  SINCE SEP 1      0.0                       0.0    0.0      0.0
  SINCE JUL 1      0.0                       0.0    0.0      0.0
  SNOW DEPTH       0

DEGREE DAYS
 HEATING
  YESTERDAY        0                         1     -1        0
  MONTH TO DATE   10                         8      2        1
  SINCE SEP 1     10                         8      2        1
  SINCE JUL 1     14                        10      4        1

 COOLING
  YESTERDAY        7                         6      1        8
  MONTH TO DATE   62                        97    -35      108
  SINCE SEP 1     62                        97    -35      108
  SINCE JAN 1   1140                      1270   -130     1405
..................................................................


WIND (MPH)
  HIGHEST WIND SPEED    10   HIGHEST WIND DIRECTION     S (180)
  HIGHEST GUST SPEED    14   HIGHEST GUST DIRECTION     S (170)
  AVERAGE WIND SPEED     4.8


SKY COVER
  POSSIBLE SUNSHINE  MM
  AVERAGE SKY COVER 0.3


WEATHER CONDITIONS
 THE FOLLOWING WEATHER WAS RECORDED YESTERDAY.
  FOG
  HAZE


RELATIVE HUMIDITY (PERCENT)
 HIGHEST    97           200 AM
 LOWEST     48           300 PM
 AVERAGE    73

..........................................................


THE KANSAS CITY INTERNATIONAL MO CLIMATE NORMALS FOR TODAY
                         NORMAL    RECORD    YEAR
 MAXIMUM TEMPERATURE (F)   80       100      1939
 MINIMUM TEMPERATURE (F)   58        41      1993


SUNRISE AND SUNSET
SEPTEMBER 14 2017.....SUNRISE   659 AM CDT   SUNSET   728 PM CDT
SEPTEMBER 15 2017.....SUNRISE   700 AM CDT   SUNSET   727 PM CDT


-  INDICATES NEGATIVE NUMBERS.
R  INDICATES RECORD WAS SET OR TIED.
MM INDICATES DATA IS MISSING.
T  INDICATES TRACE AMOUNT.


&&

...MISCELLANEOUS CLIMATE DATA FROM YESTERDAY...

LOCATION                HIGH    LOW      PRECIP
ST. JOSEPH               86      52       0.00
DOWNTOWN KANSAS CITY     86      58       0.00
OLATHE NEW CENTURY       84      57       0.00
OLATHE JO CO EXEC        83      56       0.00
LEES SUMMIT              83      56       0.00
KIRKSVILLE               85      48       0.00
CHILLICOTHE              87      54       0.00
SEDALIA                  86      53       0.00
NWS PLEASANT HILL MO     83      58       0.00


THIS PRODUCT...ALONG WITH OTHER WEATHER...HYDROLOGICAL AND CLIMATE
INFORMATION...IS AVAILABLE ON THE WEB AT HTTP://WWW.WEATHER.GOV/EAX
OR AT HTTP://WEATHER.GOV

$$
