000
CDUS43 KEAX 280636
CLIMCI

CLIMATE REPORT
NATIONAL WEATHER SERVICE KANSAS CITY/PLEASANT HILL MO
1235 AM CST MON NOV 28 2016


...................................

...THE KANSAS CITY INTERNATIONAL MO CLIMATE SUMMARY FOR NOVEMBER 27 2016...

CLIMATE NORMAL PERIOD 1981 TO 2010
CLIMATE RECORD PERIOD 1888 TO 2016


WEATHER ITEM   OBSERVED TIME   RECORD YEAR NORMAL DEPARTURE LAST
                VALUE   (LST)  VALUE       VALUE  FROM      YEAR
                                                  NORMAL
..................................................................
TEMPERATURE (F)
 YESTERDAY
  MAXIMUM         57   1155 PM  71    1960  47     10       34
  MINIMUM         44   1214 AM   9    1896  29     15       30
  AVERAGE         51                        38     13       32

PRECIPITATION (IN)
  YESTERDAY        0.11          0.84 2006   0.07   0.04     0.14
  MONTH TO DATE    0.51                      1.95  -1.44     3.52
  SINCE SEP 1      8.03                      9.73  -1.70    10.53
  SINCE JAN 1     47.46                     37.13  10.33    42.44

SNOWFALL (IN)
  YESTERDAY        0.0           4.5  1958   0.1   -0.1      0.0
  MONTH TO DATE    0.0                       0.9   -0.9      0.0
  SINCE SEP 1      0.0                       1.1   -1.1      0.0
  SINCE JUL 1      0.0                       1.1   -1.1      0.0
  SNOW DEPTH       0

DEGREE DAYS
 HEATING
  YESTERDAY       14                        27    -13       33
  MONTH TO DATE  352                       559   -207      404
  SINCE SEP 1    517                       917   -400      650
  SINCE JUL 1    517                       919   -402      653

 COOLING
  YESTERDAY        0                         0      0        0
  MONTH TO DATE   13                         0     13        0
  SINCE SEP 1    288                       185    103      295
  SINCE JAN 1   1585                      1358    227     1370
..................................................................


WIND (MPH)
  HIGHEST WIND SPEED    35   HIGHEST WIND DIRECTION     S (190)
  HIGHEST GUST SPEED    43   HIGHEST GUST DIRECTION     S (170)
  AVERAGE WIND SPEED    18.4


SKY COVER
  POSSIBLE SUNSHINE  MM
  AVERAGE SKY COVER 0.8


WEATHER CONDITIONS
 THE FOLLOWING WEATHER WAS RECORDED YESTERDAY.
  LIGHT RAIN
  FOG
  HAZE


RELATIVE HUMIDITY (PERCENT)
 HIGHEST    93           500 PM
 LOWEST     70          1200 AM
 AVERAGE    82

..........................................................


THE KANSAS CITY INTERNATIONAL MO CLIMATE NORMALS FOR TODAY
                         NORMAL    RECORD    YEAR
 MAXIMUM TEMPERATURE (F)   47        71      1998
 MINIMUM TEMPERATURE (F)   28         1      1976


SUNRISE AND SUNSET
NOVEMBER 28 2016......SUNRISE   717 AM CST   SUNSET   457 PM CST
NOVEMBER 29 2016......SUNRISE   718 AM CST   SUNSET   456 PM CST


-  INDICATES NEGATIVE NUMBERS.
R  INDICATES RECORD WAS SET OR TIED.
MM INDICATES DATA IS MISSING.
T  INDICATES TRACE AMOUNT.


&&

...MISCELLANEOUS CLIMATE DATA FROM YESTERDAY...

LOCATION                HIGH    LOW      PRECIP
ST. JOSEPH               56      39       0.21
DOWNTOWN KANSAS CITY     59      45       0.09
OLATHE NEW CENTURY       56      40       0.12
OLATHE JO CO EXEC        56      39       0.12
LEES SUMMIT              57      42       0.10
KIRKSVILLE               51      37       0.18
CHILLICOTHE              56      36       0.20
SEDALIA                  56      40       0.01
NWS PLEASANT HILL MO     55      42       0.09


THIS PRODUCT...ALONG WITH OTHER WEATHER...HYDROLOGICAL AND CLIMATE
INFORMATION...IS AVAILABLE ON THE WEB AT HTTP://WWW.WEATHER.GOV/EAX
OR AT HTTP://WEATHER.GOV

$$
