000
CDUS43 KEAX 070632
CLIMCI

CLIMATE REPORT
NATIONAL WEATHER SERVICE KANSAS CITY/PLEASANT HILL MO
1231 AM CST SUN FEB 7 2016


...................................

...THE KANSAS CITY INTERNATIONAL MO CLIMATE SUMMARY FOR FEBRUARY 6 2016...

CLIMATE NORMAL PERIOD 1981 TO 2010
CLIMATE RECORD PERIOD 1888 TO 2016


WEATHER ITEM   OBSERVED TIME   RECORD YEAR NORMAL DEPARTURE LAST
                VALUE   (LST)  VALUE       VALUE  FROM      YEAR
                                                  NORMAL
..................................................................
TEMPERATURE (F)
 YESTERDAY
  MAXIMUM         49    335 PM  70    1904  41      8       54
  MINIMUM         26    740 AM -19    1982  21      5       26
  AVERAGE         38                        31      7       40

PRECIPITATION (IN)
  YESTERDAY        0.00          2.04 1928   0.04  -0.04     0.00
  MONTH TO DATE    0.40                      0.27   0.13     0.39
  SINCE DEC 1      4.40                      2.87   1.53     3.43
  SINCE JAN 1      1.16                      1.34  -0.18     1.59

SNOWFALL (IN)
  YESTERDAY        0.0           2.3  1933   0.2   -0.2      0.0
  MONTH TO DATE    0.0                       1.2   -1.2      3.3
  SINCE DEC 1      5.3                      10.6   -5.3      8.2
  SINCE JUL 1      5.3                      12.0   -6.7      8.7
  SNOW DEPTH       0

DEGREE DAYS
 HEATING
  YESTERDAY       27                        34     -7       25
  MONTH TO DATE  177                       208    -31      246
  SINCE DEC 1   2044                      2370   -326     2227
  SINCE JUL 1   2791                      3372   -581     3348

 COOLING
  YESTERDAY        0                         0      0        0
  MONTH TO DATE    0                         0      0        0
  SINCE DEC 1      0                         0      0        0
  SINCE JAN 1      0                         0      0        0
..................................................................


WIND (MPH)
  HIGHEST WIND SPEED    20   HIGHEST WIND DIRECTION    SW (210)
  HIGHEST GUST SPEED    24   HIGHEST GUST DIRECTION    SW (210)
  AVERAGE WIND SPEED     8.8


SKY COVER
  POSSIBLE SUNSHINE  MM
  AVERAGE SKY COVER 0.3


WEATHER CONDITIONS
 THE FOLLOWING WEATHER WAS RECORDED YESTERDAY.
  NO SIGNIFICANT WEATHER WAS OBSERVED.


RELATIVE HUMIDITY (PERCENT)
 HIGHEST    92           800 AM
 LOWEST     46           300 PM
 AVERAGE    69

..........................................................


THE KANSAS CITY INTERNATIONAL MO CLIMATE NORMALS FOR TODAY
                         NORMAL    RECORD    YEAR
 MAXIMUM TEMPERATURE (F)   41        69      2009
 MINIMUM TEMPERATURE (F)   22       -12      1895


SUNRISE AND SUNSET
FEBRUARY  7 2016......SUNRISE   720 AM CST   SUNSET   546 PM CST
FEBRUARY  8 2016......SUNRISE   719 AM CST   SUNSET   547 PM CST


-  INDICATES NEGATIVE NUMBERS.
R  INDICATES RECORD WAS SET OR TIED.
MM INDICATES DATA IS MISSING.
T  INDICATES TRACE AMOUNT.


&&

...MISCELLANEOUS CLIMATE DATA FROM YESTERDAY...

LOCATION                HIGH    LOW      PRECIP
ST. JOSEPH               48      21       0.00
DOWNTOWN KANSAS CITY     50      25       0.00
OLATHE NEW CENTURY       48      25       0.00
OLATHE JO CO EXEC        47      27       0.00
LEES SUMMIT              49      27       0.00
KIRKSVILLE               49      21       0.00
CHILLICOTHE              49      24       0.00
SEDALIA                  52      31       0.00
NWS PLEASANT HILL MO     51      25       0.00


THIS PRODUCT...ALONG WITH OTHER WEATHER...HYDROLOGICAL AND CLIMATE
INFORMATION...IS AVAILABLE ON THE WEB AT HTTP://WWW.WEATHER.GOV/EAX
OR AT HTTP://WEATHER.GOV

$$
