000
CDUS43 KEAX 240633
CLIMCI

CLIMATE REPORT
NATIONAL WEATHER SERVICE KANSAS CITY/PLEASANT HILL MO
1232 AM CST THU NOV 24 2016


...................................

...THE KANSAS CITY INTERNATIONAL MO CLIMATE SUMMARY FOR NOVEMBER 23 2016...

CLIMATE NORMAL PERIOD 1981 TO 2010
CLIMATE RECORD PERIOD 1888 TO 2016


WEATHER ITEM   OBSERVED TIME   RECORD YEAR NORMAL DEPARTURE LAST
                VALUE   (LST)  VALUE       VALUE  FROM      YEAR
                                                  NORMAL
..................................................................
TEMPERATURE (F)
 YESTERDAY
  MAXIMUM         57    117 AM  75    1966  49      8       62
  MINIMUM         39   1159 PM   6    1898  31      8       28
  AVERAGE         48                        40      8       45

PRECIPITATION (IN)
  YESTERDAY        T             1.47 1931   0.07  -0.07     0.00
  MONTH TO DATE    0.40                      1.68  -1.28     1.77
  SINCE SEP 1      7.92                      9.46  -1.54     8.78
  SINCE JAN 1     47.35                     36.86  10.49    40.69

SNOWFALL (IN)
  YESTERDAY        0.0           0.7  1983   0.0    0.0      0.0
  MONTH TO DATE    0.0                       0.6   -0.6      0.0
  SINCE SEP 1      0.0                       0.8   -0.8      0.0
  SINCE JUL 1      0.0                       0.8   -0.8      0.0
  SNOW DEPTH       0

DEGREE DAYS
 HEATING
  YESTERDAY       17                        25     -8       20
  MONTH TO DATE  273                       453   -180      332
  SINCE SEP 1    438                       811   -373      578
  SINCE JUL 1    438                       813   -375      581

 COOLING
  YESTERDAY        0                         0      0        0
  MONTH TO DATE   13                         0     13        0
  SINCE SEP 1    288                       185    103      295
  SINCE JAN 1   1585                      1358    227     1370
..................................................................


WIND (MPH)
  HIGHEST WIND SPEED    21   HIGHEST WIND DIRECTION     N (340)
  HIGHEST GUST SPEED    25   HIGHEST GUST DIRECTION     N (340)
  AVERAGE WIND SPEED    10.0


SKY COVER
  POSSIBLE SUNSHINE  MM
  AVERAGE SKY COVER 1.0


WEATHER CONDITIONS
 THE FOLLOWING WEATHER WAS RECORDED YESTERDAY.
  LIGHT RAIN
  FOG
  HAZE


RELATIVE HUMIDITY (PERCENT)
 HIGHEST    86          1200 AM
 LOWEST     70           300 PM
 AVERAGE    78

..........................................................


THE KANSAS CITY INTERNATIONAL MO CLIMATE NORMALS FOR TODAY
                         NORMAL    RECORD    YEAR
 MAXIMUM TEMPERATURE (F)   49        73      1990
 MINIMUM TEMPERATURE (F)   30         9      1950


SUNRISE AND SUNSET
NOVEMBER 24 2016......SUNRISE   713 AM CST   SUNSET   458 PM CST
NOVEMBER 25 2016......SUNRISE   714 AM CST   SUNSET   458 PM CST


-  INDICATES NEGATIVE NUMBERS.
R  INDICATES RECORD WAS SET OR TIED.
MM INDICATES DATA IS MISSING.
T  INDICATES TRACE AMOUNT.


&&

...MISCELLANEOUS CLIMATE DATA FROM YESTERDAY...

LOCATION                HIGH    LOW      PRECIP
ST. JOSEPH               52      39       0.03
DOWNTOWN KANSAS CITY     60      42       0.03
OLATHE NEW CENTURY       59      39       0.00
OLATHE JO CO EXEC        57      39       T
LEES SUMMIT              57      41       T
KIRKSVILLE               52      39       0.01
CHILLICOTHE              56      41       0.07
SEDALIA                  55      43       0.02
NWS PLEASANT HILL MO     55      41       T


THIS PRODUCT...ALONG WITH OTHER WEATHER...HYDROLOGICAL AND CLIMATE
INFORMATION...IS AVAILABLE ON THE WEB AT HTTP://WWW.WEATHER.GOV/EAX
OR AT HTTP://WEATHER.GOV

$$

73
