000
CDUS43 KEAX 260633
CLIMCI

CLIMATE REPORT
NATIONAL WEATHER SERVICE KANSAS CITY/PLEASANT HILL MO
132 AM CDT MON SEP 26 2016


...................................

...THE KANSAS CITY INTERNATIONAL MO CLIMATE SUMMARY FOR SEPTEMBER 25 2016...

CLIMATE NORMAL PERIOD 1981 TO 2010
CLIMATE RECORD PERIOD 1888 TO 2016


WEATHER ITEM   OBSERVED TIME   RECORD YEAR NORMAL DEPARTURE LAST
                VALUE   (LST)  VALUE       VALUE  FROM      YEAR
                                                  NORMAL
..................................................................
TEMPERATURE (F)
 YESTERDAY
  MAXIMUM         69   1230 AM  91    1904  75     -6       83
                                      1898
  MINIMUM         57   1159 PM  38    1926  53      4       63
  AVERAGE         63                        64     -1       73

PRECIPITATION (IN)
  YESTERDAY        0.21          1.89 1910   0.15   0.06     0.00
  MONTH TO DATE    4.94                      3.90   1.04     5.73
  SINCE SEP 1      4.94                      3.90   1.04     5.73
  SINCE JAN 1     44.37                     31.30  13.07    37.64

SNOWFALL (IN)
  YESTERDAY        0.0           0.0    MM   0.0    0.0      0.0
  MONTH TO DATE    0.0                       0.0    0.0      0.0
  SINCE SEP 1      0.0                       0.0    0.0      0.0
  SINCE JUL 1      0.0                       0.0    0.0      0.0
  SNOW DEPTH       0

DEGREE DAYS
 HEATING
  YESTERDAY        2                         4     -2        0
  MONTH TO DATE    3                        41    -38       12
  SINCE SEP 1      3                        41    -38       12
  SINCE JUL 1      3                        43    -40       15

 COOLING
  YESTERDAY        0                         3     -3        8
  MONTH TO DATE  220                       146     74      244
  SINCE SEP 1    220                       146     74      244
  SINCE JAN 1   1517                      1319    198     1319
..................................................................


WIND (MPH)
  HIGHEST WIND SPEED    18   HIGHEST WIND DIRECTION     N (340)
  HIGHEST GUST SPEED    23   HIGHEST GUST DIRECTION     N (350)
  AVERAGE WIND SPEED     6.7


SKY COVER
  POSSIBLE SUNSHINE  MM
  AVERAGE SKY COVER 0.8


WEATHER CONDITIONS
 THE FOLLOWING WEATHER WAS RECORDED YESTERDAY.
  RAIN
  LIGHT RAIN
  FOG
  HAZE


RELATIVE HUMIDITY (PERCENT)
 HIGHEST    93           100 AM
 LOWEST     67           300 PM
 AVERAGE    80

..........................................................


THE KANSAS CITY INTERNATIONAL MO CLIMATE NORMALS FOR TODAY
                         NORMAL    RECORD    YEAR
 MAXIMUM TEMPERATURE (F)   75        95      1938
 MINIMUM TEMPERATURE (F)   53        34      1984


SUNRISE AND SUNSET
SEPTEMBER 26 2016.....SUNRISE   711 AM CDT   SUNSET   709 PM CDT
SEPTEMBER 27 2016.....SUNRISE   712 AM CDT   SUNSET   707 PM CDT


-  INDICATES NEGATIVE NUMBERS.
R  INDICATES RECORD WAS SET OR TIED.
MM INDICATES DATA IS MISSING.
T  INDICATES TRACE AMOUNT.


&&

...MISCELLANEOUS CLIMATE DATA FROM YESTERDAY...

LOCATION                HIGH    LOW      PRECIP
ST. JOSEPH               69      53       0.14
DOWNTOWN KANSAS CITY     71      61       0.18
OLATHE NEW CENTURY       69      58       0.64
OLATHE JO CO EXEC        69      59       0.49
LEES SUMMIT              71      60       0.74
KIRKSVILLE               77      58       T
CHILLICOTHE              74      60       0.00
SEDALIA                  79      61       T
NWS PLEASANT HILL MO     73      60       0.92


THIS PRODUCT...ALONG WITH OTHER WEATHER...HYDROLOGICAL AND CLIMATE
INFORMATION...IS AVAILABLE ON THE WEB AT HTTP://WWW.WEATHER.GOV/EAX
OR AT HTTP://WEATHER.GOV

$$

73
