000
CDUS43 KEAX 060639 CCA
CLIMCI

CLIMATE REPORT
NATIONAL WEATHER SERVICE KANSAS CITY/PLEASANT HILL MO
1233 AM CST FRI JAN 6 2017


...................................

...THE KANSAS CITY INTERNATIONAL MO CLIMATE SUMMARY FOR JANUARY 5 2017...

CLIMATE NORMAL PERIOD 1981 TO 2010
CLIMATE RECORD PERIOD 1888 TO 2017


WEATHER ITEM   OBSERVED TIME   RECORD YEAR NORMAL DEPARTURE LAST
                VALUE   (LST)  VALUE       VALUE  FROM      YEAR
                                                  NORMAL
..................................................................
TEMPERATURE (F)
 YESTERDAY
  MAXIMUM         15   1223 PM  68    1956  38    -23       38
  MINIMUM          2   1159 PM -15    1924  20    -18       20
  AVERAGE          9                        29    -20       29

PRECIPITATION (IN)
  YESTERDAY        0.04          1.20 1946   0.03   0.01     0.00
  MONTH TO DATE    0.38                      0.17   0.21     0.00
  SINCE DEC 1      1.57                      1.70  -0.13     3.24
  SINCE JAN 1      0.38                      0.17   0.21     0.00

SNOWFALL (IN)
  YESTERDAY        0.7          10.1  1962   0.1    0.6      0.0
  MONTH TO DATE    2.2                       0.7    1.5      0.0
  SINCE DEC 1      4.5                       5.5   -1.0      2.5
  SINCE JUL 1      4.5                       6.9   -2.4      2.5
  SNOW DEPTH       2

DEGREE DAYS
 HEATING
  YESTERDAY       56                        36     20       36
  MONTH TO DATE  199                       180     19      181
  SINCE DEC 1   1272                      1220     52      957
  SINCE JUL 1   1856                      2222   -366     1704

 COOLING
  YESTERDAY        0                         0      0        0
  MONTH TO DATE    0                         0      0        0
  SINCE DEC 1      0                         0      0        0
  SINCE JAN 1      0                         0      0        0
..................................................................


WIND (MPH)
  HIGHEST WIND SPEED    17   HIGHEST WIND DIRECTION    NW (300)
  HIGHEST GUST SPEED    22   HIGHEST GUST DIRECTION    NW (310)
  AVERAGE WIND SPEED     8.4


SKY COVER
  POSSIBLE SUNSHINE  MM
  AVERAGE SKY COVER 0.7


WEATHER CONDITIONS
 THE FOLLOWING WEATHER WAS RECORDED YESTERDAY.
  LIGHT SNOW
  FOG


RELATIVE HUMIDITY (PERCENT)
 HIGHEST    84          1200 AM
 LOWEST     58           300 PM
 AVERAGE    71

..........................................................


THE KANSAS CITY INTERNATIONAL MO CLIMATE NORMALS FOR TODAY
                         NORMAL    RECORD    YEAR
 MAXIMUM TEMPERATURE (F)   38        64      1939
 MINIMUM TEMPERATURE (F)   20       -13      1912


SUNRISE AND SUNSET
JANUARY  6 2017.......SUNRISE   739 AM CST   SUNSET   511 PM CST
JANUARY  7 2017.......SUNRISE   739 AM CST   SUNSET   512 PM CST


-  INDICATES NEGATIVE NUMBERS.
R  INDICATES RECORD WAS SET OR TIED.
MM INDICATES DATA IS MISSING.
T  INDICATES TRACE AMOUNT.


&&

...MISCELLANEOUS CLIMATE DATA FROM YESTERDAY...

LOCATION                HIGH    LOW      PRECIP
ST. JOSEPH                M       M       M
DOWNTOWN KANSAS CITY     17       7       0.01
OLATHE NEW CENTURY       15       1       0.02
OLATHE JO CO EXEC        14       5       0.02
LEES SUMMIT              16       4       0.02
KIRKSVILLE               16       0       0.05
CHILLICOTHE              15      -2       M
SEDALIA                  18       6       0.02
NWS PLEASANT HILL MO     16       4       0.05


THIS PRODUCT...ALONG WITH OTHER WEATHER...HYDROLOGICAL AND CLIMATE
INFORMATION...IS AVAILABLE ON THE WEB AT HTTP://WWW.WEATHER.GOV/EAX
OR AT HTTP://WEATHER.GOV

$$
