000
CDUS43 KEAX 110633
CLIMCI

CLIMATE REPORT
NATIONAL WEATHER SERVICE KANSAS CITY/PLEASANT HILL MO
133 AM CDT FRI APR 11 2014


...................................

...THE KANSAS CITY INTERNATIONAL MO CLIMATE SUMMARY FOR APRIL 10 2014...

CLIMATE NORMAL PERIOD 1981 TO 2010
CLIMATE RECORD PERIOD 1888 TO 2014


WEATHER ITEM   OBSERVED TIME   RECORD YEAR NORMAL DEPARTURE LAST
                VALUE   (LST)  VALUE       VALUE  FROM      YEAR
                                                  NORMAL
..................................................................
TEMPERATURE (F)
 YESTERDAY
  MAXIMUM         66   1249 PM  92    1930  64      2       47
  MINIMUM         47   1158 PM  22    1989  42      5       36
  AVERAGE         57                        53      4       42

PRECIPITATION (IN)
  YESTERDAY        0.00          1.81 1944   0.11  -0.11     0.87
  MONTH TO DATE    0.57                      1.02  -0.45     2.15
  SINCE MAR 1      2.18                      3.39  -1.21     4.10
  SINCE JAN 1      3.93                      5.92  -1.99     6.99

SNOWFALL (IN)
  YESTERDAY        0.0           1.1  1997   0.0    0.0      0.0
  MONTH TO DATE    0.0                       0.3   -0.3      0.0
  SINCE MAR 1      3.4                       2.3    1.1      6.1
  SINCE JUL 1     26.0                      18.5    7.5     31.3
  SNOW DEPTH       0

DEGREE DAYS
 HEATING
  YESTERDAY        8                        13     -5       23
  MONTH TO DATE  155                       140     15      139
  SINCE MAR 1    920                       786    134      975
  SINCE JUL 1   5486                      4831    655     4707

 COOLING
  YESTERDAY        0                         1     -1        0
  MONTH TO DATE    0                         4     -4        0
  SINCE MAR 1      0                         7     -7        0
  SINCE JAN 1      0                         7     -7        0
..................................................................


WIND (MPH)
  HIGHEST WIND SPEED    26   HIGHEST WIND DIRECTION     N (20)
  HIGHEST GUST SPEED    33   HIGHEST GUST DIRECTION     S (200)
  AVERAGE WIND SPEED    13.9


SKY COVER
  POSSIBLE SUNSHINE  MM
  AVERAGE SKY COVER 0.6


WEATHER CONDITIONS
 THE FOLLOWING WEATHER WAS RECORDED YESTERDAY.
  NO SIGNIFICANT WEATHER WAS OBSERVED.


RELATIVE HUMIDITY (PERCENT)
 HIGHEST    57           600 AM
 LOWEST     23           600 PM
 AVERAGE    40

..........................................................


THE KANSAS CITY INTERNATIONAL MO CLIMATE NORMALS FOR TODAY
                         NORMAL    RECORD    YEAR
 MAXIMUM TEMPERATURE (F)   64        89      1930
 MINIMUM TEMPERATURE (F)   42        26      1940


SUNRISE AND SUNSET
APRIL 11 2014.........SUNRISE   648 AM CDT   SUNSET   753 PM CDT
APRIL 12 2014.........SUNRISE   646 AM CDT   SUNSET   754 PM CDT


-  INDICATES NEGATIVE NUMBERS.
R  INDICATES RECORD WAS SET OR TIED.
MM INDICATES DATA IS MISSING.
T  INDICATES TRACE AMOUNT.



&&

...MISCELLANEOUS CLIMATE DATA FROM YESTERDAY...

LOCATION                HIGH    LOW      PRECIP
ST. JOSEPH               67      37       0.00
DOWNTOWN KANSAS CITY     70      46       0.00
OLATHE NEW CENTURY       69      42       0.00
OLATHE JO CO EXEC        68      51       0.00
LEES SUMMIT              69      51       0.00
KIRKSVILLE               66      40       0.00
CHILLICOTHE              66      40       0.00
SEDALIA                  73      51       0.00
NWS PLEASANT HILL MO     69      51       0.00


THIS PRODUCT...ALONG WITH OTHER WEATHER...HYDROLOGICAL AND CLIMATE
INFORMATION...IS AVAILABLE ON THE WEB AT HTTP://WWW.CRH.NOAA.GOV/EAX
OR AT HTTP://WEATHER.GOV

$$
