000
CDUS43 KEAX 150640
CLIMCI

CLIMATE REPORT
NATIONAL WEATHER SERVICE KANSAS CITY/PLEASANT HILL MO
135 AM CDT SUN MAY 15 2016


...................................

...THE KANSAS CITY INTERNATIONAL MO CLIMATE SUMMARY FOR MAY 14 2016...

CLIMATE NORMAL PERIOD 1981 TO 2010
CLIMATE RECORD PERIOD 1888 TO 2016


WEATHER ITEM   OBSERVED TIME   RECORD YEAR NORMAL DEPARTURE LAST
                VALUE   (LST)  VALUE       VALUE  FROM      YEAR
                                                  NORMAL
..................................................................
TEMPERATURE (F)
 YESTERDAY
  MAXIMUM         60    448 PM  91    2013  74    -14       74
                                      1941
  MINIMUM         40R  1144 PM  40    1907  54    -14       56
  AVERAGE         50                        64    -14       65

PRECIPITATION (IN)
  YESTERDAY        0.00          2.30 1909   0.17  -0.17     0.76
  MONTH TO DATE    2.82                      2.35   0.47     2.98
  SINCE MAR 1     12.69                      8.42   4.27     7.15
  SINCE JAN 1     13.85                     10.95   2.90     9.33

SNOWFALL (IN)
  YESTERDAY        0.0           0.0    MM   0.0    0.0      0.0
  MONTH TO DATE    0.0                       0.0    0.0      0.0
  SINCE MAR 1      0.6                       2.6   -2.0       T
  SINCE JUL 1      5.9                      18.8  -12.9     14.2
  SNOW DEPTH       0

DEGREE DAYS
 HEATING
  YESTERDAY       15                         4     11        0
  MONTH TO DATE   64                        67     -3       33
  SINCE MAR 1    749                      1042   -293      839
  SINCE JUL 1   4106                      5087   -981     5053

 COOLING
  YESTERDAY        0                         2     -2        0
  MONTH TO DATE   12                        22    -10       27
  SINCE MAR 1     26                        50    -24       36
  SINCE JAN 1     26                        50    -24       36
..................................................................


WIND (MPH)
  HIGHEST WIND SPEED    20   HIGHEST WIND DIRECTION     N (360)
  HIGHEST GUST SPEED    28   HIGHEST GUST DIRECTION    NW (320)
  AVERAGE WIND SPEED    10.8


SKY COVER
  POSSIBLE SUNSHINE  MM
  AVERAGE SKY COVER 0.4


WEATHER CONDITIONS
 THE FOLLOWING WEATHER WAS RECORDED YESTERDAY.
  NO SIGNIFICANT WEATHER WAS OBSERVED.


RELATIVE HUMIDITY (PERCENT)
 HIGHEST    60          1200 AM
 LOWEST     33           500 PM
 AVERAGE    47

..........................................................


THE KANSAS CITY INTERNATIONAL MO CLIMATE NORMALS FOR TODAY
                         NORMAL    RECORD    YEAR
 MAXIMUM TEMPERATURE (F)   75        91      1941
 MINIMUM TEMPERATURE (F)   54        34      1907


SUNRISE AND SUNSET
MAY 15 2016...........SUNRISE   605 AM CDT   SUNSET   826 PM CDT
MAY 16 2016...........SUNRISE   604 AM CDT   SUNSET   827 PM CDT


-  INDICATES NEGATIVE NUMBERS.
R  INDICATES RECORD WAS SET OR TIED.
MM INDICATES DATA IS MISSING.
T  INDICATES TRACE AMOUNT.


&&

...MISCELLANEOUS CLIMATE DATA FROM YESTERDAY...

LOCATION                HIGH    LOW      PRECIP
ST. JOSEPH               62      41       0.00
DOWNTOWN KANSAS CITY     61      46       0.00
OLATHE NEW CENTURY       60      42       0.00
OLATHE JO CO EXEC        59      43       0.00
LEES SUMMIT              59      42       0.00
KIRKSVILLE               58      39       0.00
CHILLICOTHE              62      40       0.00
SEDALIA                  62      44       0.00
NWS PLEASANT HILL MO     59      42       0.00


THIS PRODUCT...ALONG WITH OTHER WEATHER...HYDROLOGICAL AND CLIMATE
INFORMATION...IS AVAILABLE ON THE WEB AT HTTP://WWW.WEATHER.GOV/EAX
OR AT HTTP://WEATHER.GOV

$$
