000
CDUS43 KEAX 092224
CLIMCI

CLIMATE REPORT
NATIONAL WEATHER SERVICE KANSAS CITY/PLEASANT HILL MO
423 PM CST THU FEB 9 2017


...................................

...THE KANSAS CITY INTERNATIONAL MO CLIMATE SUMMARY FOR FEBRUARY 9 2017...
VALID AS OF 0400 PM LOCAL TIME.

CLIMATE NORMAL PERIOD 1981 TO 2010
CLIMATE RECORD PERIOD 1888 TO 2017


WEATHER ITEM   OBSERVED TIME   RECORD YEAR NORMAL DEPARTURE LAST
                VALUE   (LST)  VALUE       VALUE  FROM      YEAR
                                                  NORMAL
..................................................................
TEMPERATURE (F)
 TODAY
  MAXIMUM         35    259 PM  72    1943  41     -6       29
  MINIMUM         12    336 AM -20    1899  22    -10       16
  AVERAGE         24                        32     -8       23

PRECIPITATION (IN)
  TODAY            0.00          0.81 1894   0.05  -0.05     0.00
  MONTH TO DATE    T                         0.43  -0.43     0.40
  SINCE DEC 1      2.58                      3.03  -0.45     4.40
  SINCE JAN 1      1.39                      1.50  -0.11     1.16

SNOWFALL (IN)
  TODAY            0.0           2.5  2001   0.2   -0.2      0.0
  MONTH TO DATE    0.0                       1.9   -1.9       T
  SINCE DEC 1      4.5                      11.3   -6.8      5.3
  SINCE JUL 1      4.5                      12.7   -8.2      5.3
  SNOW DEPTH       0

DEGREE DAYS
 HEATING
  TODAY           41                        33      8       42
  MONTH TO DATE  300                       309     -9      275
  SINCE DEC 1   2378                      2471    -93     2142
  SINCE JUL 1   2962                      3473   -511     2889

 COOLING
  TODAY            0                         0      0        0
  MONTH TO DATE    0                         0      0        0
  SINCE DEC 1      0                         0      0        0
  SINCE JAN 1      0                         0      0        0
..................................................................


WIND (MPH)
  HIGHEST WIND SPEED    14   HIGHEST WIND DIRECTION    SE (130)
  HIGHEST GUST SPEED    19   HIGHEST GUST DIRECTION     N (340)
  AVERAGE WIND SPEED     7.3


SKY COVER
  POSSIBLE SUNSHINE  MM
  AVERAGE SKY COVER 0.7


WEATHER CONDITIONS
 THE FOLLOWING WEATHER WAS RECORDED TODAY.
  HAZE


RELATIVE HUMIDITY (PERCENT)
 HIGHEST    76           300 AM
 LOWEST     32           400 PM
 AVERAGE    54

..........................................................


THE KANSAS CITY INTERNATIONAL MO CLIMATE NORMALS FOR TOMORROW
                         NORMAL    RECORD    YEAR
 MAXIMUM TEMPERATURE (F)   42        75      1932
 MINIMUM TEMPERATURE (F)   22        -7      1982


SUNRISE AND SUNSET
FEBRUARY  9 2017......SUNRISE   717 AM CST   SUNSET   549 PM CST
FEBRUARY 10 2017......SUNRISE   716 AM CST   SUNSET   550 PM CST


-  INDICATES NEGATIVE NUMBERS.
R  INDICATES RECORD WAS SET OR TIED.
MM INDICATES DATA IS MISSING.
T  INDICATES TRACE AMOUNT.


&&

...MISCELLANEOUS CLIMATE DATA FROM TODAY...

LOCATION                HIGH    LOW      PRECIP
ST. JOSEPH               34      13       0.00
DOWNTOWN KANSAS CITY     37      17       0.00
OLATHE NEW CENTURY       37      14       0.00
OLATHE JO CO EXEC        35      15       0.00
LEES SUMMIT              35      16       0.00
KIRKSVILLE               23      10       0.00
CHILLICOTHE              28      14       0.00
SEDALIA                  36      17       0.00
NWS PLEASANT HILL MO     37      15       0.00


THIS PRODUCT...ALONG WITH OTHER WEATHER...HYDROLOGICAL AND CLIMATE
INFORMATION...IS AVAILABLE ON THE WEB AT HTTP://WWW.WEATHER.GOV/EAX
OR AT HTTP://WEATHER.GOV

$$
