000
CDUS43 KEAX 230633
CLIMCI

CLIMATE REPORT
NATIONAL WEATHER SERVICE KANSAS CITY/PLEASANT HILL MO
132 AM CDT MON MAR 23 2015


...................................

...THE KANSAS CITY INTERNATIONAL MO CLIMATE SUMMARY FOR MARCH 22 2015...

CLIMATE NORMAL PERIOD 1981 TO 2010
CLIMATE RECORD PERIOD 1888 TO 2015


WEATHER ITEM   OBSERVED TIME   RECORD YEAR NORMAL DEPARTURE LAST
                VALUE   (LST)  VALUE       VALUE  FROM      YEAR
                                                  NORMAL
..................................................................
TEMPERATURE (F)
 YESTERDAY
  MAXIMUM         73    359 PM  90    1910  58     15       45
                                      1907
  MINIMUM         45    647 AM   8    2002  35     10       26
  AVERAGE         59                        46     13       36

PRECIPITATION (IN)
  YESTERDAY        0.00          1.04 1917   0.09  -0.09      T
  MONTH TO DATE    0.37                      1.57  -1.20     1.34
  SINCE MAR 1      0.37                      1.57  -1.20     1.34
  SINCE JAN 1      2.55                      4.10  -1.55     3.09

SNOWFALL (IN)
  YESTERDAY        0.0           1.7  1933   0.1   -0.1       T
  MONTH TO DATE    T                         1.6   -1.6      3.2
  SINCE MAR 1      T                         1.6   -1.6      3.2
  SINCE JUL 1     14.2                      17.8   -3.6     25.8
  SNOW DEPTH       0

DEGREE DAYS
 HEATING
  YESTERDAY        6                        19    -13       29
  MONTH TO DATE  404                       494    -90      571
  SINCE MAR 1    404                       494    -90      571
  SINCE JUL 1   4618                      4539     79     5137

 COOLING
  YESTERDAY        0                         0      0        0
  MONTH TO DATE    2                         0      2        0
  SINCE MAR 1      2                         0      2        0
  SINCE JAN 1      2                         0      2        0
..................................................................


WIND (MPH)
  HIGHEST WIND SPEED    17   HIGHEST WIND DIRECTION    SE (140)
  HIGHEST GUST SPEED    23   HIGHEST GUST DIRECTION    SE (150)
  AVERAGE WIND SPEED     7.8


SKY COVER
  POSSIBLE SUNSHINE  MM
  AVERAGE SKY COVER 0.2


WEATHER CONDITIONS
 THE FOLLOWING WEATHER WAS RECORDED YESTERDAY.
  NO SIGNIFICANT WEATHER WAS OBSERVED.


RELATIVE HUMIDITY (PERCENT)
 HIGHEST    80           800 AM
 LOWEST     29           500 PM
 AVERAGE    55

..........................................................


THE KANSAS CITY INTERNATIONAL MO CLIMATE NORMALS FOR TODAY
                         NORMAL    RECORD    YEAR
 MAXIMUM TEMPERATURE (F)   58        87      1910
 MINIMUM TEMPERATURE (F)   36        15      1974


SUNRISE AND SUNSET
MARCH 23 2015.........SUNRISE   718 AM CDT   SUNSET   734 PM CDT
MARCH 24 2015.........SUNRISE   716 AM CDT   SUNSET   735 PM CDT


-  INDICATES NEGATIVE NUMBERS.
R  INDICATES RECORD WAS SET OR TIED.
MM INDICATES DATA IS MISSING.
T  INDICATES TRACE AMOUNT.




&&

...MISCELLANEOUS CLIMATE DATA FROM YESTERDAY...

LOCATION                HIGH    LOW      PRECIP
ST. JOSEPH               75      38       0.00
DOWNTOWN KANSAS CITY     75      45       0.00
OLATHE NEW CENTURY       72      42       0.00
OLATHE JO CO EXEC        72      46       0.00
LEES SUMMIT              73      44       0.00
KIRKSVILLE               65      36       0.00
CHILLICOTHE              71      38       0.00
SEDALIA                  74      43       0.00
NWS PLEASANT HILL MO     72      40       0.00


THIS PRODUCT...ALONG WITH OTHER WEATHER...HYDROLOGICAL AND CLIMATE
INFORMATION...IS AVAILABLE ON THE WEB AT HTTP://WWW.CRH.NOAA.GOV/EAX
OR AT HTTP://WEATHER.GOV

$$

MJ
