306
CDUS43 KEAX 100035
CLIMCI

CLIMATE REPORT
NATIONAL WEATHER SERVICE KANSAS CITY/PLEASANT HILL MO
634 PM CST SAT DEC 9 2017


...................................

...THE KANSAS CITY INTERNATIONAL MO CLIMATE SUMMARY FOR DECEMBER 9 2017...
VALID TODAY AS OF 0600 PM LOCAL TIME.

CLIMATE NORMAL PERIOD 1981 TO 2010
CLIMATE RECORD PERIOD 1888 TO 2017


WEATHER ITEM   OBSERVED TIME   RECORD YEAR NORMAL DEPARTURE LAST
                VALUE   (LST)  VALUE       VALUE  FROM      YEAR
                                                  NORMAL
..................................................................
TEMPERATURE (F)
 TODAY
  MAXIMUM         39    320 PM  68    1897  42     -3       28
  MINIMUM         24   1236 AM  -5    2005  24      0       11
  AVERAGE         32                        33     -1       20

PRECIPITATION (IN)
  TODAY            0.00          1.51 1911   0.06  -0.06     0.00
  MONTH TO DATE    T                         0.53  -0.53     0.66
  SINCE DEC 1      T                         0.53  -0.53     0.66
  SINCE JAN 1     45.83                     37.86   7.97    48.12

SNOWFALL (IN)
  TODAY            0.0           7.5  1944   0.1   -0.1      0.0
  MONTH TO DATE    T                         1.2   -1.2      0.3
  SINCE DEC 1      T                         1.2   -1.2      0.3
  SINCE JUL 1      T                         2.6   -2.6      0.3
  SNOW DEPTH       0

DEGREE DAYS
 HEATING
  TODAY           33                        32      1       45
  MONTH TO DATE  236                       276    -40      300
  SINCE DEC 1    236                       276    -40      300
  SINCE JUL 1   1116                      1278   -162      884

 COOLING
  TODAY            0                         0      0        0
  MONTH TO DATE    0                         0      0        0
  SINCE DEC 1      0                         0      0        0
  SINCE JAN 1   1325                      1360    -35     1585
..................................................................


WIND (MPH)
  HIGHEST WIND SPEED    18   HIGHEST WIND DIRECTION    NW (320)
  HIGHEST GUST SPEED    24   HIGHEST GUST DIRECTION     N (350)
  AVERAGE WIND SPEED    11.1


SKY COVER
  POSSIBLE SUNSHINE  MM
  AVERAGE SKY COVER 0.1


WEATHER CONDITIONS
 THE FOLLOWING WEATHER WAS RECORDED TODAY.
  FOG


RELATIVE HUMIDITY (PERCENT)
 HIGHEST    88          1200 AM
 LOWEST     44           200 PM
 AVERAGE    66

..........................................................


THE KANSAS CITY INTERNATIONAL MO CLIMATE NORMALS FOR TOMORROW
                         NORMAL    RECORD    YEAR
 MAXIMUM TEMPERATURE (F)   41        69      1970
 MINIMUM TEMPERATURE (F)   24        -5      1919


SUNRISE AND SUNSET
DECEMBER  9 2017......SUNRISE   727 AM CST   SUNSET   456 PM CST
DECEMBER 10 2017......SUNRISE   728 AM CST   SUNSET   456 PM CST


-  INDICATES NEGATIVE NUMBERS.
R  INDICATES RECORD WAS SET OR TIED.
MM INDICATES DATA IS MISSING.
T  INDICATES TRACE AMOUNT.


&&

...MISCELLANEOUS CLIMATE DATA FROM TODAY...

LOCATION                HIGH    LOW      PRECIP
ST. JOSEPH               39      23       0.00
DOWNTOWN KANSAS CITY     41      29       0.00
OLATHE NEW CENTURY       41      26       0.00
OLATHE JO CO EXEC        40      27       0.00
LEES SUMMIT              40      29       0.00
KIRKSVILLE               32      23       0.00
CHILLICOTHE              34      25       0.00
SEDALIA                  40      28       0.00
NWS PLEASANT HILL MO     40      26       0.00


THIS PRODUCT...ALONG WITH OTHER WEATHER...HYDROLOGICAL AND CLIMATE
INFORMATION...IS AVAILABLE ON THE WEB AT HTTP://WWW.WEATHER.GOV/EAX
OR AT HTTP://WEATHER.GOV

$$

JW
