000
CDUS43 KEAX 170633
CLIMCI

CLIMATE REPORT
NATIONAL WEATHER SERVICE KANSAS CITY/PLEASANT HILL MO
131 AM CDT WED AUG 17 2016


...................................

...THE KANSAS CITY INTERNATIONAL MO CLIMATE SUMMARY FOR AUGUST 16 2016...

CLIMATE NORMAL PERIOD 1981 TO 2010
CLIMATE RECORD PERIOD 1888 TO 2016


WEATHER ITEM   OBSERVED TIME   RECORD YEAR NORMAL DEPARTURE LAST
                VALUE   (LST)  VALUE       VALUE  FROM      YEAR
                                                  NORMAL
..................................................................
TEMPERATURE (F)
 YESTERDAY
  MAXIMUM         89    342 PM 104    1983  88      1       89
                                      1956
                                      1936
  MINIMUM         62    606 AM  53    1992  67     -5       64
  AVERAGE         76                        78     -2       77

PRECIPITATION (IN)
  YESTERDAY        0.00          3.10 1990   0.12  -0.12     0.00
  MONTH TO DATE    0.51                      1.93  -1.42     0.35
  SINCE JUN 1     10.25                     11.61  -1.36    14.68
  SINCE JAN 1     30.78                     25.44   5.34    31.28

SNOWFALL (IN)
  YESTERDAY        0.0           0.0    MM   0.0    0.0      0.0
  MONTH TO DATE    0.0                       0.0    0.0      0.0
  SINCE JUN 1      0.0                       0.0    0.0      0.0
  SINCE JUL 1      0.0                       0.0    0.0      0.0
  SNOW DEPTH       0

DEGREE DAYS
 HEATING
  YESTERDAY        0                         0      0        0
  MONTH TO DATE    0                         0      0        0
  SINCE JUN 1      0                         9     -9        5
  SINCE JUL 1      0                         0      0        2

 COOLING
  YESTERDAY       11                        13     -2       12
  MONTH TO DATE  220                       209     11      202
  SINCE JUN 1   1065                       889    176      905
  SINCE JAN 1   1136                      1005    131      973
..................................................................


WIND (MPH)
  HIGHEST WIND SPEED    16   HIGHEST WIND DIRECTION     S (160)
  HIGHEST GUST SPEED    21   HIGHEST GUST DIRECTION    SE (150)
  AVERAGE WIND SPEED     6.9


SKY COVER
  POSSIBLE SUNSHINE  MM
  AVERAGE SKY COVER 0.2


WEATHER CONDITIONS
 THE FOLLOWING WEATHER WAS RECORDED YESTERDAY.
  FOG
  HAZE


RELATIVE HUMIDITY (PERCENT)
 HIGHEST    93           200 AM
 LOWEST     40           300 PM
 AVERAGE    67

..........................................................


THE KANSAS CITY INTERNATIONAL MO CLIMATE NORMALS FOR TODAY
                         NORMAL    RECORD    YEAR
 MAXIMUM TEMPERATURE (F)   88       108      1936
 MINIMUM TEMPERATURE (F)   67        53      2012


SUNRISE AND SUNSET
AUGUST 17 2016........SUNRISE   634 AM CDT   SUNSET   811 PM CDT
AUGUST 18 2016........SUNRISE   635 AM CDT   SUNSET   809 PM CDT


-  INDICATES NEGATIVE NUMBERS.
R  INDICATES RECORD WAS SET OR TIED.
MM INDICATES DATA IS MISSING.
T  INDICATES TRACE AMOUNT.


&&

...MISCELLANEOUS CLIMATE DATA FROM YESTERDAY...

LOCATION                HIGH    LOW      PRECIP
ST. JOSEPH               87      62       0.00
DOWNTOWN KANSAS CITY     90      67       0.00
OLATHE NEW CENTURY       87      61       0.00
OLATHE JO CO EXEC        86      62       0.00
LEES SUMMIT              87      65       0.00
KIRKSVILLE               87      61       0.00
CHILLICOTHE              87      64       0.00
SEDALIA                  87      66       0.00
NWS PLEASANT HILL MO     89      62       0.00


THIS PRODUCT...ALONG WITH OTHER WEATHER...HYDROLOGICAL AND CLIMATE
INFORMATION...IS AVAILABLE ON THE WEB AT HTTP://WWW.WEATHER.GOV/EAX
OR AT HTTP://WEATHER.GOV

$$
