516
CDUS43 KEAX 180632
CLIMCI

CLIMATE REPORT
NATIONAL WEATHER SERVICE KANSAS CITY/PLEASANT HILL MO
1231 AM CST SAT FEB 18 2017


...................................

...THE KANSAS CITY INTERNATIONAL MO CLIMATE SUMMARY FOR FEBRUARY 17 2017...

CLIMATE NORMAL PERIOD 1981 TO 2010
CLIMATE RECORD PERIOD 1888 TO 2017


WEATHER ITEM   OBSERVED TIME   RECORD YEAR NORMAL DEPARTURE LAST
                VALUE   (LST)  VALUE       VALUE  FROM      YEAR
                                                  NORMAL
..................................................................
TEMPERATURE (F)
 YESTERDAY
  MAXIMUM         74R   357 PM  74    2011  44     30       61
  MINIMUM         44    731 AM  -9    1903  24     20       26
  AVERAGE         59                        34     25       44

PRECIPITATION (IN)
  YESTERDAY        0.00          1.69 1961   0.05  -0.05     0.00
  MONTH TO DATE    T                         0.84  -0.84     0.40
  SINCE DEC 1      2.58                      3.44  -0.86     4.40
  SINCE JAN 1      1.39                      1.91  -0.52     1.16

SNOWFALL (IN)
  YESTERDAY        0.0           6.0  1893   0.2   -0.2      0.0
  MONTH TO DATE    0.0                       3.6   -3.6       T
  SINCE DEC 1      4.5                      13.0   -8.5      5.3
  SINCE JUL 1      4.5                      14.4   -9.9      5.3
  SNOW DEPTH       0

DEGREE DAYS
 HEATING
  YESTERDAY        6                        31    -25       21
  MONTH TO DATE  434                       566   -132      532
  SINCE DEC 1   2512                      2728   -216     2399
  SINCE JUL 1   3096                      3730   -634     3146

 COOLING
  YESTERDAY        0                         0      0        0
  MONTH TO DATE    0                         0      0        0
  SINCE DEC 1      0                         0      0        0
  SINCE JAN 1      0                         0      0        0
..................................................................


WIND (MPH)
  HIGHEST WIND SPEED    23   HIGHEST WIND DIRECTION     S (200)
  HIGHEST GUST SPEED    29   HIGHEST GUST DIRECTION     S (200)
  AVERAGE WIND SPEED    13.6


SKY COVER
  POSSIBLE SUNSHINE  MM
  AVERAGE SKY COVER 0.1


WEATHER CONDITIONS
 THE FOLLOWING WEATHER WAS RECORDED YESTERDAY.
  NO SIGNIFICANT WEATHER WAS OBSERVED.


RELATIVE HUMIDITY (PERCENT)
 HIGHEST    65           600 AM
 LOWEST     22           300 PM
 AVERAGE    44

..........................................................


THE KANSAS CITY INTERNATIONAL MO CLIMATE NORMALS FOR TODAY
                         NORMAL    RECORD    YEAR
 MAXIMUM TEMPERATURE (F)   44        74      2016
                                             1930
 MINIMUM TEMPERATURE (F)   25        -7      1903


SUNRISE AND SUNSET
FEBRUARY 18 2017......SUNRISE   706 AM CST   SUNSET   600 PM CST
FEBRUARY 19 2017......SUNRISE   705 AM CST   SUNSET   601 PM CST


-  INDICATES NEGATIVE NUMBERS.
R  INDICATES RECORD WAS SET OR TIED.
MM INDICATES DATA IS MISSING.
T  INDICATES TRACE AMOUNT.


&&

...MISCELLANEOUS CLIMATE DATA FROM YESTERDAY...

LOCATION                HIGH    LOW      PRECIP
ST. JOSEPH               74      42       0.00
DOWNTOWN KANSAS CITY     76      46       0.00
OLATHE NEW CENTURY       74      34       0.00
OLATHE JO CO EXEC        72      38       0.00
LEES SUMMIT              75      43       0.00
KIRKSVILLE               74      45       0.00
CHILLICOTHE              74      40       0.00
SEDALIA                  75      47       0.00
NWS PLEASANT HILL MO     74      42       0.00


THIS PRODUCT...ALONG WITH OTHER WEATHER...HYDROLOGICAL AND CLIMATE
INFORMATION...IS AVAILABLE ON THE WEB AT HTTP://WWW.WEATHER.GOV/EAX
OR AT HTTP://WEATHER.GOV

$$

JW
