000
CDUS43 KEAX 160634
CLIMCI

CLIMATE REPORT
NATIONAL WEATHER SERVICE KANSAS CITY/PLEASANT HILL MO
133 AM CDT SAT AUG 16 2014


...................................

...THE KANSAS CITY INTERNATIONAL MO CLIMATE SUMMARY FOR AUGUST 15 2014...

CLIMATE NORMAL PERIOD 1981 TO 2010
CLIMATE RECORD PERIOD 1888 TO 2014


WEATHER ITEM   OBSERVED TIME   RECORD YEAR NORMAL DEPARTURE LAST
                VALUE   (LST)  VALUE       VALUE  FROM      YEAR
                                                  NORMAL
..................................................................
TEMPERATURE (F)
 YESTERDAY
  MAXIMUM         81    231 PM 110    1936  88     -7       70
  MINIMUM         68    543 AM  49    1994  67      1       62
  AVERAGE         75                        78     -3       66

PRECIPITATION (IN)
  YESTERDAY        0.06          7.45 1969   0.12  -0.06     0.14
  MONTH TO DATE    4.58                      1.81   2.77     2.12
  SINCE JUN 1     14.53                     11.49   3.04     7.74
  SINCE JAN 1     23.15                     25.32  -2.17    22.67

SNOWFALL (IN)
  YESTERDAY        0.0           0.0    MM   0.0    0.0      0.0
  MONTH TO DATE    0.0                       0.0    0.0      0.0
  SINCE JUN 1      0.0                       0.0    0.0      0.0
  SINCE JUL 1      0.0                       0.0    0.0      0.0
  SNOW DEPTH       0

DEGREE DAYS
 HEATING
  YESTERDAY        0                         0      0        0
  MONTH TO DATE    0                         0      0        0
  SINCE JUN 1      3                         9     -6       17
  SINCE JUL 1      2                         0      2        0

 COOLING
  YESTERDAY       10                        13     -3        1
  MONTH TO DATE  149                       196    -47      132
  SINCE JUN 1    712                       876   -164      775
  SINCE JAN 1    873                       992   -119      880
..................................................................


WIND (MPH)
  HIGHEST WIND SPEED    23   HIGHEST WIND DIRECTION    SE (130)
  HIGHEST GUST SPEED    28   HIGHEST GUST DIRECTION    SE (140)
  AVERAGE WIND SPEED    11.2


SKY COVER
  POSSIBLE SUNSHINE  MM
  AVERAGE SKY COVER 0.7


WEATHER CONDITIONS
 THE FOLLOWING WEATHER WAS RECORDED YESTERDAY.
  RAIN
  LIGHT RAIN


RELATIVE HUMIDITY (PERCENT)
 HIGHEST    93           800 PM
 LOWEST     69           800 AM
 AVERAGE    81

..........................................................


THE KANSAS CITY INTERNATIONAL MO CLIMATE NORMALS FOR TODAY
                         NORMAL    RECORD    YEAR
 MAXIMUM TEMPERATURE (F)   88       104      1983
                                             1956
                                             1936
 MINIMUM TEMPERATURE (F)   67        53      1992


SUNRISE AND SUNSET
AUGUST 16 2014........SUNRISE   633 AM CDT   SUNSET   813 PM CDT
AUGUST 17 2014........SUNRISE   634 AM CDT   SUNSET   812 PM CDT


-  INDICATES NEGATIVE NUMBERS.
R  INDICATES RECORD WAS SET OR TIED.
MM INDICATES DATA IS MISSING.
T  INDICATES TRACE AMOUNT.



&&

...MISCELLANEOUS CLIMATE DATA FROM YESTERDAY...

LOCATION                HIGH    LOW      PRECIP
ST. JOSEPH               77      64       0.27
DOWNTOWN KANSAS CITY     85      70       0.01
OLATHE NEW CENTURY       83      66       0.02
OLATHE JO CO EXEC        83      66       0.02
LEES SUMMIT              84      68       0.02
KIRKSVILLE               75      66       0.46
CHILLICOTHE              72      65       1.58
SEDALIA                  85      63       0.02
NWS PLEASANT HILL MO     76      63       0.15


THIS PRODUCT...ALONG WITH OTHER WEATHER...HYDROLOGICAL AND CLIMATE
INFORMATION...IS AVAILABLE ON THE WEB AT HTTP://WWW.CRH.NOAA.GOV/EAX
OR AT HTTP://WEATHER.GOV

$$

CUTTER
