000
CDUS43 KEAX 210641
CLIMCI

CLIMATE REPORT
NATIONAL WEATHER SERVICE KANSAS CITY/PLEASANT HILL MO
140 AM CDT SUN MAY 21 2017


...................................

...THE KANSAS CITY INTERNATIONAL MO CLIMATE SUMMARY FOR MAY 20 2017...

CLIMATE NORMAL PERIOD 1981 TO 2010
CLIMATE RECORD PERIOD 1888 TO 2017


WEATHER ITEM   OBSERVED TIME   RECORD YEAR NORMAL DEPARTURE LAST
                VALUE   (LST)  VALUE       VALUE  FROM      YEAR
                                                  NORMAL
..................................................................
TEMPERATURE (F)
 YESTERDAY
  MAXIMUM         63    703 AM  90    1970  76    -13       67
                                      1964
                                      1959
  MINIMUM         49   1159 PM  40    1981  55     -6       54
  AVERAGE         56                        66    -10       61

PRECIPITATION (IN)
  YESTERDAY        0.07          2.10 1899   0.18  -0.11     0.01
  MONTH TO DATE    4.69                      3.38   1.31     3.58
  SINCE MAR 1     14.14                      9.45   4.69    13.45
  SINCE JAN 1     15.59                     11.98   3.61    14.61

SNOWFALL (IN)
  YESTERDAY        0.0           0.0    MM   0.0    0.0      0.0
  MONTH TO DATE    0.0                       0.0    0.0      0.0
  SINCE MAR 1      0.4                       2.6   -2.2      0.6
  SINCE JUL 1      4.9                      18.8  -13.9      5.9
  SNOW DEPTH       0

DEGREE DAYS
 HEATING
  YESTERDAY        9                         3      6        4
  MONTH TO DATE   76                        85     -9      117
  SINCE MAR 1    859                      1060   -201      802
  SINCE JUL 1   4113                      5105   -992     4159

 COOLING
  YESTERDAY        0                         3     -3        0
  MONTH TO DATE   56                        40     16       12
  SINCE MAR 1     89                        68     21       26
  SINCE JAN 1     89                        68     21       26
..................................................................


WIND (MPH)
  HIGHEST WIND SPEED    23   HIGHEST WIND DIRECTION     W (260)
  HIGHEST GUST SPEED    30   HIGHEST GUST DIRECTION     E (110)
  AVERAGE WIND SPEED    11.9


SKY COVER
  POSSIBLE SUNSHINE  MM
  AVERAGE SKY COVER 1.0


WEATHER CONDITIONS
 THE FOLLOWING WEATHER WAS RECORDED YESTERDAY.
  LIGHT RAIN
  FOG


RELATIVE HUMIDITY (PERCENT)
 HIGHEST    93          1200 AM
 LOWEST     64           400 PM
 AVERAGE    79

..........................................................


THE KANSAS CITY INTERNATIONAL MO CLIMATE NORMALS FOR TODAY
                         NORMAL    RECORD    YEAR
 MAXIMUM TEMPERATURE (F)   76        97      1956
 MINIMUM TEMPERATURE (F)   56        38      1892


SUNRISE AND SUNSET
MAY 21 2017...........SUNRISE   600 AM CDT   SUNSET   831 PM CDT
MAY 22 2017...........SUNRISE   600 AM CDT   SUNSET   832 PM CDT


-  INDICATES NEGATIVE NUMBERS.
R  INDICATES RECORD WAS SET OR TIED.
MM INDICATES DATA IS MISSING.
T  INDICATES TRACE AMOUNT.


&&

...MISCELLANEOUS CLIMATE DATA FROM YESTERDAY...

LOCATION                HIGH    LOW      PRECIP
ST. JOSEPH               64      51       0.02
DOWNTOWN KANSAS CITY     65      53       0.03
OLATHE NEW CENTURY       63      49       0.05
OLATHE JO CO EXEC        63      48       0.05
LEES SUMMIT              66      51       0.12
KIRKSVILLE               74      50       0.09
CHILLICOTHE              73      54       0.14
SEDALIA                  72      55       0.23
NWS PLEASANT HILL MO     68      51       0.15


THIS PRODUCT...ALONG WITH OTHER WEATHER...HYDROLOGICAL AND CLIMATE
INFORMATION...IS AVAILABLE ON THE WEB AT HTTP://WWW.WEATHER.GOV/EAX
OR AT HTTP://WEATHER.GOV

$$

CDB
