000
CDUS43 KEAX 250044
CLIMCI

CLIMATE REPORT
NATIONAL WEATHER SERVICE KANSAS CITY/PLEASANT HILL MO
643 PM CST TUE FEB 24 2015


...................................

...THE KANSAS CITY INTERNATIONAL MO CLIMATE SUMMARY FOR FEBRUARY 24 2015...
VALID TODAY AS OF 0600 PM LOCAL TIME.

CLIMATE NORMAL PERIOD 1981 TO 2010
CLIMATE RECORD PERIOD 1888 TO 2015


WEATHER ITEM   OBSERVED TIME   RECORD YEAR NORMAL DEPARTURE LAST
                VALUE   (LST)  VALUE       VALUE  FROM      YEAR
                                                  NORMAL
..................................................................
TEMPERATURE (F)
 TODAY
  MAXIMUM         45    500 PM  81    1930  47     -2       36
  MINIMUM         11        MM   2    2010  27    -16       23
                                      2003
  AVERAGE         28                        37     -9       30

PRECIPITATION (IN)
  TODAY            0.00          1.17 1892   0.06  -0.06     0.00
  MONTH TO DATE    0.87                      1.23  -0.36     1.36
  SINCE DEC 1      3.91                      3.83   0.08     2.55
  SINCE JAN 1      2.07                      2.30  -0.23     1.75

SNOWFALL (IN)
  TODAY            0.0           6.2  2011   0.1   -0.1      0.0
  MONTH TO DATE    7.5                       4.8    2.7     11.3
  SINCE DEC 1     12.4                      14.2   -1.8     22.6
  SINCE JUL 1     12.9                      15.6   -2.7     22.6
  SNOW DEPTH       0

DEGREE DAYS
 HEATING
  TODAY           37                        28      9       35
  MONTH TO DATE  928                       772    156      960
  SINCE DEC 1   2909                      2934    -25     3339
  SINCE JUL 1   4030                      3936     94     4404

 COOLING
  TODAY            0                         0      0        0
  MONTH TO DATE    0                         0      0        0
  SINCE DEC 1      0                         0      0        0
  SINCE JAN 1      0                         0      0        0
..................................................................


WIND (MPH)
  HIGHEST WIND SPEED    21   HIGHEST WIND DIRECTION    SW (240)
  HIGHEST GUST SPEED    25   HIGHEST GUST DIRECTION    SW (240)
  AVERAGE WIND SPEED    13.2


SKY COVER
  POSSIBLE SUNSHINE  MM
  AVERAGE SKY COVER 0.1


WEATHER CONDITIONS
 THE FOLLOWING WEATHER WAS RECORDED TODAY.
  NO SIGNIFICANT WEATHER WAS OBSERVED.


RELATIVE HUMIDITY (PERCENT)
 HIGHEST    73          1200 AM
 LOWEST     41           300 PM
 AVERAGE    57

..........................................................


THE KANSAS CITY INTERNATIONAL MO CLIMATE NORMALS FOR TOMORROW
                         NORMAL    RECORD    YEAR
 MAXIMUM TEMPERATURE (F)   47        77      1995
 MINIMUM TEMPERATURE (F)   27         0      2003


SUNRISE AND SUNSET
FEBRUARY 24 2015......SUNRISE   659 AM CST   SUNSET   606 PM CST
FEBRUARY 25 2015......SUNRISE   658 AM CST   SUNSET   607 PM CST


-  INDICATES NEGATIVE NUMBERS.
R  INDICATES RECORD WAS SET OR TIED.
MM INDICATES DATA IS MISSING.
T  INDICATES TRACE AMOUNT.




&&

...MISCELLANEOUS CLIMATE DATA FROM TODAY...

LOCATION                HIGH    LOW      PRECIP
ST. JOSEPH               46      14       0.00
DOWNTOWN KANSAS CITY     47      18       0.00
OLATHE NEW CENTURY       44      16       0.00
OLATHE JO CO EXEC        44      17       0.00
LEES SUMMIT              45      16       0.00
KIRKSVILLE               39       8       0.00
CHILLICOTHE              44      10       0.00
SEDALIA                  43      14       0.00
NWS PLEASANT HILL MO     44      14       0.00


THIS PRODUCT...ALONG WITH OTHER WEATHER...HYDROLOGICAL AND CLIMATE
INFORMATION...IS AVAILABLE ON THE WEB AT HTTP://WWW.CRH.NOAA.GOV/EAX
OR AT HTTP://WEATHER.GOV

$$

PM
