000
CDUS43 KEAX 150032
CLIMCI

CLIMATE REPORT
NATIONAL WEATHER SERVICE KANSAS CITY/PLEASANT HILL MO
631 PM CST TUE FEB 14 2017


...................................

...THE KANSAS CITY INTERNATIONAL MO CLIMATE SUMMARY FOR FEBRUARY 14 2017...
VALID TODAY AS OF 0600 PM LOCAL TIME.

CLIMATE NORMAL PERIOD 1981 TO 2010
CLIMATE RECORD PERIOD 1888 TO 2017


WEATHER ITEM   OBSERVED TIME   RECORD YEAR NORMAL DEPARTURE LAST
                VALUE   (LST)  VALUE       VALUE  FROM      YEAR
                                                  NORMAL
..................................................................
TEMPERATURE (F)
 TODAY
  MAXIMUM         55    341 PM  76    1954  43     12       50
  MINIMUM         33    802 AM  -4    1936  23     10       21
  AVERAGE         44                        33     11       36

PRECIPITATION (IN)
  TODAY            0.00          0.71 1908   0.05  -0.05     0.00
  MONTH TO DATE    T                         0.69  -0.69     0.40
  SINCE DEC 1      2.58                      3.29  -0.71     4.40
  SINCE JAN 1      1.39                      1.76  -0.37     1.16

SNOWFALL (IN)
  TODAY            0.0           5.8  1897   0.2   -0.2      0.0
  MONTH TO DATE    0.0                       2.9   -2.9       T
  SINCE DEC 1      4.5                      12.3   -7.8      5.3
  SINCE JUL 1      4.5                      13.7   -9.2      5.3
  SNOW DEPTH       0

DEGREE DAYS
 HEATING
  TODAY           21                        32    -11       29
  MONTH TO DATE  391                       472    -81      458
  SINCE DEC 1   2469                      2634   -165     2325
  SINCE JUL 1   3053                      3636   -583     3072

 COOLING
  TODAY            0                         0      0        0
  MONTH TO DATE    0                         0      0        0
  SINCE DEC 1      0                         0      0        0
  SINCE JAN 1      0                         0      0        0
..................................................................


WIND (MPH)
  HIGHEST WIND SPEED    17   HIGHEST WIND DIRECTION     N (360)
  HIGHEST GUST SPEED    20   HIGHEST GUST DIRECTION     N (10)
  AVERAGE WIND SPEED     8.1


SKY COVER
  POSSIBLE SUNSHINE  MM
  AVERAGE SKY COVER 0.7


WEATHER CONDITIONS
 THE FOLLOWING WEATHER WAS RECORDED TODAY.
  HAZE


RELATIVE HUMIDITY (PERCENT)
 HIGHEST    75           600 AM
 LOWEST     30           500 PM
 AVERAGE    53

..........................................................


THE KANSAS CITY INTERNATIONAL MO CLIMATE NORMALS FOR TOMORROW
                         NORMAL    RECORD    YEAR
 MAXIMUM TEMPERATURE (F)   43        72      1911
 MINIMUM TEMPERATURE (F)   24        -6      1936


SUNRISE AND SUNSET
FEBRUARY 14 2017......SUNRISE   712 AM CST   SUNSET   555 PM CST
FEBRUARY 15 2017......SUNRISE   710 AM CST   SUNSET   556 PM CST


-  INDICATES NEGATIVE NUMBERS.
R  INDICATES RECORD WAS SET OR TIED.
MM INDICATES DATA IS MISSING.
T  INDICATES TRACE AMOUNT.


&&

...MISCELLANEOUS CLIMATE DATA FROM TODAY...

LOCATION                HIGH    LOW      PRECIP
ST. JOSEPH               56      24       0.00
DOWNTOWN KANSAS CITY     56      37       0.00
OLATHE NEW CENTURY       53      34       0.00
OLATHE JO CO EXEC        52      36       0.00
LEES SUMMIT              54      35       0.00
KIRKSVILLE               57      32       0.00
CHILLICOTHE              58      28       0.00
SEDALIA                  54      38       0.00
NWS PLEASANT HILL MO     53      35       0.00


THIS PRODUCT...ALONG WITH OTHER WEATHER...HYDROLOGICAL AND CLIMATE
INFORMATION...IS AVAILABLE ON THE WEB AT HTTP://WWW.WEATHER.GOV/EAX
OR AT HTTP://WEATHER.GOV

$$
