000
CDUS43 KEAX 070034
CLIMCI

CLIMATE REPORT
NATIONAL WEATHER SERVICE KANSAS CITY/PLEASANT HILL MO
633 PM CST SAT JAN 6 2018


...................................

...THE KANSAS CITY INTERNATIONAL MO CLIMATE SUMMARY FOR JANUARY 6 2018...
VALID TODAY AS OF 0600 PM LOCAL TIME.

CLIMATE NORMAL PERIOD 1981 TO 2010
CLIMATE RECORD PERIOD 1888 TO 2018


WEATHER ITEM   OBSERVED TIME   RECORD YEAR NORMAL DEPARTURE LAST
                VALUE   (LST)  VALUE       VALUE  FROM      YEAR
                                                  NORMAL
..................................................................
TEMPERATURE (F)
 TODAY
  MAXIMUM         30    337 PM  64    1939  38     -8       13
  MINIMUM         11    807 AM -13    1912  20     -9       -4
  AVERAGE         21                        29     -8        5

PRECIPITATION (IN)
  TODAY            0.00          0.45 1916   0.03  -0.03     0.00
  MONTH TO DATE    0.00                      0.20  -0.20     0.38
  SINCE DEC 1      0.19                      1.73  -1.54     1.57
  SINCE JAN 1      0.00                      0.20  -0.20     0.38

SNOWFALL (IN)
  TODAY            0.0           5.0  1916   0.1   -0.1      0.0
  MONTH TO DATE    0.0                       0.8   -0.8      2.2
  SINCE DEC 1      2.2                       5.6   -3.4      4.5
  SINCE JUL 1      2.2                       7.0   -4.8      4.5
  SNOW DEPTH       0

DEGREE DAYS
 HEATING
  TODAY           44                        36      8       60
  MONTH TO DATE  312                       216     96      259
  SINCE DEC 1   1323                      1256     67     1332
  SINCE JUL 1   2203                      2258    -55     1916

 COOLING
  TODAY            0                         0      0        0
  MONTH TO DATE    0                         0      0        0
  SINCE DEC 1      0                         0      0        0
  SINCE JAN 1      0                         0      0        0
..................................................................


WIND (MPH)
  HIGHEST WIND SPEED    17   HIGHEST WIND DIRECTION    SE (120)
  HIGHEST GUST SPEED    19   HIGHEST GUST DIRECTION     E (90)
  AVERAGE WIND SPEED    10.0


SKY COVER
  POSSIBLE SUNSHINE  MM
  AVERAGE SKY COVER 0.4


WEATHER CONDITIONS
 THE FOLLOWING WEATHER WAS RECORDED TODAY.
  NO SIGNIFICANT WEATHER WAS OBSERVED.


RELATIVE HUMIDITY (PERCENT)
 HIGHEST    67           300 AM
 LOWEST     36           300 PM
 AVERAGE    52

..........................................................


THE KANSAS CITY INTERNATIONAL MO CLIMATE NORMALS FOR TOMORROW
                         NORMAL    RECORD    YEAR
 MAXIMUM TEMPERATURE (F)   38        70      1907
 MINIMUM TEMPERATURE (F)   20       -11      1912


SUNRISE AND SUNSET
JANUARY  6 2018.......SUNRISE   739 AM CST   SUNSET   511 PM CST
JANUARY  7 2018.......SUNRISE   739 AM CST   SUNSET   512 PM CST


-  INDICATES NEGATIVE NUMBERS.
R  INDICATES RECORD WAS SET OR TIED.
MM INDICATES DATA IS MISSING.
T  INDICATES TRACE AMOUNT.


&&

...MISCELLANEOUS CLIMATE DATA FROM TODAY...

LOCATION                HIGH    LOW      PRECIP
ST. JOSEPH               M       M         0.00
DOWNTOWN KANSAS CITY     33      14       0.00
OLATHE NEW CENTURY       32      12       0.00
OLATHE JO CO EXEC        31      11       0.00
LEES SUMMIT              32      11       0.00
KIRKSVILLE               20      -4       0.00
CHILLICOTHE              26       7       0.00
SEDALIA                  32      14       0.00
NWS PLEASANT HILL MO     34      11       0.00


THIS PRODUCT...ALONG WITH OTHER WEATHER...HYDROLOGICAL AND CLIMATE
INFORMATION...IS AVAILABLE ON THE WEB AT HTTP://WWW.WEATHER.GOV/EAX
OR AT HTTP://WEATHER.GOV

$$
