000
CDUS43 KEAX 220639
CLIMCI

CLIMATE REPORT
NATIONAL WEATHER SERVICE KANSAS CITY/PLEASANT HILL MO
138 AM CDT SUN MAR 22 2015


...................................

...THE KANSAS CITY INTERNATIONAL MO CLIMATE SUMMARY FOR MARCH 21 2015...

CLIMATE NORMAL PERIOD 1981 TO 2010
CLIMATE RECORD PERIOD 1888 TO 2015


WEATHER ITEM   OBSERVED TIME   RECORD YEAR NORMAL DEPARTURE LAST
                VALUE   (LST)  VALUE       VALUE  FROM      YEAR
                                                  NORMAL
..................................................................
TEMPERATURE (F)
 YESTERDAY
  MAXIMUM         70    353 PM  91    1907  57     13       64
  MINIMUM         39    646 AM  13    1913  35      4       38
  AVERAGE         55                        46      9       51

PRECIPITATION (IN)
  YESTERDAY        0.00          1.19 1932   0.08  -0.08     0.00
  MONTH TO DATE    0.37                      1.48  -1.11     1.34
  SINCE MAR 1      0.37                      1.48  -1.11     1.34
  SINCE JAN 1      2.55                      4.01  -1.46     3.09

SNOWFALL (IN)
  YESTERDAY        0.0           5.0  1955   0.0    0.0      0.0
  MONTH TO DATE    T                         1.5   -1.5      3.2
  SINCE MAR 1      T                         1.5   -1.5      3.2
  SINCE JUL 1     14.2                      17.7   -3.5     25.8
  SNOW DEPTH       0

DEGREE DAYS
 HEATING
  YESTERDAY       10                        19     -9       14
  MONTH TO DATE  398                       475    -77      542
  SINCE MAR 1    398                       475    -77      542
  SINCE JUL 1   4612                      4520     92     5108

 COOLING
  YESTERDAY        0                         0      0        0
  MONTH TO DATE    2                         0      2        0
  SINCE MAR 1      2                         0      2        0
  SINCE JAN 1      2                         0      2        0
..................................................................


WIND (MPH)
  HIGHEST WIND SPEED    15   HIGHEST WIND DIRECTION     E (100)
  HIGHEST GUST SPEED    22   HIGHEST GUST DIRECTION     E (80)
  AVERAGE WIND SPEED     9.2


SKY COVER
  POSSIBLE SUNSHINE  MM
  AVERAGE SKY COVER 0.4


WEATHER CONDITIONS
 THE FOLLOWING WEATHER WAS RECORDED YESTERDAY.
  NO SIGNIFICANT WEATHER WAS OBSERVED.


RELATIVE HUMIDITY (PERCENT)
 HIGHEST    83           500 AM
 LOWEST     33           200 PM
 AVERAGE    58

..........................................................


THE KANSAS CITY INTERNATIONAL MO CLIMATE NORMALS FOR TODAY
                         NORMAL    RECORD    YEAR
 MAXIMUM TEMPERATURE (F)   58        90      1910
                                             1907
 MINIMUM TEMPERATURE (F)   35         8      2002


SUNRISE AND SUNSET
MARCH 22 2015.........SUNRISE   719 AM CDT   SUNSET   733 PM CDT
MARCH 23 2015.........SUNRISE   718 AM CDT   SUNSET   734 PM CDT


-  INDICATES NEGATIVE NUMBERS.
R  INDICATES RECORD WAS SET OR TIED.
MM INDICATES DATA IS MISSING.
T  INDICATES TRACE AMOUNT.



&&

...MISCELLANEOUS CLIMATE DATA FROM YESTERDAY...

LOCATION                HIGH    LOW      PRECIP
ST. JOSEPH               71      33       0.00
DOWNTOWN KANSAS CITY     71      47       0.00
OLATHE NEW CENTURY       72      40       0.00
OLATHE JO CO EXEC        71      43       0.00
LEES SUMMIT              69      44       0.00
KIRKSVILLE               65      37       0.00
CHILLICOTHE              69      36       0.00
SEDALIA                  71      47       0.00
NWS PLEASANT HILL MO     70      42       0.00


THIS PRODUCT...ALONG WITH OTHER WEATHER...HYDROLOGICAL AND CLIMATE
INFORMATION...IS AVAILABLE ON THE WEB AT HTTP://WWW.CRH.NOAA.GOV/EAX
OR AT HTTP://WEATHER.GOV

$$
