000
CDUS43 KEAX 082222
CLIMCI

CLIMATE REPORT
NATIONAL WEATHER SERVICE KANSAS CITY/PLEASANT HILL MO
421 PM CST WED NOV 8 2017


...................................

...THE KANSAS CITY INTERNATIONAL MO CLIMATE SUMMARY FOR NOVEMBER 8 2017...
VALID AS OF 0400 PM LOCAL TIME.

CLIMATE NORMAL PERIOD 1981 TO 2010
CLIMATE RECORD PERIOD 1888 TO 2017


WEATHER ITEM   OBSERVED TIME   RECORD YEAR NORMAL DEPARTURE LAST
                VALUE   (LST)  VALUE       VALUE  FROM      YEAR
                                                  NORMAL
..................................................................
TEMPERATURE (F)
 TODAY
  MAXIMUM         51    240 PM  82    2005  57     -6       64
                                      1980
  MINIMUM         27    730 AM   1    1991  38    -11       44
  AVERAGE         39                        48     -9       54

PRECIPITATION (IN)
  TODAY            0.00          1.88 1916   0.08  -0.08     0.00
  MONTH TO DATE    0.02                      0.64  -0.62     0.31
  SINCE SEP 1      7.69                      8.42  -0.73     7.83
  SINCE JAN 1     45.58                     35.82   9.76    47.26

SNOWFALL (IN)
  TODAY            0.0           2.0  1932   0.0    0.0      0.0
  MONTH TO DATE    0.0                       0.1   -0.1      0.0
  SINCE SEP 1      T                         0.3   -0.3      0.0
  SINCE JUL 1      T                         0.3   -0.3      0.0
  SNOW DEPTH       0

DEGREE DAYS
 HEATING
  TODAY           26                        18      8       11
  MONTH TO DATE  179                       128     51       42
  SINCE SEP 1    456                       486    -30      207
  SINCE JUL 1    460                       488    -28      207

 COOLING
  TODAY            0                         0      0        0
  MONTH TO DATE    0                         0      0        7
  SINCE SEP 1    247                       185     62      282
  SINCE JAN 1   1325                      1358    -33     1579
..................................................................


WIND (MPH)
  HIGHEST WIND SPEED     9   HIGHEST WIND DIRECTION     N (20)
  HIGHEST GUST SPEED    11   HIGHEST GUST DIRECTION     S (200)
  AVERAGE WIND SPEED     4.7


SKY COVER
  POSSIBLE SUNSHINE  MM
  AVERAGE SKY COVER 0.1


WEATHER CONDITIONS
 THE FOLLOWING WEATHER WAS RECORDED TODAY.
  FOG


RELATIVE HUMIDITY (PERCENT)
 HIGHEST    92           500 AM
 LOWEST     35           200 PM
 AVERAGE    64

..........................................................


THE KANSAS CITY INTERNATIONAL MO CLIMATE NORMALS FOR TOMORROW
                         NORMAL    RECORD    YEAR
 MAXIMUM TEMPERATURE (F)   57        78      1999
 MINIMUM TEMPERATURE (F)   37        22      2000


SUNRISE AND SUNSET
NOVEMBER  8 2017......SUNRISE   655 AM CST   SUNSET   510 PM CST
NOVEMBER  9 2017......SUNRISE   656 AM CST   SUNSET   509 PM CST


-  INDICATES NEGATIVE NUMBERS.
R  INDICATES RECORD WAS SET OR TIED.
MM INDICATES DATA IS MISSING.
T  INDICATES TRACE AMOUNT.


&&

...MISCELLANEOUS CLIMATE DATA FROM TODAY...

LOCATION                HIGH    LOW      PRECIP
ST. JOSEPH               51      20       0.00
DOWNTOWN KANSAS CITY     53      29       0.00
OLATHE NEW CENTURY       52      24       0.00
OLATHE JO CO EXEC        50      27       0.00
LEES SUMMIT              51      29       0.00
KIRKSVILLE               49      22       0.00
CHILLICOTHE              51      24       0.00
SEDALIA                  52      30       0.00
NWS PLEASANT HILL MO     53      29       0.00


THIS PRODUCT...ALONG WITH OTHER WEATHER...HYDROLOGICAL AND CLIMATE
INFORMATION...IS AVAILABLE ON THE WEB AT HTTP://WWW.WEATHER.GOV/EAX
OR AT HTTP://WEATHER.GOV

$$
