000
CDUS43 KEAX 100637
CLIMCI

CLIMATE REPORT
NATIONAL WEATHER SERVICE KANSAS CITY/PLEASANT HILL MO
136 AM CDT WED SEP 10 2014


...................................

...THE KANSAS CITY INTERNATIONAL MO CLIMATE SUMMARY FOR SEPTEMBER 9 2014...

CLIMATE NORMAL PERIOD 1981 TO 2010
CLIMATE RECORD PERIOD 1888 TO 2014


WEATHER ITEM   OBSERVED TIME   RECORD YEAR NORMAL DEPARTURE LAST
                VALUE   (LST)  VALUE       VALUE  FROM      YEAR
                                                  NORMAL
..................................................................
TEMPERATURE (F)
 YESTERDAY
  MAXIMUM         90    205 PM  99    1970  82      8       97
                                      1947
                                      1938
  MINIMUM         73    634 AM  46    2008  60     13       70
                                      1943
  AVERAGE         82                        71     11       84

PRECIPITATION (IN)
  YESTERDAY        0.40          4.93 1903   0.16   0.24     0.00
  MONTH TO DATE    1.61                      1.38   0.23     0.81
  SINCE SEP 1      1.61                      1.38   0.23     0.81
  SINCE JAN 1     27.60                     28.78  -1.18    23.48

SNOWFALL (IN)
  YESTERDAY        0.0           0.0    MM   0.0    0.0      0.0
  MONTH TO DATE    0.0                       0.0    0.0      0.0
  SINCE SEP 1      0.0                       0.0    0.0      0.0
  SINCE JUL 1      0.0                       0.0    0.0      0.0
  SNOW DEPTH       0

DEGREE DAYS
 HEATING
  YESTERDAY        0                         1     -1        0
  MONTH TO DATE    0                         4     -4        0
  SINCE SEP 1      0                         4     -4        0
  SINCE JUL 1      2                         6     -4        0

 COOLING
  YESTERDAY       17                         7     10       19
  MONTH TO DATE   76                        72      4      116
  SINCE SEP 1     76                        72      4      116
  SINCE JAN 1   1195                      1245    -50     1210
..................................................................


WIND (MPH)
  HIGHEST WIND SPEED    32   HIGHEST WIND DIRECTION     S (190)
  HIGHEST GUST SPEED    45   HIGHEST GUST DIRECTION     S (200)
  AVERAGE WIND SPEED    16.7


SKY COVER
  POSSIBLE SUNSHINE  MM
  AVERAGE SKY COVER 0.6


WEATHER CONDITIONS
 THE FOLLOWING WEATHER WAS RECORDED YESTERDAY.
  THUNDERSTORM
  HEAVY RAIN
  LIGHT RAIN
  FOG
  HAZE


RELATIVE HUMIDITY (PERCENT)
 HIGHEST    87           500 AM
 LOWEST     59           100 PM
 AVERAGE    73

..........................................................


THE KANSAS CITY INTERNATIONAL MO CLIMATE NORMALS FOR TODAY
                         NORMAL    RECORD    YEAR
 MAXIMUM TEMPERATURE (F)   81       101      1936
 MINIMUM TEMPERATURE (F)   60        48      1995
                                             1992
                                             1962


SUNRISE AND SUNSET
SEPTEMBER 10 2014.....SUNRISE   656 AM CDT   SUNSET   735 PM CDT
SEPTEMBER 11 2014.....SUNRISE   656 AM CDT   SUNSET   734 PM CDT


-  INDICATES NEGATIVE NUMBERS.
R  INDICATES RECORD WAS SET OR TIED.
MM INDICATES DATA IS MISSING.
T  INDICATES TRACE AMOUNT.




&&

...MISCELLANEOUS CLIMATE DATA FROM YESTERDAY...

LOCATION                HIGH    LOW      PRECIP
ST. JOSEPH               90      71       0.49
DOWNTOWN KANSAS CITY     93      74       T
OLATHE NEW CENTURY       91      70       0.00
OLATHE JO CO EXEC        90      71       0.00
LEES SUMMIT              90      72       0.00
KIRKSVILLE               82      65       5.72
CHILLICOTHE              90      72       2.27
SEDALIA                  91      71       0.00
NWS PLEASANT HILL MO     89      71       0.00


THIS PRODUCT...ALONG WITH OTHER WEATHER...HYDROLOGICAL AND CLIMATE
INFORMATION...IS AVAILABLE ON THE WEB AT HTTP://WWW.CRH.NOAA.GOV/EAX
OR AT HTTP://WEATHER.GOV

$$
