000
CDUS43 KEAX 180643
CLIMCI

CLIMATE REPORT
NATIONAL WEATHER SERVICE KANSAS CITY/PLEASANT HILL MO
142 AM CDT FRI APR 18 2014


...................................

...THE KANSAS CITY INTERNATIONAL MO CLIMATE SUMMARY FOR APRIL 17 2014...

CLIMATE NORMAL PERIOD 1981 TO 2010
CLIMATE RECORD PERIOD 1888 TO 2014


WEATHER ITEM   OBSERVED TIME   RECORD YEAR NORMAL DEPARTURE LAST
                VALUE   (LST)  VALUE       VALUE  FROM      YEAR
                                                  NORMAL
..................................................................
TEMPERATURE (F)
 YESTERDAY
  MAXIMUM         51    359 PM  87    1954  66    -15       50
  MINIMUM         37    734 AM  28    1953  45     -8       45
                                      1921
  AVERAGE         44                        55    -11       48

PRECIPITATION (IN)
  YESTERDAY        0.00          1.93 1940   0.12  -0.12     0.26
  MONTH TO DATE    1.24                      1.85  -0.61     2.52
  SINCE MAR 1      2.85                      4.22  -1.37     4.47
  SINCE JAN 1      4.60                      6.75  -2.15     7.36

SNOWFALL (IN)
  YESTERDAY        0.0           T    1999   0.0    0.0      0.0
                                      1953
  MONTH TO DATE    0.1                       0.5   -0.4      0.0
  SINCE MAR 1      3.5                       2.5    1.0      6.1
  SINCE JUL 1     26.1                      18.7    7.4     31.3
  SNOW DEPTH       0

DEGREE DAYS
 HEATING
  YESTERDAY       21                        11     10       17
  MONTH TO DATE  258                       220     38      267
  SINCE MAR 1   1023                       866    157     1103
  SINCE JUL 1   5589                      4911    678     4835

 COOLING
  YESTERDAY        0                         1     -1        0
  MONTH TO DATE    6                        11     -5        0
  SINCE MAR 1      6                        14     -8        0
  SINCE JAN 1      6                        14     -8        0
..................................................................


WIND (MPH)
  HIGHEST WIND SPEED    16   HIGHEST WIND DIRECTION     N (350)
  HIGHEST GUST SPEED    20   HIGHEST GUST DIRECTION    NW (330)
  AVERAGE WIND SPEED     6.7


SKY COVER
  POSSIBLE SUNSHINE  MM
  AVERAGE SKY COVER 0.7


WEATHER CONDITIONS
 THE FOLLOWING WEATHER WAS RECORDED YESTERDAY.
  NO SIGNIFICANT WEATHER WAS OBSERVED.


RELATIVE HUMIDITY (PERCENT)
 HIGHEST    76           500 AM
 LOWEST     52           400 PM
 AVERAGE    64

..........................................................


THE KANSAS CITY INTERNATIONAL MO CLIMATE NORMALS FOR TODAY
                         NORMAL    RECORD    YEAR
 MAXIMUM TEMPERATURE (F)   67        91      2006
 MINIMUM TEMPERATURE (F)   45        27      1983


SUNRISE AND SUNSET
APRIL 18 2014.........SUNRISE   638 AM CDT   SUNSET   759 PM CDT
APRIL 19 2014.........SUNRISE   636 AM CDT   SUNSET   800 PM CDT


-  INDICATES NEGATIVE NUMBERS.
R  INDICATES RECORD WAS SET OR TIED.
MM INDICATES DATA IS MISSING.
T  INDICATES TRACE AMOUNT.




&&

...MISCELLANEOUS CLIMATE DATA FROM YESTERDAY...

LOCATION                HIGH    LOW      PRECIP
ST. JOSEPH               56      34       0.00
DOWNTOWN KANSAS CITY     51      39       0.00
OLATHE NEW CENTURY       48      36       T
OLATHE JO CO EXEC        48      37       T
LEES SUMMIT              47      38       T
KIRKSVILLE               53      34       0.00
CHILLICOTHE              52      34       0.00
SEDALIA                  51      39       0.02
NWS PLEASANT HILL MO     48      38       T


THIS PRODUCT...ALONG WITH OTHER WEATHER...HYDROLOGICAL AND CLIMATE
INFORMATION...IS AVAILABLE ON THE WEB AT HTTP://WWW.CRH.NOAA.GOV/EAX
OR AT HTTP://WEATHER.GOV

$$
