000
CDUS43 KEAX 270635
CLIMCI

CLIMATE REPORT
NATIONAL WEATHER SERVICE KANSAS CITY/PLEASANT HILL MO
1233 AM CST MON FEB 27 2017


...................................

...THE KANSAS CITY INTERNATIONAL MO CLIMATE SUMMARY FOR FEBRUARY 26 2017...

CLIMATE NORMAL PERIOD 1981 TO 2010
CLIMATE RECORD PERIOD 1888 TO 2017


WEATHER ITEM   OBSERVED TIME   RECORD YEAR NORMAL DEPARTURE LAST
                VALUE   (LST)  VALUE       VALUE  FROM      YEAR
                                                  NORMAL
..................................................................
TEMPERATURE (F)
 YESTERDAY
  MAXIMUM         52    243 PM  76    1896  48      4       54
  MINIMUM         29   1159 PM  -8    1934  27      2       20
  AVERAGE         41                        37      4       37

PRECIPITATION (IN)
  YESTERDAY        T             1.17 1913   0.05  -0.05     0.00
  MONTH TO DATE    0.06                      1.34  -1.28     0.40
  SINCE DEC 1      2.64                      3.94  -1.30     4.40
  SINCE JAN 1      1.45                      2.41  -0.96     1.16

SNOWFALL (IN)
  YESTERDAY        0.0           8.4  2013   0.1   -0.1      0.0
  MONTH TO DATE    T                         5.1   -5.1       T
  SINCE DEC 1      4.5                      14.5  -10.0      5.3
  SINCE JUL 1      4.5                      15.9  -11.4      5.3
  SNOW DEPTH       0

DEGREE DAYS
 HEATING
  YESTERDAY       24                        28     -4       28
  MONTH TO DATE  564                       828   -264      704
  SINCE DEC 1   2642                      2990   -348     2571
  SINCE JUL 1   3226                      3992   -766     3318

 COOLING
  YESTERDAY        0                         0      0        0
  MONTH TO DATE    0                         0      0        0
  SINCE DEC 1      0                         0      0        0
  SINCE JAN 1      0                         0      0        0
..................................................................


WIND (MPH)
  HIGHEST WIND SPEED    17   HIGHEST WIND DIRECTION     S (190)
  HIGHEST GUST SPEED    23   HIGHEST GUST DIRECTION     S (200)
  AVERAGE WIND SPEED    10.0


SKY COVER
  POSSIBLE SUNSHINE  MM
  AVERAGE SKY COVER 0.4


WEATHER CONDITIONS
 THE FOLLOWING WEATHER WAS RECORDED YESTERDAY.
  LIGHT RAIN


RELATIVE HUMIDITY (PERCENT)
 HIGHEST    96          1100 PM
 LOWEST     33           300 PM
 AVERAGE    65

..........................................................


THE KANSAS CITY INTERNATIONAL MO CLIMATE NORMALS FOR TODAY
                         NORMAL    RECORD    YEAR
 MAXIMUM TEMPERATURE (F)   48        73      2016
                                             1932
 MINIMUM TEMPERATURE (F)   28       -13      1934


SUNRISE AND SUNSET
FEBRUARY 27 2017......SUNRISE   654 AM CST   SUNSET   609 PM CST
FEBRUARY 28 2017......SUNRISE   653 AM CST   SUNSET   611 PM CST


-  INDICATES NEGATIVE NUMBERS.
R  INDICATES RECORD WAS SET OR TIED.
MM INDICATES DATA IS MISSING.
T  INDICATES TRACE AMOUNT.


&&

...MISCELLANEOUS CLIMATE DATA FROM YESTERDAY...

LOCATION                HIGH    LOW      PRECIP
ST. JOSEPH               53      23       0.00
DOWNTOWN KANSAS CITY     53      36       T
OLATHE NEW CENTURY       51      29       T
OLATHE JO CO EXEC        50      30       T
LEES SUMMIT              50      33       T
KIRKSVILLE               50      22       0.00
CHILLICOTHE              52      27       0.00
SEDALIA                  48      30       0.00
NWS PLEASANT HILL MO     50      31       0.00


THIS PRODUCT...ALONG WITH OTHER WEATHER...HYDROLOGICAL AND CLIMATE
INFORMATION...IS AVAILABLE ON THE WEB AT HTTP://WWW.WEATHER.GOV/EAX
OR AT HTTP://WEATHER.GOV

$$

73
