000
CDUS43 KEAX 270039
CLIMCI

CLIMATE REPORT
NATIONAL WEATHER SERVICE KANSAS CITY/PLEASANT HILL MO
737 PM CDT FRI JUN 26 2015


...................................

...THE KANSAS CITY INTERNATIONAL MO CLIMATE SUMMARY FOR JUNE 26 2015...
VALID TODAY AS OF 0700 PM LOCAL TIME.

CLIMATE NORMAL PERIOD 1981 TO 2010
CLIMATE RECORD PERIOD 1888 TO 2015


WEATHER ITEM   OBSERVED TIME   RECORD YEAR NORMAL DEPARTURE LAST
                VALUE   (LST)  VALUE       VALUE  FROM      YEAR
                                                  NORMAL
..................................................................
TEMPERATURE (F)
 TODAY
  MAXIMUM         82    119 PM 103    1936  86     -4       86
                                      1934
  MINIMUM         63   1234 AM  52    2004  67     -4       68
  AVERAGE         73                        76     -3       77

PRECIPITATION (IN)
  TODAY            1.43          2.58 1921   0.17   1.26     0.01
  MONTH TO DATE    7.31                      4.57   2.74     6.42
  SINCE JUN 1      7.31                      4.57   2.74     6.42
  SINCE JAN 1     23.91                     18.40   5.51    15.04

SNOWFALL (IN)
  TODAY            0.0           0.0    MM   0.0    0.0      0.0
  MONTH TO DATE    0.0                       0.0    0.0      0.0
  SINCE JUN 1      0.0                       0.0    0.0      0.0
  SINCE JUL 1     14.2                      18.8   -4.6     26.2
  SNOW DEPTH       0

DEGREE DAYS
 HEATING
  TODAY            0                         0      0        0
  MONTH TO DATE    3                         7     -4        1
  SINCE JUN 1      3                         7     -4        1
  SINCE JUL 1   5119                      5131    -12     5786

 COOLING
  TODAY            8                        11     -3       12
  MONTH TO DATE  267                       219     48      226
  SINCE JUN 1    267                       219     48      226
  SINCE JAN 1    335                       335      0      387
..................................................................


WIND (MPH)
  HIGHEST WIND SPEED    44   HIGHEST WIND DIRECTION     N (10)
  HIGHEST GUST SPEED    53   HIGHEST GUST DIRECTION     N (10)
  AVERAGE WIND SPEED     7.6


SKY COVER
  POSSIBLE SUNSHINE  MM
  AVERAGE SKY COVER 0.8


WEATHER CONDITIONS
 THE FOLLOWING WEATHER WAS RECORDED TODAY.
  THUNDERSTORM
  HEAVY RAIN
  RAIN
  LIGHT RAIN
  HAIL
  FOG
  HAZE


RELATIVE HUMIDITY (PERCENT)
 HIGHEST   100           300 AM
 LOWEST     62           100 PM
 AVERAGE    81

..........................................................


THE KANSAS CITY INTERNATIONAL MO CLIMATE NORMALS FOR TOMORROW
                         NORMAL    RECORD    YEAR
 MAXIMUM TEMPERATURE (F)   86       105      1980
 MINIMUM TEMPERATURE (F)   67        52      1968


SUNRISE AND SUNSET
JUNE 26 2015..........SUNRISE   554 AM CDT   SUNSET   850 PM CDT
JUNE 27 2015..........SUNRISE   554 AM CDT   SUNSET   850 PM CDT


-  INDICATES NEGATIVE NUMBERS.
R  INDICATES RECORD WAS SET OR TIED.
MM INDICATES DATA IS MISSING.
T  INDICATES TRACE AMOUNT.




&&

...MISCELLANEOUS CLIMATE DATA FROM TODAY...

LOCATION                HIGH    LOW      PRECIP
ST. JOSEPH               82      68       0.42
DOWNTOWN KANSAS CITY     85      65       1.41
OLATHE NEW CENTURY       83      65       1.32
OLATHE JO CO EXEC        83      64       1.99
LEES SUMMIT              82      65       0.02
KIRKSVILLE               75      68       1.45
CHILLICOTHE              79      69       0.84
SEDALIA                  80      68       2.29
NWS PLEASANT HILL MO     82      64       1.62


THIS PRODUCT...ALONG WITH OTHER WEATHER...HYDROLOGICAL AND CLIMATE
INFORMATION...IS AVAILABLE ON THE WEB AT HTTP://WWW.CRH.NOAA.GOV/EAX
OR AT HTTP://WEATHER.GOV

$$

JW
