000
CDUS43 KEAX 110033
CLIMCI

CLIMATE REPORT
NATIONAL WEATHER SERVICE KANSAS CITY/PLEASANT HILL MO
732 PM CDT MON JUL 10 2017


...................................

...THE KANSAS CITY INTERNATIONAL MO CLIMATE SUMMARY FOR JULY 10 2017...
VALID TODAY AS OF 0700 PM LOCAL TIME.

CLIMATE NORMAL PERIOD 1981 TO 2010
CLIMATE RECORD PERIOD 1888 TO 2017


WEATHER ITEM   OBSERVED TIME   RECORD YEAR NORMAL DEPARTURE LAST
                VALUE   (LST)  VALUE       VALUE  FROM      YEAR
                                                  NORMAL
..................................................................
TEMPERATURE (F)
 TODAY
  MAXIMUM         92    326 PM 104    1936  88      4       91
  MINIMUM         75    603 AM  55    1996  68      7       69
  AVERAGE         84                        78      6       80

PRECIPITATION (IN)
  TODAY            0.00          2.99 1922   0.15  -0.15     0.00
  MONTH TO DATE    0.27                      1.58  -1.31     6.06
  SINCE JUN 1      6.70                      6.81  -0.11     7.04
  SINCE JAN 1     22.97                     20.64   2.33    27.57

SNOWFALL (IN)
  TODAY            0.0           0.0    MM   0.0    0.0      0.0
  MONTH TO DATE    0.0                       0.0    0.0      0.0
  SINCE JUN 1      0.0                       0.0    0.0      0.0
  SINCE JUL 1      0.0                       0.0    0.0      0.0
  SNOW DEPTH       0

DEGREE DAYS
 HEATING
  TODAY            0                         0      0        0
  MONTH TO DATE    0                         0      0        0
  SINCE JUN 1      1                         9     -8        0
  SINCE JUL 1      0                         0      0        0

 COOLING
  TODAY           19                        13      6       15
  MONTH TO DATE  119                       128     -9      114
  SINCE JUN 1    418                       394     24      531
  SINCE JAN 1    529                       510     19      602
..................................................................


WIND (MPH)
  HIGHEST WIND SPEED    22   HIGHEST WIND DIRECTION    SW (210)
  HIGHEST GUST SPEED    28   HIGHEST GUST DIRECTION    SW (210)
  AVERAGE WIND SPEED    14.8


SKY COVER
  POSSIBLE SUNSHINE  MM
  AVERAGE SKY COVER 0.3


WEATHER CONDITIONS
 THE FOLLOWING WEATHER WAS RECORDED TODAY.
  NO SIGNIFICANT WEATHER WAS OBSERVED.


RELATIVE HUMIDITY (PERCENT)
 HIGHEST    87           400 AM
 LOWEST     56           400 PM
 AVERAGE    72

..........................................................


THE KANSAS CITY INTERNATIONAL MO CLIMATE NORMALS FOR TOMORROW
                         NORMAL    RECORD    YEAR
 MAXIMUM TEMPERATURE (F)   88       108      1954
 MINIMUM TEMPERATURE (F)   69        54      1895


SUNRISE AND SUNSET
JULY 10 2017..........SUNRISE   601 AM CDT   SUNSET   847 PM CDT
JULY 11 2017..........SUNRISE   602 AM CDT   SUNSET   847 PM CDT


-  INDICATES NEGATIVE NUMBERS.
R  INDICATES RECORD WAS SET OR TIED.
MM INDICATES DATA IS MISSING.
T  INDICATES TRACE AMOUNT.


&&

...MISCELLANEOUS CLIMATE DATA FROM TODAY...

LOCATION                HIGH    LOW      PRECIP
ST. JOSEPH               94      76       0.00
DOWNTOWN KANSAS CITY     95      78       0.00
OLATHE NEW CENTURY       93      74       0.00
OLATHE JO CO EXEC        91      73       0.00
LEES SUMMIT              92      76       0.00
KIRKSVILLE               92      76       0.00
CHILLICOTHE              94      77       0.00
SEDALIA                  91      76       0.00
NWS PLEASANT HILL MO     91      74       0.00


THIS PRODUCT...ALONG WITH OTHER WEATHER...HYDROLOGICAL AND CLIMATE
INFORMATION...IS AVAILABLE ON THE WEB AT HTTP://WWW.WEATHER.GOV/EAX
OR AT HTTP://WEATHER.GOV

$$
