000
CDUS43 KEAX 060638
CLIMCI

CLIMATE REPORT
NATIONAL WEATHER SERVICE KANSAS CITY/PLEASANT HILL MO
135 AM CDT SUN JUL 6 2014


...................................

...THE KANSAS CITY INTERNATIONAL MO CLIMATE SUMMARY FOR JULY 5 2014...

CLIMATE NORMAL PERIOD 1981 TO 2010
CLIMATE RECORD PERIOD 1888 TO 2014


WEATHER ITEM   OBSERVED TIME   RECORD YEAR NORMAL DEPARTURE LAST
                VALUE   (LST)  VALUE       VALUE  FROM      YEAR
                                                  NORMAL
..................................................................
TEMPERATURE (F)
 YESTERDAY
  MAXIMUM         84    533 PM 104    1934  88     -4       88
                                      1911
  MINIMUM         69    143 AM  51    1997  68      1       63
  AVERAGE         77                        78     -1       76

PRECIPITATION (IN)
  YESTERDAY        0.07          2.76 1961   0.16  -0.09     0.00
  MONTH TO DATE    0.07                      0.80  -0.73      T
  SINCE JUN 1      6.98                      6.03   0.95     3.12
  SINCE JAN 1     15.60                     19.86  -4.26    18.05

SNOWFALL (IN)
  YESTERDAY        0.0           0.0    MM   0.0    0.0      0.0
  MONTH TO DATE    0.0                       0.0    0.0      0.0
  SINCE JUN 1      0.0                       0.0    0.0      0.0
  SINCE JUL 1      0.0                       0.0    0.0      0.0
  SNOW DEPTH       0

DEGREE DAYS
 HEATING
  YESTERDAY        0                         0      0        0
  MONTH TO DATE    1                         0      1        0
  SINCE JUN 1      2                         9     -7       17
  SINCE JUL 1      1                         0      1        0

 COOLING
  YESTERDAY       12                        13     -1       11
  MONTH TO DATE   29                        63    -34       34
  SINCE JUN 1    306                       329    -23      310
  SINCE JAN 1    467                       445     22      415
..................................................................


WIND (MPH)
  HIGHEST WIND SPEED    23   HIGHEST WIND DIRECTION     S (190)
  HIGHEST GUST SPEED    29   HIGHEST GUST DIRECTION     S (190)
  AVERAGE WIND SPEED    14.7


SKY COVER
  POSSIBLE SUNSHINE  MM
  AVERAGE SKY COVER 0.9


WEATHER CONDITIONS
 THE FOLLOWING WEATHER WAS RECORDED YESTERDAY.
  THUNDERSTORM


RELATIVE HUMIDITY (PERCENT)
 HIGHEST    85           800 PM
 LOWEST     69           600 PM
 AVERAGE    77

..........................................................


THE KANSAS CITY INTERNATIONAL MO CLIMATE NORMALS FOR TODAY
                         NORMAL    RECORD    YEAR
 MAXIMUM TEMPERATURE (F)   88       104      2012
 MINIMUM TEMPERATURE (F)   68        54      1967


SUNRISE AND SUNSET
JULY  6 2014..........SUNRISE   559 AM CDT   SUNSET   848 PM CDT
JULY  7 2014..........SUNRISE   559 AM CDT   SUNSET   848 PM CDT


-  INDICATES NEGATIVE NUMBERS.
R  INDICATES RECORD WAS SET OR TIED.
MM INDICATES DATA IS MISSING.
T  INDICATES TRACE AMOUNT.



&&

...MISCELLANEOUS CLIMATE DATA FROM YESTERDAY...

LOCATION                HIGH    LOW      PRECIP
ST. JOSEPH               83      68       2.59
DOWNTOWN KANSAS CITY     86      72       0.10
OLATHE NEW CENTURY       84      68       T
OLATHE JO CO EXEC        83      66       T
LEES SUMMIT              83      68       0.07
KIRKSVILLE               73      61       1.34
CHILLICOTHE              82      67       0.56
SEDALIA                  83      64       0.00
NWS PLEASANT HILL MO     82      65       0.01


THIS PRODUCT...ALONG WITH OTHER WEATHER...HYDROLOGICAL AND CLIMATE
INFORMATION...IS AVAILABLE ON THE WEB AT HTTP://WWW.CRH.NOAA.GOV/EAX
OR AT HTTP://WEATHER.GOV

$$
