000
CDUS43 KEAX 080634
CLIMCI

CLIMATE REPORT
NATIONAL WEATHER SERVICE KANSAS CITY/PLEASANT HILL MO
1233 AM CST WED NOV 8 2017


...................................

...THE KANSAS CITY INTERNATIONAL MO CLIMATE SUMMARY FOR NOVEMBER 7 2017...

CLIMATE NORMAL PERIOD 1981 TO 2010
CLIMATE RECORD PERIOD 1888 TO 2017


WEATHER ITEM   OBSERVED TIME   RECORD YEAR NORMAL DEPARTURE LAST
                VALUE   (LST)  VALUE       VALUE  FROM      YEAR
                                                  NORMAL
..................................................................
TEMPERATURE (F)
 YESTERDAY
  MAXIMUM         47   1251 PM  78    1934  58    -11       64
  MINIMUM         31   1159 PM   7    1991  38     -7       46
  AVERAGE         39                        48     -9       55

PRECIPITATION (IN)
  YESTERDAY        0.00          2.74 1918   0.07  -0.07     0.02
  MONTH TO DATE    0.02                      0.56  -0.54     0.31
  SINCE SEP 1      7.69                      8.34  -0.65     7.83
  SINCE JAN 1     45.58                     35.74   9.84    47.26

SNOWFALL (IN)
  YESTERDAY        0.0           2.5  1925   0.0    0.0      0.0
  MONTH TO DATE    0.0                       0.1   -0.1      0.0
  SINCE SEP 1      T                         0.3   -0.3      0.0
  SINCE JUL 1      T                         0.3   -0.3      0.0
  SNOW DEPTH       0

DEGREE DAYS
 HEATING
  YESTERDAY       26                        17      9       10
  MONTH TO DATE  153                       110     43       31
  SINCE SEP 1    430                       468    -38      196
  SINCE JUL 1    434                       470    -36      196

 COOLING
  YESTERDAY        0                         0      0        0
  MONTH TO DATE    0                         0      0        7
  SINCE SEP 1    247                       185     62      282
  SINCE JAN 1   1325                      1358    -33     1579
..................................................................


WIND (MPH)
  HIGHEST WIND SPEED    21   HIGHEST WIND DIRECTION     N (20)
  HIGHEST GUST SPEED    26   HIGHEST GUST DIRECTION    NE (30)
  AVERAGE WIND SPEED    12.0


SKY COVER
  POSSIBLE SUNSHINE  MM
  AVERAGE SKY COVER 0.7


WEATHER CONDITIONS
 THE FOLLOWING WEATHER WAS RECORDED YESTERDAY.
  NO SIGNIFICANT WEATHER WAS OBSERVED.


RELATIVE HUMIDITY (PERCENT)
 HIGHEST    78          1000 PM
 LOWEST     43           500 PM
 AVERAGE    61

..........................................................


THE KANSAS CITY INTERNATIONAL MO CLIMATE NORMALS FOR TODAY
                         NORMAL    RECORD    YEAR
 MAXIMUM TEMPERATURE (F)   57        82      2005
                                             1980
 MINIMUM TEMPERATURE (F)   38         1      1991


SUNRISE AND SUNSET
NOVEMBER  8 2017......SUNRISE   655 AM CST   SUNSET   510 PM CST
NOVEMBER  9 2017......SUNRISE   656 AM CST   SUNSET   509 PM CST


-  INDICATES NEGATIVE NUMBERS.
R  INDICATES RECORD WAS SET OR TIED.
MM INDICATES DATA IS MISSING.
T  INDICATES TRACE AMOUNT.


&&

...MISCELLANEOUS CLIMATE DATA FROM YESTERDAY...

LOCATION                HIGH    LOW      PRECIP
ST. JOSEPH               48      30       0.00
DOWNTOWN KANSAS CITY     49      35       0.00
OLATHE NEW CENTURY       44      27       0.00
OLATHE JO CO EXEC        44      34       0.00
LEES SUMMIT              44      33       0.00
KIRKSVILLE               46      29       0.00
CHILLICOTHE              48      33       0.00
SEDALIA                  50      35       0.00
NWS PLEASANT HILL MO     44      35       T


THIS PRODUCT...ALONG WITH OTHER WEATHER...HYDROLOGICAL AND CLIMATE
INFORMATION...IS AVAILABLE ON THE WEB AT HTTP://WWW.WEATHER.GOV/EAX
OR AT HTTP://WEATHER.GOV

$$
