000
CDUS43 KEAX 040632
CLIMCI

CLIMATE REPORT
NATIONAL WEATHER SERVICE KANSAS CITY/PLEASANT HILL MO
1231 AM CST WED JAN 4 2017


...................................

...THE KANSAS CITY INTERNATIONAL MO CLIMATE SUMMARY FOR JANUARY 3 2017...

CLIMATE NORMAL PERIOD 1981 TO 2010
CLIMATE RECORD PERIOD 1888 TO 2017


WEATHER ITEM   OBSERVED TIME   RECORD YEAR NORMAL DEPARTURE LAST
                VALUE   (LST)  VALUE       VALUE  FROM      YEAR
                                                  NORMAL
..................................................................
TEMPERATURE (F)
 YESTERDAY
  MAXIMUM         43   1217 AM  65    1997  38      5       34
  MINIMUM         15   1159 PM -13    1919  20     -5       19
  AVERAGE         29                        29      0       27

PRECIPITATION (IN)
  YESTERDAY        T             1.39 1971   0.03  -0.03     0.00
  MONTH TO DATE    0.19                      0.10   0.09     0.00
  SINCE DEC 1      1.38                      1.63  -0.25     3.24
  SINCE JAN 1      0.19                      0.10   0.09     0.00

SNOWFALL (IN)
  YESTERDAY        0.0           5.0  1973   0.1   -0.1      0.0
  MONTH TO DATE    0.0                       0.4   -0.4      0.0
  SINCE DEC 1      2.3                       5.2   -2.9      2.5
  SINCE JUL 1      2.3                       6.6   -4.3      2.5
  SNOW DEPTH       0

DEGREE DAYS
 HEATING
  YESTERDAY       36                        36      0       38
  MONTH TO DATE   94                       108    -14      106
  SINCE DEC 1   1167                      1148     19      882
  SINCE JUL 1   1751                      2150   -399     1629

 COOLING
  YESTERDAY        0                         0      0        0
  MONTH TO DATE    0                         0      0        0
  SINCE DEC 1      0                         0      0        0
  SINCE JAN 1      0                         0      0        0
..................................................................


WIND (MPH)
  HIGHEST WIND SPEED    23   HIGHEST WIND DIRECTION    NW (320)
  HIGHEST GUST SPEED    30   HIGHEST GUST DIRECTION     N (340)
  AVERAGE WIND SPEED    14.7


SKY COVER
  POSSIBLE SUNSHINE  MM
  AVERAGE SKY COVER 0.6


WEATHER CONDITIONS
 THE FOLLOWING WEATHER WAS RECORDED YESTERDAY.
  LIGHT RAIN
  FOG


RELATIVE HUMIDITY (PERCENT)
 HIGHEST   100          1200 AM
 LOWEST     55           400 PM
 AVERAGE    78

..........................................................


THE KANSAS CITY INTERNATIONAL MO CLIMATE NORMALS FOR TODAY
                         NORMAL    RECORD    YEAR
 MAXIMUM TEMPERATURE (F)   38        66      1939
 MINIMUM TEMPERATURE (F)   20       -10      1947


SUNRISE AND SUNSET
JANUARY  4 2017.......SUNRISE   739 AM CST   SUNSET   509 PM CST
JANUARY  5 2017.......SUNRISE   739 AM CST   SUNSET   510 PM CST


-  INDICATES NEGATIVE NUMBERS.
R  INDICATES RECORD WAS SET OR TIED.
MM INDICATES DATA IS MISSING.
T  INDICATES TRACE AMOUNT.


&&

...MISCELLANEOUS CLIMATE DATA FROM YESTERDAY...

LOCATION                HIGH    LOW      PRECIP
ST. JOSEPH               38      14       0.00
DOWNTOWN KANSAS CITY     46      18       0.00
OLATHE NEW CENTURY       46      15       0.00
OLATHE JO CO EXEC        45      16       0.00
LEES SUMMIT              46      17       0.00
KIRKSVILLE               41      14       0.00
CHILLICOTHE              44      16       0.00
SEDALIA                  48      19       T
NWS PLEASANT HILL MO     46      16       T


THIS PRODUCT...ALONG WITH OTHER WEATHER...HYDROLOGICAL AND CLIMATE
INFORMATION...IS AVAILABLE ON THE WEB AT HTTP://WWW.WEATHER.GOV/EAX
OR AT HTTP://WEATHER.GOV

$$
