000
CDUS43 KEAX 180637
CLIMCI

CLIMATE REPORT
NATIONAL WEATHER SERVICE KANSAS CITY/PLEASANT HILL MO
134 AM CDT SAT OCT 18 2014


...................................

...THE KANSAS CITY INTERNATIONAL MO CLIMATE SUMMARY FOR OCTOBER 17 2014...

CLIMATE NORMAL PERIOD 1981 TO 2010
CLIMATE RECORD PERIOD 1888 TO 2014


WEATHER ITEM   OBSERVED TIME   RECORD YEAR NORMAL DEPARTURE LAST
                VALUE   (LST)  VALUE       VALUE  FROM      YEAR
                                                  NORMAL
..................................................................
TEMPERATURE (F)
 YESTERDAY
  MAXIMUM         67    348 PM  88    1950  67      0       66
  MINIMUM         48   1159 PM  25    1976  46      2       38
  AVERAGE         58                        56      2       52

PRECIPITATION (IN)
  YESTERDAY        0.00          2.04 2007   0.10  -0.10     0.00
  MONTH TO DATE    8.97                      1.88   7.09     2.40
  SINCE SEP 1     11.22                      6.50   4.72     7.24
  SINCE JAN 1     37.21                     33.90   3.31    29.91

SNOWFALL (IN)
  YESTERDAY        0.0           3.3  1898   0.0    0.0      0.0
  MONTH TO DATE    0.0                       0.1   -0.1      0.0
  SINCE SEP 1      0.0                       0.1   -0.1      0.0
  SINCE JUL 1      0.0                       0.1   -0.1      0.0
  SNOW DEPTH       0

DEGREE DAYS
 HEATING
  YESTERDAY        7                        10     -3       13
  MONTH TO DATE  133                       126      7      100
  SINCE SEP 1    198                       191      7      119
  SINCE JUL 1    200                       193      7      119

 COOLING
  YESTERDAY        0                         1     -1        0
  MONTH TO DATE    7                        22    -15       28
  SINCE SEP 1    137                       181    -44      251
  SINCE JAN 1   1256                      1354    -98     1345
..................................................................


WIND (MPH)
  HIGHEST WIND SPEED    21   HIGHEST WIND DIRECTION    NW (320)
  HIGHEST GUST SPEED    28   HIGHEST GUST DIRECTION    NW (330)
  AVERAGE WIND SPEED    10.0


SKY COVER
  POSSIBLE SUNSHINE  MM
  AVERAGE SKY COVER 0.3


WEATHER CONDITIONS
 THE FOLLOWING WEATHER WAS RECORDED YESTERDAY.
  NO SIGNIFICANT WEATHER WAS OBSERVED.


RELATIVE HUMIDITY (PERCENT)
 HIGHEST    77           600 AM
 LOWEST     45           300 PM
 AVERAGE    61

..........................................................


THE KANSAS CITY INTERNATIONAL MO CLIMATE NORMALS FOR TODAY
                         NORMAL    RECORD    YEAR
 MAXIMUM TEMPERATURE (F)   66        87      1950
 MINIMUM TEMPERATURE (F)   45        28      1972


SUNRISE AND SUNSET
OCTOBER 18 2014.......SUNRISE   732 AM CDT   SUNSET   636 PM CDT
OCTOBER 19 2014.......SUNRISE   733 AM CDT   SUNSET   634 PM CDT


-  INDICATES NEGATIVE NUMBERS.
R  INDICATES RECORD WAS SET OR TIED.
MM INDICATES DATA IS MISSING.
T  INDICATES TRACE AMOUNT.




&&

...MISCELLANEOUS CLIMATE DATA FROM YESTERDAY...

LOCATION                HIGH    LOW      PRECIP
ST. JOSEPH               69      43       0.00
DOWNTOWN KANSAS CITY     69      49       0.00
OLATHE NEW CENTURY       66      46       0.00
OLATHE JO CO EXEC        66      50       0.00
LEES SUMMIT              66      50       0.00
KIRKSVILLE               64      46       0.00
CHILLICOTHE              66      49       0.00
SEDALIA                  68      50       0.00
NWS PLEASANT HILL MO     65      49       0.00


THIS PRODUCT...ALONG WITH OTHER WEATHER...HYDROLOGICAL AND CLIMATE
INFORMATION...IS AVAILABLE ON THE WEB AT HTTP://WWW.CRH.NOAA.GOV/EAX
OR AT HTTP://WEATHER.GOV

$$
