000
CDUS43 KEAX 130031
CLIMCI

CLIMATE REPORT
NATIONAL WEATHER SERVICE KANSAS CITY/PLEASANT HILL MO
631 PM CST FRI DEC 12 2014


...................................

...THE KANSAS CITY INTERNATIONAL MO CLIMATE SUMMARY FOR DECEMBER 12 2014...
VALID TODAY AS OF 0600 PM LOCAL TIME.

CLIMATE NORMAL PERIOD 1981 TO 2010
CLIMATE RECORD PERIOD 1888 TO 2014


WEATHER ITEM   OBSERVED TIME   RECORD YEAR NORMAL DEPARTURE LAST
                VALUE   (LST)  VALUE       VALUE  FROM      YEAR
                                                  NORMAL
..................................................................
TEMPERATURE (F)
 TODAY
  MAXIMUM         55    334 PM  70    1889  41     14       44
  MINIMUM         37    128 AM  -5    1989  23     14        7
  AVERAGE         46                        32     14       26

PRECIPITATION (IN)
  TODAY            0.00          0.67 2001   0.05  -0.05     0.00
  MONTH TO DATE    0.67                      0.69  -0.02     0.16
  SINCE DEC 1      0.67                      0.69  -0.02     0.16
  SINCE JAN 1     38.88                     38.02   0.86    33.84

SNOWFALL (IN)
  TODAY            0.0           4.0  1914   0.2   -0.2      0.0
  MONTH TO DATE    0.0                       1.7   -1.7      1.8
  SINCE DEC 1      0.0                       1.7   -1.7      1.8
  SINCE JUL 1      0.5                       3.1   -2.6      1.8
  SNOW DEPTH       0

DEGREE DAYS
 HEATING
  TODAY           19                        33    -14       39
  MONTH TO DATE  365                       374     -9      474
  SINCE DEC 1    365                       374     -9      474
  SINCE JUL 1   1486                      1376    110     1539

 COOLING
  TODAY            0                         0      0        0
  MONTH TO DATE    0                         0      0        0
  SINCE DEC 1      0                         0      0        0
  SINCE JAN 1   1263                      1360    -97     1345
..................................................................


WIND (MPH)
  HIGHEST WIND SPEED    13   HIGHEST WIND DIRECTION     S (190)
  HIGHEST GUST SPEED    16   HIGHEST GUST DIRECTION     S (180)
  AVERAGE WIND SPEED     6.3


SKY COVER
  POSSIBLE SUNSHINE  MM
  AVERAGE SKY COVER 0.9


WEATHER CONDITIONS
 THE FOLLOWING WEATHER WAS RECORDED TODAY.
  FOG
  HAZE


RELATIVE HUMIDITY (PERCENT)
 HIGHEST    92          1200 AM
 LOWEST     66           300 PM
 AVERAGE    79

..........................................................


THE KANSAS CITY INTERNATIONAL MO CLIMATE NORMALS FOR TOMORROW
                         NORMAL    RECORD    YEAR
 MAXIMUM TEMPERATURE (F)   40        73      1948
 MINIMUM TEMPERATURE (F)   23        -6      1917


SUNRISE AND SUNSET
DECEMBER 12 2014......SUNRISE   729 AM CST   SUNSET   456 PM CST
DECEMBER 13 2014......SUNRISE   730 AM CST   SUNSET   456 PM CST


-  INDICATES NEGATIVE NUMBERS.
R  INDICATES RECORD WAS SET OR TIED.
MM INDICATES DATA IS MISSING.
T  INDICATES TRACE AMOUNT.




&&

...MISCELLANEOUS CLIMATE DATA FROM TODAY...

LOCATION                HIGH    LOW      PRECIP
ST. JOSEPH               54      37       0.00
DOWNTOWN KANSAS CITY     57      39       0.00
OLATHE NEW CENTURY       53      38       0.00
OLATHE JO CO EXEC        54      38       0.00
LEES SUMMIT              54      38       0.00
KIRKSVILLE               49      35       0.00
CHILLICOTHE              51      37       0.00
SEDALIA                  55      39       0.00
NWS PLEASANT HILL MO     54      37       0.00


THIS PRODUCT...ALONG WITH OTHER WEATHER...HYDROLOGICAL AND CLIMATE
INFORMATION...IS AVAILABLE ON THE WEB AT HTTP://WWW.CRH.NOAA.GOV/EAX
OR AT HTTP://WEATHER.GOV

$$
