475
CDUS43 KEAX 200033
CLIMCI

CLIMATE REPORT
NATIONAL WEATHER SERVICE KANSAS CITY/PLEASANT HILL MO
731 PM CDT THU MAY 19 2016


...................................

...THE KANSAS CITY INTERNATIONAL MO CLIMATE SUMMARY FOR MAY 19 2016...
VALID TODAY AS OF 0700 PM LOCAL TIME.

CLIMATE NORMAL PERIOD 1981 TO 2010
CLIMATE RECORD PERIOD 1888 TO 2016


WEATHER ITEM   OBSERVED TIME   RECORD YEAR NORMAL DEPARTURE LAST
                VALUE   (LST)  VALUE       VALUE  FROM      YEAR
                                                  NORMAL
..................................................................
TEMPERATURE (F)
 TODAY
  MAXIMUM         68    205 PM  95    2006  76     -8       58
  MINIMUM         47    339 AM  39    1894  55     -8       42
  AVERAGE         58                        65     -7       50

PRECIPITATION (IN)
  TODAY            T             2.35 1915   0.17  -0.17      T
  MONTH TO DATE    3.56                      3.20   0.36     5.29
  SINCE MAR 1     13.43                      9.27   4.16     9.46
  SINCE JAN 1     14.59                     11.80   2.79    11.64

SNOWFALL (IN)
  TODAY           MM             0.0    MM   0.0   MM        0.0
  MONTH TO DATE    0.0                       0.0    0.0      0.0
  SINCE MAR 1      0.6                       2.6   -2.0       T
  SINCE JUL 1      5.9                      18.8  -12.9     14.2
  SNOW DEPTH       0

DEGREE DAYS
 HEATING
  TODAY            7                         3      4       15
  MONTH TO DATE  113                        82     31       54
  SINCE MAR 1    798                      1057   -259      860
  SINCE JUL 1   4155                      5102   -947     5074

 COOLING
  TODAY            0                         3     -3        0
  MONTH TO DATE   12                        37    -25       44
  SINCE MAR 1     26                        65    -39       53
  SINCE JAN 1     26                        65    -39       53
..................................................................


WIND (MPH)
  HIGHEST WIND SPEED    13   HIGHEST WIND DIRECTION     S (160)
  HIGHEST GUST SPEED    16   HIGHEST GUST DIRECTION    SE (150)
  AVERAGE WIND SPEED     5.7


SKY COVER
  POSSIBLE SUNSHINE  MM
  AVERAGE SKY COVER 0.5


WEATHER CONDITIONS
 THE FOLLOWING WEATHER WAS RECORDED TODAY.
  LIGHT RAIN


RELATIVE HUMIDITY (PERCENT)
 HIGHEST    80           600 AM
 LOWEST     42          1200 PM
 AVERAGE    61

..........................................................


THE KANSAS CITY INTERNATIONAL MO CLIMATE NORMALS FOR TOMORROW
                         NORMAL    RECORD    YEAR
 MAXIMUM TEMPERATURE (F)   76        90      1970
                                             1964
                                             1959
 MINIMUM TEMPERATURE (F)   55        40      1981


SUNRISE AND SUNSET
MAY 19 2016...........SUNRISE   602 AM CDT   SUNSET   830 PM CDT
MAY 20 2016...........SUNRISE   601 AM CDT   SUNSET   831 PM CDT


-  INDICATES NEGATIVE NUMBERS.
R  INDICATES RECORD WAS SET OR TIED.
MM INDICATES DATA IS MISSING.
T  INDICATES TRACE AMOUNT.


&&

...MISCELLANEOUS CLIMATE DATA FROM TODAY...

LOCATION                HIGH    LOW      PRECIP
ST. JOSEPH               70      45       0.00
DOWNTOWN KANSAS CITY     69      48       T
OLATHE NEW CENTURY       67      46       T
OLATHE JO CO EXEC        65      45       T
LEES SUMMIT              67      47       0.00
KIRKSVILLE               69      38       0.00
CHILLICOTHE              70      43       0.00
SEDALIA                  69      45       0.00
NWS PLEASANT HILL MO     68      49       T


THIS PRODUCT...ALONG WITH OTHER WEATHER...HYDROLOGICAL AND CLIMATE
INFORMATION...IS AVAILABLE ON THE WEB AT HTTP://WWW.WEATHER.GOV/EAX
OR AT HTTP://WEATHER.GOV

$$

JL
