000
CDUS43 KEAX 060034 CCA
CLIMCI

CORRECTION...CLIMATE REPORT
NATIONAL WEATHER SERVICE KANSAS CITY/PLEASANT HILL MO
632 PM CST FRI JAN 5 2018


...................................

...THE KANSAS CITY INTERNATIONAL MO CLIMATE SUMMARY FOR JANUARY 5 2018...
VALID TODAY AS OF 0600 PM LOCAL TIME.

CLIMATE NORMAL PERIOD 1981 TO 2010
CLIMATE RECORD PERIOD 1888 TO 2018


WEATHER ITEM   OBSERVED TIME   RECORD YEAR NORMAL DEPARTURE LAST
                VALUE   (LST)  VALUE       VALUE  FROM      YEAR
                                                  NORMAL
..................................................................
TEMPERATURE (F)
 TODAY
  MAXIMUM         28    211 PM  68    1956  38    -10       15
  MINIMUM         12    344 AM -15    1924  20     -8        2
  AVERAGE         20                        29     -9        9

PRECIPITATION (IN)
  TODAY            0.00          1.20 1946   0.03  -0.03     0.04
  MONTH TO DATE    0.00                      0.17  -0.17     0.38
  SINCE DEC 1      0.19                      1.70  -1.51     1.57
  SINCE JAN 1      0.00                      0.17  -0.17     0.38

SNOWFALL (IN)
  TODAY            0.0          10.1  1962   0.1   -0.1      0.7
  MONTH TO DATE    0.0                       0.7   -0.7      2.2
  SINCE DEC 1      2.2                       5.5   -3.3      4.5
  SINCE JUL 1      2.2                       6.9   -4.7      4.5
  SNOW DEPTH       0

DEGREE DAYS
 HEATING
  TODAY           45                        36      9       56
  MONTH TO DATE  268                       180     88      199
  SINCE DEC 1   1279                      1220     59     1272
  SINCE JUL 1   2159                      2222    -63     1856

 COOLING
  TODAY            0                         0      0        0
  MONTH TO DATE    0                         0      0        0
  SINCE DEC 1      0                         0      0        0
  SINCE JAN 1      0                         0      0        0
..................................................................


WIND (MPH)
  HIGHEST WIND SPEED    14   HIGHEST WIND DIRECTION    NE (50)
  HIGHEST GUST SPEED    17   HIGHEST GUST DIRECTION    NE (30)
  AVERAGE WIND SPEED     9.8


SKY COVER
  POSSIBLE SUNSHINE  MM
  AVERAGE SKY COVER 0.5


WEATHER CONDITIONS
 THE FOLLOWING WEATHER WAS RECORDED TODAY.
  NO SIGNIFICANT WEATHER WAS OBSERVED.


RELATIVE HUMIDITY (PERCENT)
 HIGHEST    67           600 AM
 LOWEST     42           200 PM
 AVERAGE    55

..........................................................


THE KANSAS CITY INTERNATIONAL MO CLIMATE NORMALS FOR TOMORROW
                         NORMAL    RECORD    YEAR
 MAXIMUM TEMPERATURE (F)   38        64      1939
 MINIMUM TEMPERATURE (F)   20       -13      1912


SUNRISE AND SUNSET
JANUARY  5 2018.......SUNRISE   739 AM CST   SUNSET   510 PM CST
JANUARY  6 2018.......SUNRISE   739 AM CST   SUNSET   511 PM CST


-  INDICATES NEGATIVE NUMBERS.
R  INDICATES RECORD WAS SET OR TIED.
MM INDICATES DATA IS MISSING.
T  INDICATES TRACE AMOUNT.


&&

...MISCELLANEOUS CLIMATE DATA FROM TODAY...

LOCATION                HIGH    LOW      PRECIP
ST. JOSEPH               M       M        0.00
DOWNTOWN KANSAS CITY     31      15       0.00
OLATHE NEW CENTURY       30      13       0.00
OLATHE JO CO EXEC        28      12       0.00
LEES SUMMIT              28      12       0.00
KIRKSVILLE               17       9       0.00
CHILLICOTHE              24      12       0.00
SEDALIA                  29      11       0.00
NWS PLEASANT HILL MO     29      13       0.00


THIS PRODUCT...ALONG WITH OTHER WEATHER...HYDROLOGICAL AND CLIMATE
INFORMATION...IS AVAILABLE ON THE WEB AT HTTP://WWW.WEATHER.GOV/EAX
OR AT HTTP://WEATHER.GOV

$$
