000
CDUS43 KEAX 100632
CLIMCI

CLIMATE REPORT
NATIONAL WEATHER SERVICE KANSAS CITY/PLEASANT HILL MO
1231 AM CST FRI MAR 10 2017


...................................

...THE KANSAS CITY INTERNATIONAL MO CLIMATE SUMMARY FOR MARCH 9 2017...

CLIMATE NORMAL PERIOD 1981 TO 2010
CLIMATE RECORD PERIOD 1888 TO 2017


WEATHER ITEM   OBSERVED TIME   RECORD YEAR NORMAL DEPARTURE LAST
                VALUE   (LST)  VALUE       VALUE  FROM      YEAR
                                                  NORMAL
..................................................................
TEMPERATURE (F)
 YESTERDAY
  MAXIMUM         62    234 PM  77    1986  52     10       61
  MINIMUM         33    337 AM   8    1932  31      2       46
  AVERAGE         48                        42      6       54

PRECIPITATION (IN)
  YESTERDAY        0.00          1.23 1907   0.07  -0.07      T
  MONTH TO DATE    0.32                      0.59  -0.27     0.73
  SINCE MAR 1      0.32                      0.59  -0.27     0.73
  SINCE JAN 1      1.77                      3.12  -1.35     1.89

SNOWFALL (IN)
  YESTERDAY        0.0           4.8  1975   0.1   -0.1      0.0
  MONTH TO DATE    0.0                       0.8   -0.8      0.0
  SINCE MAR 1      0.0                       0.8   -0.8      0.0
  SINCE JUL 1      4.5                      17.0  -12.5      5.3
  SNOW DEPTH       0

DEGREE DAYS
 HEATING
  YESTERDAY       17                        23     -6       11
  MONTH TO DATE  142                       224    -82      128
  SINCE MAR 1    142                       224    -82      128
  SINCE JUL 1   3396                      4269   -873     3485

 COOLING
  YESTERDAY        0                         0      0        0
  MONTH TO DATE    0                         0      0        2
  SINCE MAR 1      0                         0      0        2
  SINCE JAN 1      0                         0      0        2
..................................................................


WIND (MPH)
  HIGHEST WIND SPEED    25   HIGHEST WIND DIRECTION     N (20)
  HIGHEST GUST SPEED    30   HIGHEST GUST DIRECTION     N (20)
  AVERAGE WIND SPEED     9.2


SKY COVER
  POSSIBLE SUNSHINE  MM
  AVERAGE SKY COVER 0.4


WEATHER CONDITIONS
 THE FOLLOWING WEATHER WAS RECORDED YESTERDAY.
  NO SIGNIFICANT WEATHER WAS OBSERVED.


RELATIVE HUMIDITY (PERCENT)
 HIGHEST    70           400 AM
 LOWEST     32           300 PM
 AVERAGE    51

..........................................................


THE KANSAS CITY INTERNATIONAL MO CLIMATE NORMALS FOR TODAY
                         NORMAL    RECORD    YEAR
 MAXIMUM TEMPERATURE (F)   53        84      1967
 MINIMUM TEMPERATURE (F)   31         1      1948


SUNRISE AND SUNSET
MARCH 10 2017.........SUNRISE   638 AM CST   SUNSET   621 PM CST
MARCH 11 2017.........SUNRISE   636 AM CST   SUNSET   622 PM CST


-  INDICATES NEGATIVE NUMBERS.
R  INDICATES RECORD WAS SET OR TIED.
MM INDICATES DATA IS MISSING.
T  INDICATES TRACE AMOUNT.


&&

...MISCELLANEOUS CLIMATE DATA FROM YESTERDAY...

LOCATION                HIGH    LOW      PRECIP
ST. JOSEPH               57      29       0.00
DOWNTOWN KANSAS CITY     68      38       0.00
OLATHE NEW CENTURY       68      35       0.03
OLATHE JO CO EXEC        68      41       T
LEES SUMMIT              69      39       T
KIRKSVILLE               54      32       0.00
CHILLICOTHE              58      33       0.00
SEDALIA                  71      40       0.08
NWS PLEASANT HILL MO     69      39       0.04


THIS PRODUCT...ALONG WITH OTHER WEATHER...HYDROLOGICAL AND CLIMATE
INFORMATION...IS AVAILABLE ON THE WEB AT HTTP://WWW.WEATHER.GOV/EAX
OR AT HTTP://WEATHER.GOV

$$
