000
CDUS43 KEAX 220034
CLIMCI

CLIMATE REPORT
NATIONAL WEATHER SERVICE KANSAS CITY/PLEASANT HILL MO
733 PM CDT TUE JUL 21 2015


...................................

...THE KANSAS CITY INTERNATIONAL MO CLIMATE SUMMARY FOR JULY 21 2015...
VALID TODAY AS OF 0700 PM LOCAL TIME.

CLIMATE NORMAL PERIOD 1981 TO 2010
CLIMATE RECORD PERIOD 1888 TO 2015


WEATHER ITEM   OBSERVED TIME   RECORD YEAR NORMAL DEPARTURE LAST
                VALUE   (LST)  VALUE       VALUE  FROM      YEAR
                                                  NORMAL
..................................................................
TEMPERATURE (F)
 TODAY
  MAXIMUM         81    308 PM 107    1974  89     -8       92
  MINIMUM         67    427 AM  56    1988  69     -2       72
                                      1970
  AVERAGE         74                        79     -5       82

PRECIPITATION (IN)
  TODAY            0.00          1.67 1990   0.14  -0.14     0.00
  MONTH TO DATE    5.18                      3.21   1.97     3.04
  SINCE JUN 1     12.76                      8.44   4.32     9.95
  SINCE JAN 1     29.36                     22.27   7.09    18.57

SNOWFALL (IN)
  TODAY            0.0           0.0    MM   0.0    0.0      0.0
  MONTH TO DATE    0.0                       0.0    0.0      0.0
  SINCE JUN 1      0.0                       0.0    0.0      0.0
  SINCE JUL 1      0.0                       0.0    0.0      0.0
  SNOW DEPTH       0

DEGREE DAYS
 HEATING
  TODAY            0                         0      0        0
  MONTH TO DATE    2                         0      2        2
  SINCE JUN 1      5                         9     -4        3
  SINCE JUL 1      2                         0      2        2

 COOLING
  TODAY            9                        14     -5       17
  MONTH TO DATE  250                       279    -29      173
  SINCE JUN 1    555                       545     10      450
  SINCE JAN 1    623                       661    -38      611
..................................................................


WIND (MPH)
  HIGHEST WIND SPEED    13   HIGHEST WIND DIRECTION    NE (30)
  HIGHEST GUST SPEED    16   HIGHEST GUST DIRECTION    NE (40)
  AVERAGE WIND SPEED     6.8


SKY COVER
  POSSIBLE SUNSHINE  MM
  AVERAGE SKY COVER 0.5


WEATHER CONDITIONS
 THE FOLLOWING WEATHER WAS RECORDED TODAY.
  NO SIGNIFICANT WEATHER WAS OBSERVED.


RELATIVE HUMIDITY (PERCENT)
 HIGHEST    93          1200 AM
 LOWEST     51           300 PM
 AVERAGE    72

..........................................................


THE KANSAS CITY INTERNATIONAL MO CLIMATE NORMALS FOR TOMORROW
                         NORMAL    RECORD    YEAR
 MAXIMUM TEMPERATURE (F)   89       106      1901
 MINIMUM TEMPERATURE (F)   69        57      1988
                                             1950
                                             1944


SUNRISE AND SUNSET
JULY 21 2015..........SUNRISE   609 AM CDT   SUNSET   841 PM CDT
JULY 22 2015..........SUNRISE   610 AM CDT   SUNSET   840 PM CDT


-  INDICATES NEGATIVE NUMBERS.
R  INDICATES RECORD WAS SET OR TIED.
MM INDICATES DATA IS MISSING.
T  INDICATES TRACE AMOUNT.


&&

...MISCELLANEOUS CLIMATE DATA FROM TODAY...

LOCATION                HIGH    LOW      PRECIP
ST. JOSEPH               81      64       0.00
DOWNTOWN KANSAS CITY     83      70       0.00
OLATHE NEW CENTURY       81      67       0.00
OLATHE JO CO EXEC        82      68       0.00
LEES SUMMIT              81      68       0.00
KIRKSVILLE               80      61       0.00
CHILLICOTHE              83      65       0.00
SEDALIA                  83      69       0.00
NWS PLEASANT HILL MO     82      68       0.00


THIS PRODUCT...ALONG WITH OTHER WEATHER...HYDROLOGICAL AND CLIMATE
INFORMATION...IS AVAILABLE ON THE WEB AT HTTP://WWW.WEATHER.GOV/EAX
OR AT HTTP://WEATHER.GOV

$$
