000
CDUS43 KEAX 070633
CLIMCI

CLIMATE REPORT
NATIONAL WEATHER SERVICE KANSAS CITY/PLEASANT HILL MO
132 AM CDT MON AUG 7 2017


...................................

...THE KANSAS CITY INTERNATIONAL MO CLIMATE SUMMARY FOR AUGUST 6 2017...

CLIMATE NORMAL PERIOD 1981 TO 2010
CLIMATE RECORD PERIOD 1888 TO 2017


WEATHER ITEM   OBSERVED TIME   RECORD YEAR NORMAL DEPARTURE LAST
                VALUE   (LST)  VALUE       VALUE  FROM      YEAR
                                                  NORMAL
..................................................................
TEMPERATURE (F)
 YESTERDAY
  MAXIMUM         75    108 PM 109    1934  89    -14       82
  MINIMUM         64    526 AM  55    1990  68     -4       67
  AVERAGE         70                        78     -8       75

PRECIPITATION (IN)
  YESTERDAY        T             3.47 2014   0.12  -0.12     0.00
  MONTH TO DATE    2.15                      0.72   1.43     0.17
  SINCE JUN 1     13.58                     10.40   3.18     9.91
  SINCE JAN 1     29.85                     24.23   5.62    30.44

SNOWFALL (IN)
  YESTERDAY        0.0           0.0    MM   0.0    0.0      0.0
  MONTH TO DATE    0.0                       0.0    0.0      0.0
  SINCE JUN 1      0.0                       0.0    0.0      0.0
  SINCE JUL 1      0.0                       0.0    0.0      0.0
  SNOW DEPTH       0

DEGREE DAYS
 HEATING
  YESTERDAY        0                         0      0        0
  MONTH TO DATE    4                         0      4        0
  SINCE JUN 1      5                         9     -4        0
  SINCE JUL 1      4                         0      4        0

 COOLING
  YESTERDAY        5                        13     -8       10
  MONTH TO DATE   31                        79    -48       87
  SINCE JUN 1    776                       759     17      932
  SINCE JAN 1    887                       875     12     1003
..................................................................


WIND (MPH)
  HIGHEST WIND SPEED    10   HIGHEST WIND DIRECTION    NE (40)
  HIGHEST GUST SPEED    13   HIGHEST GUST DIRECTION    NE (40)
  AVERAGE WIND SPEED     5.8


SKY COVER
  POSSIBLE SUNSHINE  MM
  AVERAGE SKY COVER 0.9


WEATHER CONDITIONS
 THE FOLLOWING WEATHER WAS RECORDED YESTERDAY.
  LIGHT RAIN
  FOG
  FOG W/VISIBILITY <= 1/4 MILE


RELATIVE HUMIDITY (PERCENT)
 HIGHEST   100           300 AM
 LOWEST     79           100 PM
 AVERAGE    90

..........................................................


THE KANSAS CITY INTERNATIONAL MO CLIMATE NORMALS FOR TODAY
                         NORMAL    RECORD    YEAR
 MAXIMUM TEMPERATURE (F)   88       109      1934
 MINIMUM TEMPERATURE (F)   68        50      1989


SUNRISE AND SUNSET
AUGUST  7 2017........SUNRISE   625 AM CDT   SUNSET   824 PM CDT
AUGUST  8 2017........SUNRISE   626 AM CDT   SUNSET   823 PM CDT


-  INDICATES NEGATIVE NUMBERS.
R  INDICATES RECORD WAS SET OR TIED.
MM INDICATES DATA IS MISSING.
T  INDICATES TRACE AMOUNT.


&&

...MISCELLANEOUS CLIMATE DATA FROM YESTERDAY...

LOCATION                HIGH    LOW      PRECIP
ST. JOSEPH               73      61       0.10
DOWNTOWN KANSAS CITY     76      66       0.01
OLATHE NEW CENTURY       75      64       0.01
OLATHE JO CO EXEC        74      64       0.00
LEES SUMMIT              76      65       0.03
KIRKSVILLE               75      63       0.13
CHILLICOTHE              76      64       0.04
SEDALIA                  80      66       0.05
NWS PLEASANT HILL MO     77      64       0.01


THIS PRODUCT...ALONG WITH OTHER WEATHER...HYDROLOGICAL AND CLIMATE
INFORMATION...IS AVAILABLE ON THE WEB AT HTTP://WWW.WEATHER.GOV/EAX
OR AT HTTP://WEATHER.GOV

$$

JW
