000
CDUS43 KEAX 050633
CLIMCI

CLIMATE REPORT
NATIONAL WEATHER SERVICE KANSAS CITY/PLEASANT HILL MO
1233 AM CST TUE DEC 5 2017


...................................

...THE KANSAS CITY INTERNATIONAL MO CLIMATE SUMMARY FOR DECEMBER 4 2017...

CLIMATE NORMAL PERIOD 1981 TO 2010
CLIMATE RECORD PERIOD 1888 TO 2017


WEATHER ITEM   OBSERVED TIME   RECORD YEAR NORMAL DEPARTURE LAST
                VALUE   (LST)  VALUE       VALUE  FROM      YEAR
                                                  NORMAL
..................................................................
TEMPERATURE (F)
 YESTERDAY
  MAXIMUM         72R   139 PM  69    2001  44     28       45
  MINIMUM         32   1159 PM   6    1898  26      6       29
  AVERAGE         52                        35     17       37

PRECIPITATION (IN)
  YESTERDAY        0.00          2.16 1944   0.06  -0.06     0.60
  MONTH TO DATE    0.00                      0.24  -0.24     0.63
  SINCE DEC 1      0.00                      0.24  -0.24     0.63
  SINCE JAN 1     45.83                     37.57   8.26    48.09

SNOWFALL (IN)
  YESTERDAY        0.0           4.3  1925   0.1   -0.1      0.0
  MONTH TO DATE    0.0                       0.5   -0.5      0.0
  SINCE DEC 1      0.0                       0.5   -0.5      0.0
  SINCE JUL 1      T                         1.9   -1.9      0.0
  SNOW DEPTH       0

DEGREE DAYS
 HEATING
  YESTERDAY       13                        30    -17       28
  MONTH TO DATE   63                       119    -56      114
  SINCE DEC 1     63                       119    -56      114
  SINCE JUL 1    943                      1121   -178      698

 COOLING
  YESTERDAY        0                         0      0        0
  MONTH TO DATE    0                         0      0        0
  SINCE DEC 1      0                         0      0        0
  SINCE JAN 1   1325                      1360    -35     1585
..................................................................


WIND (MPH)
  HIGHEST WIND SPEED    37   HIGHEST WIND DIRECTION     S (200)
  HIGHEST GUST SPEED    50   HIGHEST GUST DIRECTION     W (290)
  AVERAGE WIND SPEED    24.7


SKY COVER
  POSSIBLE SUNSHINE  MM
  AVERAGE SKY COVER 0.6


WEATHER CONDITIONS
 THE FOLLOWING WEATHER WAS RECORDED YESTERDAY.
  HAZE


RELATIVE HUMIDITY (PERCENT)
 HIGHEST    78           700 AM
 LOWEST     43           400 PM
 AVERAGE    61

..........................................................


THE KANSAS CITY INTERNATIONAL MO CLIMATE NORMALS FOR TODAY
                         NORMAL    RECORD    YEAR
 MAXIMUM TEMPERATURE (F)   43        74      2001
 MINIMUM TEMPERATURE (F)   25         4      1950


SUNRISE AND SUNSET
DECEMBER  5 2017......SUNRISE   724 AM CST   SUNSET   455 PM CST
DECEMBER  6 2017......SUNRISE   725 AM CST   SUNSET   455 PM CST


-  INDICATES NEGATIVE NUMBERS.
R  INDICATES RECORD WAS SET OR TIED.
MM INDICATES DATA IS MISSING.
T  INDICATES TRACE AMOUNT.


&&

...MISCELLANEOUS CLIMATE DATA FROM YESTERDAY...

LOCATION                HIGH    LOW      PRECIP
ST. JOSEPH               69      30       0.00
DOWNTOWN KANSAS CITY     73      35       T
OLATHE NEW CENTURY       71      32       0.00
OLATHE JO CO EXEC        70      32       0.00
LEES SUMMIT              72      33       T
KIRKSVILLE               69      32       0.55
CHILLICOTHE              71      33       0.29
SEDALIA                  72      37       0.19
NWS PLEASANT HILL MO     70      33       0.17


THIS PRODUCT...ALONG WITH OTHER WEATHER...HYDROLOGICAL AND CLIMATE
INFORMATION...IS AVAILABLE ON THE WEB AT HTTP://WWW.WEATHER.GOV/EAX
OR AT HTTP://WEATHER.GOV

$$
