000
CDUS43 KEAX 082129
CLIMCI

CLIMATE REPORT
NATIONAL WEATHER SERVICE KANSAS CITY/PLEASANT HILL MO
428 PM CDT THU JUN 8 2017


...................................

...THE KANSAS CITY INTERNATIONAL MO CLIMATE SUMMARY FOR JUNE 8 2017...
VALID AS OF 0400 PM LOCAL TIME.

CLIMATE NORMAL PERIOD 1981 TO 2010
CLIMATE RECORD PERIOD 1888 TO 2017


WEATHER ITEM   OBSERVED TIME   RECORD YEAR NORMAL DEPARTURE LAST
                VALUE   (LST)  VALUE       VALUE  FROM      YEAR
                                                  NORMAL
..................................................................
TEMPERATURE (F)
 TODAY
  MAXIMUM         81    259 PM 100    1911  82     -1       85
  MINIMUM         58    439 AM  48    2003  61     -3       60
                                      1913
  AVERAGE         70                        72     -2       73

PRECIPITATION (IN)
  TODAY            0.00          3.26 1910   0.18  -0.18     0.00
  MONTH TO DATE    0.03                      1.42  -1.39     0.13
  SINCE JUN 1      0.03                      1.42  -1.39     0.13
  SINCE JAN 1     16.30                     15.25   1.05    20.66

SNOWFALL (IN)
  TODAY            0.0           0.0    MM   0.0    0.0      0.0
  MONTH TO DATE    0.0                       0.0    0.0      0.0
  SINCE JUN 1      0.0                       0.0    0.0      0.0
  SINCE JUL 1      4.9                      18.8  -13.9      5.9
  SNOW DEPTH       0

DEGREE DAYS
 HEATING
  TODAY            0                         0      0        0
  MONTH TO DATE    0                         7     -7        0
  SINCE JUN 1      0                         7     -7        0
  SINCE JUL 1   4146                      5131   -985     4162

 COOLING
  TODAY            5                         7     -2        8
  MONTH TO DATE   73                        50     23       55
  SINCE JUN 1     73                        50     23       55
  SINCE JAN 1    184                       166     18      126
..................................................................


WIND (MPH)
  HIGHEST WIND SPEED    13   HIGHEST WIND DIRECTION    SW (210)
  HIGHEST GUST SPEED    17   HIGHEST GUST DIRECTION    SW (210)
  AVERAGE WIND SPEED     6.5


SKY COVER
  POSSIBLE SUNSHINE  MM
  AVERAGE SKY COVER 0.5


WEATHER CONDITIONS
 THE FOLLOWING WEATHER WAS RECORDED TODAY.
  HAZE


RELATIVE HUMIDITY (PERCENT)
 HIGHEST    72           400 AM
 LOWEST     36           200 PM
 AVERAGE    54

..........................................................


THE KANSAS CITY INTERNATIONAL MO CLIMATE NORMALS FOR TOMORROW
                         NORMAL    RECORD    YEAR
 MAXIMUM TEMPERATURE (F)   82        98      1953
                                             1936
                                             1911
 MINIMUM TEMPERATURE (F)   62        49      1913


SUNRISE AND SUNSET
JUNE  8 2017..........SUNRISE   552 AM CDT   SUNSET   844 PM CDT
JUNE  9 2017..........SUNRISE   552 AM CDT   SUNSET   845 PM CDT


-  INDICATES NEGATIVE NUMBERS.
R  INDICATES RECORD WAS SET OR TIED.
MM INDICATES DATA IS MISSING.
T  INDICATES TRACE AMOUNT.


&&

...MISCELLANEOUS CLIMATE DATA FROM TODAY...

LOCATION                HIGH    LOW      PRECIP
ST. JOSEPH               85      54       0.00
DOWNTOWN KANSAS CITY     84      M         0.00
OLATHE NEW CENTURY       81      57       0.00
OLATHE JO CO EXEC        80      58       0.00
LEES SUMMIT              82      62       0.00
KIRKSVILLE               83      48       0.00
CHILLICOTHE              84      52       0.00
SEDALIA                  83      55       0.00
NWS PLEASANT HILL MO     82      59       0.00


THIS PRODUCT...ALONG WITH OTHER WEATHER...HYDROLOGICAL AND CLIMATE
INFORMATION...IS AVAILABLE ON THE WEB AT HTTP://WWW.WEATHER.GOV/EAX
OR AT HTTP://WEATHER.GOV

$$

JW
