000
CDUS43 KEAX 200634
CLIMCI

CLIMATE REPORT
NATIONAL WEATHER SERVICE KANSAS CITY/PLEASANT HILL MO
133 AM CDT MON MAR 20 2017


...................................

...THE KANSAS CITY INTERNATIONAL MO CLIMATE SUMMARY FOR MARCH 19 2017...

CLIMATE NORMAL PERIOD 1981 TO 2010
CLIMATE RECORD PERIOD 1888 TO 2017


WEATHER ITEM   OBSERVED TIME   RECORD YEAR NORMAL DEPARTURE LAST
                VALUE   (LST)  VALUE       VALUE  FROM      YEAR
                                                  NORMAL
..................................................................
TEMPERATURE (F)
 YESTERDAY
  MAXIMUM         87R   355 PM  81    1995  57     30       41
                                      1907
  MINIMUM         48    701 AM   3    1923  34     14       26
  AVERAGE         68                        45     23       34

PRECIPITATION (IN)
  YESTERDAY        0.00          1.83 1901   0.08  -0.08     0.02
  MONTH TO DATE    0.42                      1.32  -0.90     1.16
  SINCE MAR 1      0.42                      1.32  -0.90     1.16
  SINCE JAN 1      1.87                      3.85  -1.98     2.32

SNOWFALL (IN)
  YESTERDAY        0.0           2.2  2010   0.0    0.0      0.2
  MONTH TO DATE    0.4                       1.4   -1.0      0.2
  SINCE MAR 1      0.4                       1.4   -1.0      0.2
  SINCE JUL 1      4.9                      17.6  -12.7      5.5
  SNOW DEPTH       0

DEGREE DAYS
 HEATING
  YESTERDAY        0                        20    -20       31
  MONTH TO DATE  380                       437    -57      269
  SINCE MAR 1    380                       437    -57      269
  SINCE JUL 1   3634                      4482   -848     3626

 COOLING
  YESTERDAY        3                         0      3        0
  MONTH TO DATE    3                         0      3        2
  SINCE MAR 1      3                         0      3        2
  SINCE JAN 1      3                         0      3        2
..................................................................


WIND (MPH)
  HIGHEST WIND SPEED    28   HIGHEST WIND DIRECTION     S (190)
  HIGHEST GUST SPEED    36   HIGHEST GUST DIRECTION     S (180)
  AVERAGE WIND SPEED    17.3


SKY COVER
  POSSIBLE SUNSHINE  MM
  AVERAGE SKY COVER 0.6


WEATHER CONDITIONS
 THE FOLLOWING WEATHER WAS RECORDED YESTERDAY.
  NO SIGNIFICANT WEATHER WAS OBSERVED.


RELATIVE HUMIDITY (PERCENT)
 HIGHEST    61          1100 PM
 LOWEST     28           100 AM
 AVERAGE    45

..........................................................


THE KANSAS CITY INTERNATIONAL MO CLIMATE NORMALS FOR TODAY
                         NORMAL    RECORD    YEAR
 MAXIMUM TEMPERATURE (F)   57        82      1953
 MINIMUM TEMPERATURE (F)   35         8      1906


SUNRISE AND SUNSET
MARCH 20 2017.........SUNRISE   722 AM CDT   SUNSET   731 PM CDT
MARCH 21 2017.........SUNRISE   720 AM CDT   SUNSET   732 PM CDT


-  INDICATES NEGATIVE NUMBERS.
R  INDICATES RECORD WAS SET OR TIED.
MM INDICATES DATA IS MISSING.
T  INDICATES TRACE AMOUNT.


&&

...MISCELLANEOUS CLIMATE DATA FROM YESTERDAY...

LOCATION                HIGH    LOW      PRECIP
ST. JOSEPH               88      47       0.00
DOWNTOWN KANSAS CITY     88      48       T
OLATHE NEW CENTURY       87      51       T
OLATHE JO CO EXEC        85      51       T
LEES SUMMIT              86      50       T
KIRKSVILLE               63      36       0.00
CHILLICOTHE              67      45       0.00
SEDALIA                  75      44       T
NWS PLEASANT HILL MO     85      49       T


THIS PRODUCT...ALONG WITH OTHER WEATHER...HYDROLOGICAL AND CLIMATE
INFORMATION...IS AVAILABLE ON THE WEB AT HTTP://WWW.WEATHER.GOV/EAX
OR AT HTTP://WEATHER.GOV

$$
