000
CDUS43 KEAX 152144
CLIMCI

CLIMATE REPORT
NATIONAL WEATHER SERVICE KANSAS CITY/PLEASANT HILL MO
133 AM CDT FRI APR 15 2016


...................................

...THE KANSAS CITY INTERNATIONAL MO CLIMATE SUMMARY FOR APRIL 14 2016...

CLIMATE NORMAL PERIOD 1981 TO 2010
CLIMATE RECORD PERIOD 1888 TO 2016


WEATHER ITEM   OBSERVED TIME   RECORD YEAR NORMAL DEPARTURE LAST
                VALUE   (LST)  VALUE       VALUE  FROM      YEAR
                                                  NORMAL
..................................................................
TEMPERATURE (F)
 YESTERDAY
  MAXIMUM         73    239 PM  92    1972  65      8       67
  MINIMUM         44    544 AM  25    1928  44      0       48
  AVERAGE         59                        54      5       58

PRECIPITATION (IN)
  YESTERDAY        0.00          1.75 1999   0.12  -0.12      T
  MONTH TO DATE    0.34                      1.48  -1.14     1.62
  SINCE MAR 1      3.06                      3.85  -0.79     2.50
  SINCE JAN 1      4.22                      6.38  -2.16     4.68

SNOWFALL (IN)
  YESTERDAY        0.0           1.0  1996   0.0    0.0      0.0
  MONTH TO DATE    0.0                       0.4   -0.4      0.0
  SINCE MAR 1      0.6                       2.4   -1.8       T
  SINCE JUL 1      5.9                      18.6  -12.7     14.2
  SNOW DEPTH       0

DEGREE DAYS
 HEATING
  YESTERDAY        6                        11     -5        7
  MONTH TO DATE  173                       187    -14      105
  SINCE MAR 1    616                       833   -217      667
  SINCE JUL 1   3973                      4878   -905     4881

 COOLING
  YESTERDAY        0                         1     -1        0
  MONTH TO DATE    0                         8     -8        6
  SINCE MAR 1      2                        11     -9        8
  SINCE JAN 1      2                        11     -9        8
..................................................................


WIND (MPH)
  HIGHEST WIND SPEED    17   HIGHEST WIND DIRECTION     S (160)
  HIGHEST GUST SPEED    24   HIGHEST GUST DIRECTION    SE (130)
  AVERAGE WIND SPEED     8.1


SKY COVER
  POSSIBLE SUNSHINE  MM
  AVERAGE SKY COVER 0.3


WEATHER CONDITIONS
 THE FOLLOWING WEATHER WAS RECORDED YESTERDAY.
  NO SIGNIFICANT WEATHER WAS OBSERVED.


RELATIVE HUMIDITY (PERCENT)
 HIGHEST    89           600 AM
 LOWEST     29           200 PM
 AVERAGE    59

..........................................................


THE KANSAS CITY INTERNATIONAL MO CLIMATE NORMALS FOR TODAY
                         NORMAL    RECORD    YEAR
 MAXIMUM TEMPERATURE (F)   66        88      2002
                                             1924
 MINIMUM TEMPERATURE (F)   44        22      1983


SUNRISE AND SUNSET
APRIL 15 2016.........SUNRISE   641 AM CDT   SUNSET   757 PM CDT
APRIL 16 2016.........SUNRISE   640 AM CDT   SUNSET   758 PM CDT


-  INDICATES NEGATIVE NUMBERS.
R  INDICATES RECORD WAS SET OR TIED.
MM INDICATES DATA IS MISSING.
T  INDICATES TRACE AMOUNT.


&&

...MISCELLANEOUS CLIMATE DATA FROM TODAY...

LOCATION                HIGH    LOW      PRECIP
ST. JOSEPH               78      47       0.00
DOWNTOWN KANSAS CITY     77      57       0.00
OLATHE NEW CENTURY       73      49       0.00
OLATHE JO CO EXEC        72      50       0.00
LEES SUMMIT              74      53       0.00
KIRKSVILLE               76      47       0.00
CHILLICOTHE              75      52       0.00
SEDALIA                  77      50       0.00
NWS PLEASANT HILL MO     75      49       0.00


THIS PRODUCT...ALONG WITH OTHER WEATHER...HYDROLOGICAL AND CLIMATE
INFORMATION...IS AVAILABLE ON THE WEB AT HTTP://WWW.WEATHER.GOV/EAX
OR AT HTTP://WEATHER.GOV

$$
