000
CDUS43 KEAX 060640
CLIMCI

CLIMATE REPORT
NATIONAL WEATHER SERVICE KANSAS CITY/PLEASANT HILL MO
1235 AM CST TUE FEB 6 2018


...................................

...THE KANSAS CITY INTERNATIONAL MO CLIMATE SUMMARY FOR FEBRUARY 5 2018...

CLIMATE NORMAL PERIOD 1981 TO 2010
CLIMATE RECORD PERIOD 1888 TO 2018


WEATHER ITEM   OBSERVED TIME   RECORD YEAR NORMAL DEPARTURE LAST
                VALUE   (LST)  VALUE       VALUE  FROM      YEAR
                                                  NORMAL
..................................................................
TEMPERATURE (F)
 YESTERDAY
  MAXIMUM         20    601 PM  67    1963  40    -20       49
                                      1938
  MINIMUM         -2   1246 AM -14    1982  21    -23       26
  AVERAGE          9                        31    -22       38

PRECIPITATION (IN)
  YESTERDAY        0.00          1.05 2008   0.05  -0.05     0.00
  MONTH TO DATE    0.08                      0.23  -0.15     0.00
  SINCE DEC 1      1.40                      2.83  -1.43     2.58
  SINCE JAN 1      1.21                      1.30  -0.09     1.39

SNOWFALL (IN)
  YESTERDAY        0.0           7.5  2004   0.2   -0.2      0.0
  MONTH TO DATE    0.5                       1.0   -0.5      0.0
  SINCE DEC 1      5.4                      10.4   -5.0      4.5
  SINCE JUL 1      5.4                      11.8   -6.4      4.5
  SNOW DEPTH       T

DEGREE DAYS
 HEATING
  YESTERDAY       56                        34     22       27
  MONTH TO DATE  209                       174     35      168
  SINCE DEC 1   2346                      2336     10     2246
  SINCE JUL 1   3226                      3338   -112     2830

 COOLING
  YESTERDAY        0                         0      0        0
  MONTH TO DATE    0                         0      0        0
  SINCE DEC 1      0                         0      0        0
  SINCE JAN 1      0                         0      0        0
..................................................................


WIND (MPH)
  HIGHEST WIND SPEED    16   HIGHEST WIND DIRECTION    SE (150)
  HIGHEST GUST SPEED    21   HIGHEST GUST DIRECTION    SE (150)
  AVERAGE WIND SPEED     7.8


SKY COVER
  POSSIBLE SUNSHINE  MM
  AVERAGE SKY COVER 0.5


WEATHER CONDITIONS
 THE FOLLOWING WEATHER WAS RECORDED YESTERDAY.
  NO SIGNIFICANT WEATHER WAS OBSERVED.


RELATIVE HUMIDITY (PERCENT)
 HIGHEST    87           200 AM
 LOWEST     61          1100 AM
 AVERAGE    74

..........................................................


THE KANSAS CITY INTERNATIONAL MO CLIMATE NORMALS FOR TODAY
                         NORMAL    RECORD    YEAR
 MAXIMUM TEMPERATURE (F)   41        70      1904
 MINIMUM TEMPERATURE (F)   21       -19      1982


SUNRISE AND SUNSET
FEBRUARY  6 2018......SUNRISE   721 AM CST   SUNSET   545 PM CST
FEBRUARY  7 2018......SUNRISE   720 AM CST   SUNSET   547 PM CST


-  INDICATES NEGATIVE NUMBERS.
R  INDICATES RECORD WAS SET OR TIED.
MM INDICATES DATA IS MISSING.
T  INDICATES TRACE AMOUNT.


&&

...MISCELLANEOUS CLIMATE DATA FROM YESTERDAY...

LOCATION                HIGH    LOW      PRECIP
ST. JOSEPH               20       0       T
DOWNTOWN KANSAS CITY     23       4       T
OLATHE NEW CENTURY       23      -2       T
OLATHE JO CO EXEC        21       0       T
LEES SUMMIT              21       0       T
KIRKSVILLE               18      -2       0.13
CHILLICOTHE              20       0       0.03
SEDALIA                  27       0       0.02
NWS PLEASANT HILL MO     22       0       T


THIS PRODUCT...ALONG WITH OTHER WEATHER...HYDROLOGICAL AND CLIMATE
INFORMATION...IS AVAILABLE ON THE WEB AT HTTP://WWW.WEATHER.GOV/EAX
OR AT HTTP://WEATHER.GOV

$$
