000
CDUS43 KEAX 171231
CLIMCI

CLIMATE REPORT
NATIONAL WEATHER SERVICE KANSAS CITY/PLEASANT HILL MO
631 AM CST MON NOV 17 2014


...................................

...THE KANSAS CITY INTERNATIONAL MO CLIMATE SUMMARY FOR NOVEMBER 17 2014...
VALID AS OF 0600 AM LOCAL TIME.

CLIMATE NORMAL PERIOD 1981 TO 2010
CLIMATE RECORD PERIOD 1888 TO 2014


WEATHER ITEM   OBSERVED TIME   RECORD YEAR NORMAL DEPARTURE LAST
                VALUE   (LST)  VALUE       VALUE  FROM      YEAR
                                                  NORMAL
..................................................................
TEMPERATURE (F)
 TODAY
  MAXIMUM         22    231 AM  75    1999  52    -30       67
                                      1969
                                      1941
  MINIMUM         17    559 AM   7    1959  33    -16       44
  AVERAGE         20                        43    -23       56

PRECIPITATION (IN)
  TODAY            0.00          1.14 1958   0.06  -0.06     0.00
  MONTH TO DATE    0.10                      1.29  -1.19     1.00
  SINCE SEP 1     11.64                      9.07   2.57    10.58
  SINCE JAN 1     37.63                     36.47   1.16    33.25

SNOWFALL (IN)
  TODAY            0.0           3.0  1892   0.1   -0.1      0.0
  MONTH TO DATE    0.5                       0.4    0.1      0.0
  SINCE SEP 1      0.5                       0.6   -0.1      0.0
  SINCE JUL 1      0.5                       0.6   -0.1      0.0
  SNOW DEPTH       0

DEGREE DAYS
 HEATING
  TODAY           45                        22     23        9
  MONTH TO DATE  456                       309    147      313
  SINCE SEP 1    756                       667     89      661
  SINCE JUL 1    758                       669     89      661

 COOLING
  TODAY            0                         0      0        0
  MONTH TO DATE    0                         0      0        0
  SINCE SEP 1    144                       185    -41      251
  SINCE JAN 1   1263                      1358    -95     1345
..................................................................


WIND (MPH)
  HIGHEST WIND SPEED    20   HIGHEST WIND DIRECTION    NW (310)
  HIGHEST GUST SPEED    25   HIGHEST GUST DIRECTION    NW (310)
  AVERAGE WIND SPEED    10.0


SKY COVER
  POSSIBLE SUNSHINE  MM
  AVERAGE SKY COVER 0.3


WEATHER CONDITIONS
 THE FOLLOWING WEATHER WAS RECORDED TODAY.
  NO SIGNIFICANT WEATHER WAS OBSERVED.


RELATIVE HUMIDITY (PERCENT)
 HIGHEST    71           200 AM
 LOWEST     67          1200 AM
 AVERAGE    69

..........................................................


THE KANSAS CITY INTERNATIONAL MO CLIMATE NORMALS FOR TOMORROW
                         NORMAL    RECORD    YEAR
 MAXIMUM TEMPERATURE (F)   52        78      1976
 MINIMUM TEMPERATURE (F)   33        14      1903


SUNRISE AND SUNSET
NOVEMBER 17 2014......SUNRISE   705 AM CST   SUNSET   503 PM CST
NOVEMBER 18 2014......SUNRISE   706 AM CST   SUNSET   502 PM CST


-  INDICATES NEGATIVE NUMBERS.
R  INDICATES RECORD WAS SET OR TIED.
MM INDICATES DATA IS MISSING.
T  INDICATES TRACE AMOUNT.




&&

...MISCELLANEOUS CLIMATE DATA FROM TODAY...

LOCATION                HIGH    LOW      PRECIP
ST. JOSEPH               23      17       0.00
DOWNTOWN KANSAS CITY     24      20       0.00
OLATHE NEW CENTURY       21      16       0.00
OLATHE JO CO EXEC        23      18       0.00
LEES SUMMIT              23      18       0.00
KIRKSVILLE               15      13       0.00
CHILLICOTHE              20      18       0.00
SEDALIA                  22      18       0.00
NWS PLEASANT HILL MO     21      18       0.00


THIS PRODUCT...ALONG WITH OTHER WEATHER...HYDROLOGICAL AND CLIMATE
INFORMATION...IS AVAILABLE ON THE WEB AT HTTP://WWW.CRH.NOAA.GOV/EAX
OR AT HTTP://WEATHER.GOV

$$
