000
CDUS43 KEAX 080650
CLIMCI

CLIMATE REPORT
NATIONAL WEATHER SERVICE KANSAS CITY/PLEASANT HILL MO
149 AM CDT THU JUN 8 2017


...................................

...THE KANSAS CITY INTERNATIONAL MO CLIMATE SUMMARY FOR JUNE 7 2017...

CLIMATE NORMAL PERIOD 1981 TO 2010
CLIMATE RECORD PERIOD 1888 TO 2017


WEATHER ITEM   OBSERVED TIME   RECORD YEAR NORMAL DEPARTURE LAST
                VALUE   (LST)  VALUE       VALUE  FROM      YEAR
                                                  NORMAL
..................................................................
TEMPERATURE (F)
 YESTERDAY
  MAXIMUM         81    454 PM  99    1934  81      0       80
  MINIMUM         59    337 AM  46    1935  61     -2       55
  AVERAGE         70                        71     -1       68

PRECIPITATION (IN)
  YESTERDAY        0.00          3.09 1921   0.18  -0.18     0.00
  MONTH TO DATE    0.03                      1.24  -1.21     0.13
  SINCE JUN 1      0.03                      1.24  -1.21     0.13
  SINCE JAN 1     16.30                     15.07   1.23    20.66

SNOWFALL (IN)
  YESTERDAY        0.0           0.0    MM   0.0    0.0      0.0
  MONTH TO DATE    0.0                       0.0    0.0      0.0
  SINCE JUN 1      0.0                       0.0    0.0      0.0
  SINCE JUL 1      4.9                      18.8  -13.9      5.9
  SNOW DEPTH       0

DEGREE DAYS
 HEATING
  YESTERDAY        0                         1     -1        0
  MONTH TO DATE    0                         7     -7        0
  SINCE JUN 1      0                         7     -7        0
  SINCE JUL 1   4146                      5131   -985     4162

 COOLING
  YESTERDAY        5                         7     -2        3
  MONTH TO DATE   68                        43     25       47
  SINCE JUN 1     68                        43     25       47
  SINCE JAN 1    179                       159     20      118
..................................................................


WIND (MPH)
  HIGHEST WIND SPEED    14   HIGHEST WIND DIRECTION    NE (60)
  HIGHEST GUST SPEED    17   HIGHEST GUST DIRECTION     E (70)
  AVERAGE WIND SPEED     4.4


SKY COVER
  POSSIBLE SUNSHINE  MM
  AVERAGE SKY COVER 0.6


WEATHER CONDITIONS
 THE FOLLOWING WEATHER WAS RECORDED YESTERDAY.
  HAZE


RELATIVE HUMIDITY (PERCENT)
 HIGHEST    72           300 AM
 LOWEST     30           400 PM
 AVERAGE    51

..........................................................


THE KANSAS CITY INTERNATIONAL MO CLIMATE NORMALS FOR TODAY
                         NORMAL    RECORD    YEAR
 MAXIMUM TEMPERATURE (F)   82       100      1911
 MINIMUM TEMPERATURE (F)   61        48      2003
                                             1913


SUNRISE AND SUNSET
JUNE  8 2017..........SUNRISE   552 AM CDT   SUNSET   844 PM CDT
JUNE  9 2017..........SUNRISE   552 AM CDT   SUNSET   845 PM CDT


-  INDICATES NEGATIVE NUMBERS.
R  INDICATES RECORD WAS SET OR TIED.
MM INDICATES DATA IS MISSING.
T  INDICATES TRACE AMOUNT.


&&

...MISCELLANEOUS CLIMATE DATA FROM YESTERDAY...

LOCATION                HIGH    LOW      PRECIP
ST. JOSEPH               84      54       0.00
DOWNTOWN KANSAS CITY     83      59       0.00
OLATHE NEW CENTURY       81      57       0.00
OLATHE JO CO EXEC        79      58       0.00
LEES SUMMIT              81      58       0.00
KIRKSVILLE               81      51       0.00
CHILLICOTHE              83      53       0.00
SEDALIA                  83      58       0.00
NWS PLEASANT HILL MO     81      60       0.00


THIS PRODUCT...ALONG WITH OTHER WEATHER...HYDROLOGICAL AND CLIMATE
INFORMATION...IS AVAILABLE ON THE WEB AT HTTP://WWW.WEATHER.GOV/EAX
OR AT HTTP://WEATHER.GOV

$$

JL
