000
CDUS43 KEAX 130635
CLIMCI

CLIMATE REPORT
NATIONAL WEATHER SERVICE KANSAS CITY/PLEASANT HILL MO
134 AM CDT WED JUL 13 2016


...................................

...THE KANSAS CITY INTERNATIONAL MO CLIMATE SUMMARY FOR JULY 12 2016...

CLIMATE NORMAL PERIOD 1981 TO 2010
CLIMATE RECORD PERIOD 1888 TO 2016


WEATHER ITEM   OBSERVED TIME   RECORD YEAR NORMAL DEPARTURE LAST
                VALUE   (LST)  VALUE       VALUE  FROM      YEAR
                                                  NORMAL
..................................................................
TEMPERATURE (F)
 YESTERDAY
  MAXIMUM         85    245 PM 109    1954  88     -3       92
  MINIMUM         65    630 AM  56    1990  69     -4       73
  AVERAGE         75                        78     -3       83

PRECIPITATION (IN)
  YESTERDAY        1.14          2.98 2001   0.15   0.99     0.00
  MONTH TO DATE    7.20                      1.89   5.31     3.40
  SINCE JUN 1      8.18                      7.12   1.06    10.98
  SINCE JAN 1     28.71                     20.95   7.76    27.58

SNOWFALL (IN)
  YESTERDAY        0.0           0.0    MM   0.0    0.0      0.0
  MONTH TO DATE    0.0                       0.0    0.0      0.0
  SINCE JUN 1      0.0                       0.0    0.0      0.0
  SINCE JUL 1      0.0                       0.0    0.0      0.0
  SNOW DEPTH       0

DEGREE DAYS
 HEATING
  YESTERDAY        0                         0      0        0
  MONTH TO DATE    0                         0      0        2
  SINCE JUN 1      0                         9     -9        5
  SINCE JUL 1      0                         0      0        2

 COOLING
  YESTERDAY       10                        13     -3       18
  MONTH TO DATE  142                       154    -12       99
  SINCE JUN 1    559                       420    139      404
  SINCE JAN 1    630                       536     94      472
..................................................................


WIND (MPH)
  HIGHEST WIND SPEED    36   HIGHEST WIND DIRECTION    SE (130)
  HIGHEST GUST SPEED    47   HIGHEST GUST DIRECTION    NE (50)
  AVERAGE WIND SPEED    10.8


SKY COVER
  POSSIBLE SUNSHINE  MM
  AVERAGE SKY COVER 0.7


WEATHER CONDITIONS
 THE FOLLOWING WEATHER WAS RECORDED YESTERDAY.
  THUNDERSTORM
  HEAVY RAIN
  RAIN
  LIGHT RAIN
  FOG


RELATIVE HUMIDITY (PERCENT)
 HIGHEST    93           700 AM
 LOWEST     65           100 PM
 AVERAGE    79

..........................................................


THE KANSAS CITY INTERNATIONAL MO CLIMATE NORMALS FOR TODAY
                         NORMAL    RECORD    YEAR
 MAXIMUM TEMPERATURE (F)   88       112      1954
 MINIMUM TEMPERATURE (F)   69        54      1975


SUNRISE AND SUNSET
JULY 13 2016..........SUNRISE   604 AM CDT   SUNSET   845 PM CDT
JULY 14 2016..........SUNRISE   604 AM CDT   SUNSET   845 PM CDT


-  INDICATES NEGATIVE NUMBERS.
R  INDICATES RECORD WAS SET OR TIED.
MM INDICATES DATA IS MISSING.
T  INDICATES TRACE AMOUNT.


&&

...MISCELLANEOUS CLIMATE DATA FROM YESTERDAY...

LOCATION                HIGH    LOW      PRECIP
ST. JOSEPH               84      64       2.91
DOWNTOWN KANSAS CITY     89      67       0.85
OLATHE NEW CENTURY       84      65       0.91
OLATHE JO CO EXEC        83      64       0.37
LEES SUMMIT              85      66       1.45
KIRKSVILLE               85      66       0.38
CHILLICOTHE              88      67       1.37
SEDALIA                  88      68       0.72
NWS PLEASANT HILL MO     85      65       1.00


THIS PRODUCT...ALONG WITH OTHER WEATHER...HYDROLOGICAL AND CLIMATE
INFORMATION...IS AVAILABLE ON THE WEB AT HTTP://WWW.WEATHER.GOV/EAX
OR AT HTTP://WEATHER.GOV

$$

73
