000
CDUS43 KEAX 030634
CLIMCI

CLIMATE REPORT
NATIONAL WEATHER SERVICE KANSAS CITY/PLEASANT HILL MO
133 AM CDT TUE OCT 3 2017


...................................

...THE KANSAS CITY INTERNATIONAL MO CLIMATE SUMMARY FOR OCTOBER 2 2017...

CLIMATE NORMAL PERIOD 1981 TO 2010
CLIMATE RECORD PERIOD 1888 TO 2017


WEATHER ITEM   OBSERVED TIME   RECORD YEAR NORMAL DEPARTURE LAST
                VALUE   (LST)  VALUE       VALUE  FROM      YEAR
                                                  NORMAL
..................................................................
TEMPERATURE (F)
 YESTERDAY
  MAXIMUM         84    301 PM  95    2006  72     12       74
  MINIMUM         66    422 AM  34    2004  50     16       49
  AVERAGE         75                        61     14       62

PRECIPITATION (IN)
  YESTERDAY        0.00          2.09 2005   0.12  -0.12     0.00
  MONTH TO DATE    T                         0.25  -0.25     0.00
  SINCE SEP 1      2.80                      4.87  -2.07     4.94
  SINCE JAN 1     40.69                     32.27   8.42    44.37

SNOWFALL (IN)
  YESTERDAY        0.0           0.0    MM   0.0    0.0      0.0
  MONTH TO DATE    0.0                       0.0    0.0      0.0
  SINCE SEP 1      0.0                       0.0    0.0      0.0
  SINCE JUL 1      0.0                       0.0    0.0      0.0
  SNOW DEPTH       0

DEGREE DAYS
 HEATING
  YESTERDAY        0                         6     -6        3
  MONTH TO DATE    0                        11    -11        9
  SINCE SEP 1     16                        76    -60       30
  SINCE JUL 1     20                        78    -58       30

 COOLING
  YESTERDAY       10                         2      8        0
  MONTH TO DATE   13                         4      9        0
  SINCE SEP 1    218                       163     55      220
  SINCE JAN 1   1296                      1336    -40     1517
..................................................................


WIND (MPH)
  HIGHEST WIND SPEED    24   HIGHEST WIND DIRECTION     S (170)
  HIGHEST GUST SPEED    32   HIGHEST GUST DIRECTION     S (170)
  AVERAGE WIND SPEED    17.2


SKY COVER
  POSSIBLE SUNSHINE  MM
  AVERAGE SKY COVER 0.2


WEATHER CONDITIONS
 THE FOLLOWING WEATHER WAS RECORDED YESTERDAY.
  HAZE


RELATIVE HUMIDITY (PERCENT)
 HIGHEST    90           800 AM
 LOWEST     51           300 PM
 AVERAGE    71

..........................................................


THE KANSAS CITY INTERNATIONAL MO CLIMATE NORMALS FOR TODAY
                         NORMAL    RECORD    YEAR
 MAXIMUM TEMPERATURE (F)   72        95      2006
 MINIMUM TEMPERATURE (F)   50        31      1987


SUNRISE AND SUNSET
OCTOBER  3 2017.......SUNRISE   717 AM CDT   SUNSET   658 PM CDT
OCTOBER  4 2017.......SUNRISE   718 AM CDT   SUNSET   656 PM CDT


-  INDICATES NEGATIVE NUMBERS.
R  INDICATES RECORD WAS SET OR TIED.
MM INDICATES DATA IS MISSING.
T  INDICATES TRACE AMOUNT.


&&

...MISCELLANEOUS CLIMATE DATA FROM YESTERDAY...

LOCATION                HIGH    LOW      PRECIP
ST. JOSEPH               87      64       0.00
DOWNTOWN KANSAS CITY     87      69       0.00
OLATHE NEW CENTURY       85      64       0.00
OLATHE JO CO EXEC        83      61       0.00
LEES SUMMIT              86      65       0.00
KIRKSVILLE               88      61       0.00
CHILLICOTHE              87      64       0.00
SEDALIA                  87      69       0.00
NWS PLEASANT HILL MO     84      61       0.00


THIS PRODUCT...ALONG WITH OTHER WEATHER...HYDROLOGICAL AND CLIMATE
INFORMATION...IS AVAILABLE ON THE WEB AT HTTP://WWW.WEATHER.GOV/EAX
OR AT HTTP://WEATHER.GOV

$$

CDB
