000
CDUS43 KEAX 250647
CLIMCI

CLIMATE REPORT
NATIONAL WEATHER SERVICE KANSAS CITY/PLEASANT HILL MO
147 AM CDT THU SEP 25 2014


...................................

...THE KANSAS CITY INTERNATIONAL MO CLIMATE SUMMARY FOR SEPTEMBER 24 2014...

CLIMATE NORMAL PERIOD 1981 TO 2010
CLIMATE RECORD PERIOD 1888 TO 2014


WEATHER ITEM   OBSERVED TIME   RECORD YEAR NORMAL DEPARTURE LAST
                VALUE   (LST)  VALUE       VALUE  FROM      YEAR
                                                  NORMAL
..................................................................
TEMPERATURE (F)
 YESTERDAY
  MAXIMUM         70    357 PM  92    1935  76     -6       70
  MINIMUM         58    801 AM  35    1989  54      4       59
  AVERAGE         64                        64      0       65

PRECIPITATION (IN)
  YESTERDAY        0.04          4.04 1973   0.16  -0.12     0.02
  MONTH TO DATE    2.19                      3.75  -1.56     4.44
  SINCE SEP 1      2.19                      3.75  -1.56     4.44
  SINCE JAN 1     28.18                     31.15  -2.97    27.11

SNOWFALL (IN)
  YESTERDAY        0.0           0.0    MM   0.0    0.0      0.0
  MONTH TO DATE    0.0                       0.0    0.0      0.0
  SINCE SEP 1      0.0                       0.0    0.0      0.0
  SINCE JUL 1      0.0                       0.0    0.0      0.0
  SNOW DEPTH       0

DEGREE DAYS
 HEATING
  YESTERDAY        1                         4     -3        0
  MONTH TO DATE   65                        37     28       10
  SINCE SEP 1     65                        37     28       10
  SINCE JUL 1     67                        39     28       10

 COOLING
  YESTERDAY        0                         3     -3        0
  MONTH TO DATE   95                       143    -48      202
  SINCE SEP 1     95                       143    -48      202
  SINCE JAN 1   1214                      1316   -102     1296
..................................................................


WIND (MPH)
  HIGHEST WIND SPEED    16   HIGHEST WIND DIRECTION     S (170)
  HIGHEST GUST SPEED    20   HIGHEST GUST DIRECTION     S (170)
  AVERAGE WIND SPEED     9.4


SKY COVER
  POSSIBLE SUNSHINE  MM
  AVERAGE SKY COVER 0.9


WEATHER CONDITIONS
 THE FOLLOWING WEATHER WAS RECORDED YESTERDAY.
  LIGHT RAIN
  FOG


RELATIVE HUMIDITY (PERCENT)
 HIGHEST    93           800 AM
 LOWEST     57           400 PM
 AVERAGE    75

..........................................................


THE KANSAS CITY INTERNATIONAL MO CLIMATE NORMALS FOR TODAY
                         NORMAL    RECORD    YEAR
 MAXIMUM TEMPERATURE (F)   75        91      1904
                                             1898
 MINIMUM TEMPERATURE (F)   53        38      1926


SUNRISE AND SUNSET
SEPTEMBER 25 2014.....SUNRISE   709 AM CDT   SUNSET   711 PM CDT
SEPTEMBER 26 2014.....SUNRISE   710 AM CDT   SUNSET   709 PM CDT


-  INDICATES NEGATIVE NUMBERS.
R  INDICATES RECORD WAS SET OR TIED.
MM INDICATES DATA IS MISSING.
T  INDICATES TRACE AMOUNT.



&&

...MISCELLANEOUS CLIMATE DATA FROM YESTERDAY...

LOCATION                HIGH    LOW      PRECIP
ST. JOSEPH               74      59       0.01
DOWNTOWN KANSAS CITY     72      60       0.03
OLATHE NEW CENTURY       72      57       0.10
OLATHE JO CO EXEC        70      57       0.08
LEES SUMMIT              70      58       0.02
KIRKSVILLE               75      55       0.00
CHILLICOTHE              69      58       0.00
SEDALIA                  76      54       0.00
NWS PLEASANT HILL MO     70      56       T


THIS PRODUCT...ALONG WITH OTHER WEATHER...HYDROLOGICAL AND CLIMATE
INFORMATION...IS AVAILABLE ON THE WEB AT HTTP://WWW.CRH.NOAA.GOV/EAX
OR AT HTTP://WEATHER.GOV

$$

CUTTER
