000
CDUS43 KEAX 250635
CLIMCI

CLIMATE REPORT
NATIONAL WEATHER SERVICE KANSAS CITY/PLEASANT HILL MO
1233 AM CST FRI NOV 25 2016


...................................

...THE KANSAS CITY INTERNATIONAL MO CLIMATE SUMMARY FOR NOVEMBER 24 2016...

CLIMATE NORMAL PERIOD 1981 TO 2010
CLIMATE RECORD PERIOD 1888 TO 2016


WEATHER ITEM   OBSERVED TIME   RECORD YEAR NORMAL DEPARTURE LAST
                VALUE   (LST)  VALUE       VALUE  FROM      YEAR
                                                  NORMAL
..................................................................
TEMPERATURE (F)
 YESTERDAY
  MAXIMUM         49    325 PM  73    1990  49      0       61
  MINIMUM         37    731 AM   9    1950  30      7       39
  AVERAGE         43                        39      4       50

PRECIPITATION (IN)
  YESTERDAY        0.00          0.80 1966   0.07  -0.07     0.00
  MONTH TO DATE    0.40                      1.75  -1.35     1.77
  SINCE SEP 1      7.92                      9.53  -1.61     8.78
  SINCE JAN 1     47.35                     36.93  10.42    40.69

SNOWFALL (IN)
  YESTERDAY        0.0           5.1  2004   0.1   -0.1      0.0
  MONTH TO DATE    0.0                       0.7   -0.7      0.0
  SINCE SEP 1      0.0                       0.9   -0.9      0.0
  SINCE JUL 1      0.0                       0.9   -0.9      0.0
  SNOW DEPTH       0

DEGREE DAYS
 HEATING
  YESTERDAY       22                        26     -4       15
  MONTH TO DATE  295                       479   -184      347
  SINCE SEP 1    460                       837   -377      593
  SINCE JUL 1    460                       839   -379      596

 COOLING
  YESTERDAY        0                         0      0        0
  MONTH TO DATE   13                         0     13        0
  SINCE SEP 1    288                       185    103      295
  SINCE JAN 1   1585                      1358    227     1370
..................................................................


WIND (MPH)
  HIGHEST WIND SPEED    14   HIGHEST WIND DIRECTION    SE (140)
  HIGHEST GUST SPEED    20   HIGHEST GUST DIRECTION     S (190)
  AVERAGE WIND SPEED     6.1


SKY COVER
  POSSIBLE SUNSHINE  MM
  AVERAGE SKY COVER 0.9


WEATHER CONDITIONS
 THE FOLLOWING WEATHER WAS RECORDED YESTERDAY.
  HAZE


RELATIVE HUMIDITY (PERCENT)
 HIGHEST    82           300 AM
 LOWEST     60           500 PM
 AVERAGE    71

..........................................................


THE KANSAS CITY INTERNATIONAL MO CLIMATE NORMALS FOR TODAY
                         NORMAL    RECORD    YEAR
 MAXIMUM TEMPERATURE (F)   48        70      1926
 MINIMUM TEMPERATURE (F)   30        11      1977


SUNRISE AND SUNSET
NOVEMBER 25 2016......SUNRISE   714 AM CST   SUNSET   458 PM CST
NOVEMBER 26 2016......SUNRISE   715 AM CST   SUNSET   457 PM CST


-  INDICATES NEGATIVE NUMBERS.
R  INDICATES RECORD WAS SET OR TIED.
MM INDICATES DATA IS MISSING.
T  INDICATES TRACE AMOUNT.


&&

...MISCELLANEOUS CLIMATE DATA FROM YESTERDAY...

LOCATION                HIGH    LOW      PRECIP
ST. JOSEPH               50      37       0.00
DOWNTOWN KANSAS CITY     51      40       0.00
OLATHE NEW CENTURY       51      39       0.00
OLATHE JO CO EXEC        49      38       0.00
LEES SUMMIT              49      39       0.00
KIRKSVILLE               42      38       0.00
CHILLICOTHE              47      39       0.00
SEDALIA                  52      38       0.00
NWS PLEASANT HILL MO     50      38       0.00


THIS PRODUCT...ALONG WITH OTHER WEATHER...HYDROLOGICAL AND CLIMATE
INFORMATION...IS AVAILABLE ON THE WEB AT HTTP://WWW.WEATHER.GOV/EAX
OR AT HTTP://WEATHER.GOV

$$
