472
CDUS43 KEAX 160644
CLIMCI

CLIMATE REPORT
NATIONAL WEATHER SERVICE KANSAS CITY/PLEASANT HILL MO
133 AM CDT SUN APR 16 2017


...................................

...THE KANSAS CITY INTERNATIONAL MO CLIMATE SUMMARY FOR APRIL 15 2017...

CLIMATE NORMAL PERIOD 1981 TO 2010
CLIMATE RECORD PERIOD 1888 TO 2017


WEATHER ITEM   OBSERVED TIME   RECORD YEAR NORMAL DEPARTURE LAST
                VALUE   (LST)  VALUE       VALUE  FROM      YEAR
                                                  NORMAL
..................................................................
TEMPERATURE (F)
 YESTERDAY
  MAXIMUM         81    301 PM  88    2002  66     15       75
                                      1924
  MINIMUM         60   1159 PM  22    1983  44     16       50
  AVERAGE         71                        55     16       63

PRECIPITATION (IN)
  YESTERDAY        0.18          4.66 1939   0.13   0.05     0.00
  MONTH TO DATE    3.72                      1.61   2.11     0.34
  SINCE MAR 1      6.53                      3.98   2.55     3.06
  SINCE JAN 1      7.98                      6.51   1.47     4.22

SNOWFALL (IN)
  YESTERDAY        0.0           1.2  1905   0.0    0.0      0.0
  MONTH TO DATE    0.0                       0.4   -0.4      0.0
  SINCE MAR 1      0.4                       2.4   -2.0      0.6
  SINCE JUL 1      4.9                      18.6  -13.7      5.9
  SNOW DEPTH       0

DEGREE DAYS
 HEATING
  YESTERDAY        0                        11    -11        2
  MONTH TO DATE  125                       198    -73      175
  SINCE MAR 1    650                       844   -194      618
  SINCE JUL 1   3904                      4889   -985     3975

 COOLING
  YESTERDAY        6                         1      5        0
  MONTH TO DATE   20                         9     11        0
  SINCE MAR 1     26                        12     14        2
  SINCE JAN 1     26                        12     14        2
..................................................................


WIND (MPH)
  HIGHEST WIND SPEED    30   HIGHEST WIND DIRECTION     S (190)
  HIGHEST GUST SPEED    39   HIGHEST GUST DIRECTION     S (200)
  AVERAGE WIND SPEED    18.9


SKY COVER
  POSSIBLE SUNSHINE  MM
  AVERAGE SKY COVER 0.5


WEATHER CONDITIONS
 THE FOLLOWING WEATHER WAS RECORDED YESTERDAY.
  THUNDERSTORM
  RAIN
  LIGHT RAIN
  FOG


RELATIVE HUMIDITY (PERCENT)
 HIGHEST    67           500 AM
 LOWEST     53           100 AM
 AVERAGE    60

..........................................................


THE KANSAS CITY INTERNATIONAL MO CLIMATE NORMALS FOR TODAY
                         NORMAL    RECORD    YEAR
 MAXIMUM TEMPERATURE (F)   66        86      1967
 MINIMUM TEMPERATURE (F)   44        28      1921


SUNRISE AND SUNSET
APRIL 16 2017.........SUNRISE   640 AM CDT   SUNSET   758 PM CDT
APRIL 17 2017.........SUNRISE   639 AM CDT   SUNSET   759 PM CDT


-  INDICATES NEGATIVE NUMBERS.
R  INDICATES RECORD WAS SET OR TIED.
MM INDICATES DATA IS MISSING.
T  INDICATES TRACE AMOUNT.


&&

...MISCELLANEOUS CLIMATE DATA FROM YESTERDAY...

LOCATION                HIGH    LOW      PRECIP
ST. JOSEPH               M       M         M
DOWNTOWN KANSAS CITY     82      62       0.14
OLATHE NEW CENTURY       80      59       0.55
OLATHE JO CO EXEC        79      59       0.43
LEES SUMMIT              81      62       0.04
KIRKSVILLE               82      63       0.00
CHILLICOTHE              82      64       0.05
SEDALIA                  82      64       0.00
NWS PLEASANT HILL MO     79      60       T


THIS PRODUCT...ALONG WITH OTHER WEATHER...HYDROLOGICAL AND CLIMATE
INFORMATION...IS AVAILABLE ON THE WEB AT HTTP://WWW.WEATHER.GOV/EAX
OR AT HTTP://WEATHER.GOV

$$

CUTTER
