000
CDUS43 KEAX 200640
CLIMCI

CLIMATE REPORT
NATIONAL WEATHER SERVICE KANSAS CITY/PLEASANT HILL MO
139 AM CDT WED APR 20 2016


...................................

...THE KANSAS CITY INTERNATIONAL MO CLIMATE SUMMARY FOR APRIL 19 2016...

CLIMATE NORMAL PERIOD 1981 TO 2010
CLIMATE RECORD PERIOD 1888 TO 2016


WEATHER ITEM   OBSERVED TIME   RECORD YEAR NORMAL DEPARTURE LAST
                VALUE   (LST)  VALUE       VALUE  FROM      YEAR
                                                  NORMAL
..................................................................
TEMPERATURE (F)
 YESTERDAY
  MAXIMUM         68    220 PM  89    1987  67      1       66
  MINIMUM         53    559 AM  30    1953  45      8       48
  AVERAGE         61                        56      5       57

PRECIPITATION (IN)
  YESTERDAY        0.02          2.50 2003   0.13  -0.11     0.28
  MONTH TO DATE    1.10                      2.10  -1.00     2.73
  SINCE MAR 1      3.82                      4.47  -0.65     3.61
  SINCE JAN 1      4.98                      7.00  -2.02     5.79

SNOWFALL (IN)
  YESTERDAY        0.0           0.0    MM   0.0    0.0      0.0
  MONTH TO DATE    0.0                       0.5   -0.5      0.0
  SINCE MAR 1      0.6                       2.5   -1.9       T
  SINCE JUL 1      5.9                      18.7  -12.8     14.2
  SNOW DEPTH       0

DEGREE DAYS
 HEATING
  YESTERDAY        4                        10     -6        8
  MONTH TO DATE  182                       240    -58      130
  SINCE MAR 1    625                       886   -261      692
  SINCE JUL 1   3982                      4931   -949     4906

 COOLING
  YESTERDAY        0                         1     -1        0
  MONTH TO DATE    4                        13     -9        7
  SINCE MAR 1      6                        16    -10        9
  SINCE JAN 1      6                        16    -10        9
..................................................................


WIND (MPH)
  HIGHEST WIND SPEED    14   HIGHEST WIND DIRECTION    NE (40)
  HIGHEST GUST SPEED    16   HIGHEST GUST DIRECTION    NE (30)
  AVERAGE WIND SPEED     6.1


SKY COVER
  POSSIBLE SUNSHINE  MM
  AVERAGE SKY COVER 0.9


WEATHER CONDITIONS
 THE FOLLOWING WEATHER WAS RECORDED YESTERDAY.
  LIGHT RAIN
  FOG
  HAZE


RELATIVE HUMIDITY (PERCENT)
 HIGHEST    93           200 AM
 LOWEST     56           200 PM
 AVERAGE    75

..........................................................


THE KANSAS CITY INTERNATIONAL MO CLIMATE NORMALS FOR TODAY
                         NORMAL    RECORD    YEAR
 MAXIMUM TEMPERATURE (F)   67        90      1902
 MINIMUM TEMPERATURE (F)   46        29      1953


SUNRISE AND SUNSET
APRIL 20 2016.........SUNRISE   634 AM CDT   SUNSET   802 PM CDT
APRIL 21 2016.........SUNRISE   633 AM CDT   SUNSET   803 PM CDT


-  INDICATES NEGATIVE NUMBERS.
R  INDICATES RECORD WAS SET OR TIED.
MM INDICATES DATA IS MISSING.
T  INDICATES TRACE AMOUNT.


&&

...MISCELLANEOUS CLIMATE DATA FROM YESTERDAY...

LOCATION                HIGH    LOW      PRECIP
ST. JOSEPH               65      53       0.06
DOWNTOWN KANSAS CITY     71      57       0.06
OLATHE NEW CENTURY       69      54       0.44
OLATHE JO CO EXEC        68      54       0.36
LEES SUMMIT              70      56       0.13
KIRKSVILLE               72      57       0.52
CHILLICOTHE              70      56       0.00
SEDALIA                  M       M         M
NWS PLEASANT HILL MO     67      55       0.08


THIS PRODUCT...ALONG WITH OTHER WEATHER...HYDROLOGICAL AND CLIMATE
INFORMATION...IS AVAILABLE ON THE WEB AT HTTP://WWW.WEATHER.GOV/EAX
OR AT HTTP://WEATHER.GOV

$$
