000
CDUS43 KEAX 160647
CLIMCI

CLIMATE REPORT
NATIONAL WEATHER SERVICE KANSAS CITY/PLEASANT HILL MO
1245 AM CST TUE DEC 16 2014


...................................

...THE KANSAS CITY INTERNATIONAL MO CLIMATE SUMMARY FOR DECEMBER 15 2014...

CLIMATE NORMAL PERIOD 1981 TO 2010
CLIMATE RECORD PERIOD 1888 TO 2014


WEATHER ITEM   OBSERVED TIME   RECORD YEAR NORMAL DEPARTURE LAST
                VALUE   (LST)  VALUE       VALUE  FROM      YEAR
                                                  NORMAL
..................................................................
TEMPERATURE (F)
 YESTERDAY
  MAXIMUM         52    852 AM  68    2002  40     12       43
  MINIMUM         32   1159 PM -16    1989  22     10       16
  AVERAGE         42                        31     11       30

PRECIPITATION (IN)
  YESTERDAY        0.05          0.68 1940   0.05   0.00     0.00
  MONTH TO DATE    1.34                      0.85   0.49     0.32
  SINCE DEC 1      1.34                      0.85   0.49     0.32
  SINCE JAN 1     39.55                     38.18   1.37    34.00

SNOWFALL (IN)
  YESTERDAY        0.0           2.1  1970   0.1   -0.1      0.0
  MONTH TO DATE    0.0                       2.1   -2.1      2.0
  SINCE DEC 1      0.0                       2.1   -2.1      2.0
  SINCE JUL 1      0.5                       3.5   -3.0      2.0
  SNOW DEPTH       0

DEGREE DAYS
 HEATING
  YESTERDAY       23                        34    -11       35
  MONTH TO DATE  411                       475    -64      581
  SINCE DEC 1    411                       475    -64      581
  SINCE JUL 1   1532                      1477     55     1646

 COOLING
  YESTERDAY        0                         0      0        0
  MONTH TO DATE    0                         0      0        0
  SINCE DEC 1      0                         0      0        0
  SINCE JAN 1   1263                      1360    -97     1345
..................................................................


WIND (MPH)
  HIGHEST WIND SPEED    28   HIGHEST WIND DIRECTION    NW (310)
  HIGHEST GUST SPEED    35   HIGHEST GUST DIRECTION     W (290)
  AVERAGE WIND SPEED    16.1


SKY COVER
  POSSIBLE SUNSHINE  MM
  AVERAGE SKY COVER 1.0


WEATHER CONDITIONS
 THE FOLLOWING WEATHER WAS RECORDED YESTERDAY.
  HEAVY RAIN
  RAIN
  LIGHT RAIN
  FOG
  HAZE


RELATIVE HUMIDITY (PERCENT)
 HIGHEST   100           700 PM
 LOWEST     83           300 AM
 AVERAGE    92

..........................................................


THE KANSAS CITY INTERNATIONAL MO CLIMATE NORMALS FOR TODAY
                         NORMAL    RECORD    YEAR
 MAXIMUM TEMPERATURE (F)   40        67      2006
                                             1933
 MINIMUM TEMPERATURE (F)   22       -14      1989


SUNRISE AND SUNSET
DECEMBER 16 2014......SUNRISE   732 AM CST   SUNSET   457 PM CST
DECEMBER 17 2014......SUNRISE   733 AM CST   SUNSET   457 PM CST


-  INDICATES NEGATIVE NUMBERS.
R  INDICATES RECORD WAS SET OR TIED.
MM INDICATES DATA IS MISSING.
T  INDICATES TRACE AMOUNT.




&&

...MISCELLANEOUS CLIMATE DATA FROM YESTERDAY...

LOCATION                HIGH    LOW      PRECIP
ST. JOSEPH               53      32       0.07
DOWNTOWN KANSAS CITY     55      34       0.07
OLATHE NEW CENTURY       52      31       0.09
OLATHE JO CO EXEC        52      32       0.04
LEES SUMMIT              53      34       0.02
KIRKSVILLE               53      41       0.27
CHILLICOTHE              56      37       0.33
SEDALIA                  60      38       0.16
NWS PLEASANT HILL MO     52      33       0.05


THIS PRODUCT...ALONG WITH OTHER WEATHER...HYDROLOGICAL AND CLIMATE
INFORMATION...IS AVAILABLE ON THE WEB AT HTTP://WWW.CRH.NOAA.GOV/EAX
OR AT HTTP://WEATHER.GOV

$$

CDB
