752
CDUS43 KEAX 110635
CLIMCI

CLIMATE REPORT
NATIONAL WEATHER SERVICE KANSAS CITY/PLEASANT HILL MO
1234 AM CST SAT FEB 11 2017


...................................

...THE KANSAS CITY INTERNATIONAL MO CLIMATE SUMMARY FOR FEBRUARY 10 2017...

CLIMATE NORMAL PERIOD 1981 TO 2010
CLIMATE RECORD PERIOD 1888 TO 2017


WEATHER ITEM   OBSERVED TIME   RECORD YEAR NORMAL DEPARTURE LAST
                VALUE   (LST)  VALUE       VALUE  FROM      YEAR
                                                  NORMAL
..................................................................
TEMPERATURE (F)
 YESTERDAY
  MAXIMUM         69    251 PM  75    1932  42     27       49
  MINIMUM         32    105 AM  -7    1982  22     10       17
  AVERAGE         51                        32     19       33

PRECIPITATION (IN)
  YESTERDAY        0.00          0.46 1953   0.05  -0.05      T
  MONTH TO DATE    T                         0.48  -0.48     0.40
  SINCE DEC 1      2.58                      3.08  -0.50     4.40
  SINCE JAN 1      1.39                      1.55  -0.16     1.16

SNOWFALL (IN)
  YESTERDAY        0.0           4.0  1988   0.2   -0.2       T
  MONTH TO DATE    0.0                       2.1   -2.1       T
  SINCE DEC 1      4.5                      11.5   -7.0      5.3
  SINCE JUL 1      4.5                      12.9   -8.4      5.3
  SNOW DEPTH       0

DEGREE DAYS
 HEATING
  YESTERDAY       14                        33    -19       32
  MONTH TO DATE  314                       342    -28      307
  SINCE DEC 1   2392                      2504   -112     2174
  SINCE JUL 1   2976                      3506   -530     2921

 COOLING
  YESTERDAY        0                         0      0        0
  MONTH TO DATE    0                         0      0        0
  SINCE DEC 1      0                         0      0        0
  SINCE JAN 1      0                         0      0        0
..................................................................


WIND (MPH)
  HIGHEST WIND SPEED    30   HIGHEST WIND DIRECTION    SW (220)
  HIGHEST GUST SPEED    38   HIGHEST GUST DIRECTION     S (200)
  AVERAGE WIND SPEED    19.0


SKY COVER
  POSSIBLE SUNSHINE  MM
  AVERAGE SKY COVER 0.7


WEATHER CONDITIONS
 THE FOLLOWING WEATHER WAS RECORDED YESTERDAY.
  HAZE


RELATIVE HUMIDITY (PERCENT)
 HIGHEST    57           700 AM
 LOWEST     27           300 PM
 AVERAGE    42

..........................................................


THE KANSAS CITY INTERNATIONAL MO CLIMATE NORMALS FOR TODAY
                         NORMAL    RECORD    YEAR
 MAXIMUM TEMPERATURE (F)   42        73      1951
 MINIMUM TEMPERATURE (F)   23       -19      1899


SUNRISE AND SUNSET
FEBRUARY 11 2017......SUNRISE   715 AM CST   SUNSET   552 PM CST
FEBRUARY 12 2017......SUNRISE   714 AM CST   SUNSET   553 PM CST


-  INDICATES NEGATIVE NUMBERS.
R  INDICATES RECORD WAS SET OR TIED.
MM INDICATES DATA IS MISSING.
T  INDICATES TRACE AMOUNT.


&&

...MISCELLANEOUS CLIMATE DATA FROM YESTERDAY...

LOCATION                HIGH    LOW      PRECIP
ST. JOSEPH               69      30       0.00
DOWNTOWN KANSAS CITY     70      31       0.00
OLATHE NEW CENTURY       69      31       0.00
OLATHE JO CO EXEC        67      28       0.00
LEES SUMMIT              68      31       0.00
KIRKSVILLE               63      20       0.00
CHILLICOTHE              67      24       0.00
SEDALIA                  68      28       0.00
NWS PLEASANT HILL MO     67      28       0.00


THIS PRODUCT...ALONG WITH OTHER WEATHER...HYDROLOGICAL AND CLIMATE
INFORMATION...IS AVAILABLE ON THE WEB AT HTTP://WWW.WEATHER.GOV/EAX
OR AT HTTP://WEATHER.GOV

$$

73
