000
CDUS43 KEAX 060033
CLIMCI

CLIMATE REPORT
NATIONAL WEATHER SERVICE KANSAS CITY/PLEASANT HILL MO
732 PM CDT SAT APR 5 2014


...................................

...THE KANSAS CITY INTERNATIONAL MO CLIMATE SUMMARY FOR APRIL 5 2014...
VALID TODAY AS OF 0700 PM LOCAL TIME.

CLIMATE NORMAL PERIOD 1981 TO 2010
CLIMATE RECORD PERIOD 1888 TO 2014


WEATHER ITEM   OBSERVED TIME   RECORD YEAR NORMAL DEPARTURE LAST
                VALUE   (LST)  VALUE       VALUE  FROM      YEAR
                                                  NORMAL
..................................................................
TEMPERATURE (F)
 TODAY
  MAXIMUM         58    358 PM  84    2000  62     -4       70
                                      1893
  MINIMUM         29    639 AM  17    1920  40    -11       39
  AVERAGE         44                        51     -7       55

PRECIPITATION (IN)
  TODAY            0.00          2.02 1901   0.10  -0.10     0.00
  MONTH TO DATE    0.57                      0.48   0.09      T
  SINCE MAR 1      2.18                      2.85  -0.67     1.95
  SINCE JAN 1      3.93                      5.38  -1.45     4.84

SNOWFALL (IN)
  TODAY            0.0           2.6  1994   0.0    0.0      0.0
  MONTH TO DATE    0.0                       0.2   -0.2      0.0
  SINCE MAR 1      3.4                       2.2    1.2      6.1
  SINCE JUL 1     26.0                      18.4    7.6     31.3
  SNOW DEPTH       0

DEGREE DAYS
 HEATING
  TODAY           21                        14      7       10
  MONTH TO DATE  101                        73     28      103
  SINCE MAR 1    866                       719    147      939
  SINCE JUL 1   5432                      4764    668     4671

 COOLING
  TODAY            0                         0      0        0
  MONTH TO DATE    0                         0      0        0
  SINCE MAR 1      0                         3     -3        0
  SINCE JAN 1      0                         3     -3        0
..................................................................


WIND (MPH)
  HIGHEST WIND SPEED    14   HIGHEST WIND DIRECTION    SE (140)
  HIGHEST GUST SPEED    22   HIGHEST GUST DIRECTION    SE (150)
  AVERAGE WIND SPEED     7.0


SKY COVER
  POSSIBLE SUNSHINE  MM
  AVERAGE SKY COVER 0.3


WEATHER CONDITIONS
 THE FOLLOWING WEATHER WAS RECORDED TODAY.
  NO SIGNIFICANT WEATHER WAS OBSERVED.


RELATIVE HUMIDITY (PERCENT)
 HIGHEST    85           700 AM
 LOWEST     30           400 PM
 AVERAGE    58

..........................................................


THE KANSAS CITY INTERNATIONAL MO CLIMATE NORMALS FOR TOMORROW
                         NORMAL    RECORD    YEAR
 MAXIMUM TEMPERATURE (F)   63        90      1893
 MINIMUM TEMPERATURE (F)   41        20      1982


SUNRISE AND SUNSET
APRIL  5 2014.........SUNRISE   657 AM CDT   SUNSET   747 PM CDT
APRIL  6 2014.........SUNRISE   655 AM CDT   SUNSET   748 PM CDT


-  INDICATES NEGATIVE NUMBERS.
R  INDICATES RECORD WAS SET OR TIED.
MM INDICATES DATA IS MISSING.
T  INDICATES TRACE AMOUNT.




&&

...MISCELLANEOUS CLIMATE DATA FROM TODAY...

LOCATION                HIGH    LOW      PRECIP
ST. JOSEPH               59      24       0.00
DOWNTOWN KANSAS CITY     59      30       0.00
OLATHE NEW CENTURY       57      27       0.00
OLATHE JO CO EXEC        55      29       0.00
LEES SUMMIT              56      29       0.00
KIRKSVILLE               56      25       0.00
CHILLICOTHE              56      26       0.00
SEDALIA                  57      32       0.00
NWS PLEASANT HILL MO     57      29       0.00


THIS PRODUCT...ALONG WITH OTHER WEATHER...HYDROLOGICAL AND CLIMATE
INFORMATION...IS AVAILABLE ON THE WEB AT HTTP://WWW.CRH.NOAA.GOV/EAX
OR AT HTTP://WEATHER.GOV

$$
