000
CDUS43 KEAX 220646
CLIMCI

CLIMATE REPORT
NATIONAL WEATHER SERVICE KANSAS CITY/PLEASANT HILL MO
1244 AM CST SUN FEB 22 2015


...................................

...THE KANSAS CITY INTERNATIONAL MO CLIMATE SUMMARY FOR FEBRUARY 21 2015...

CLIMATE NORMAL PERIOD 1981 TO 2010
CLIMATE RECORD PERIOD 1888 TO 2015


WEATHER ITEM   OBSERVED TIME   RECORD YEAR NORMAL DEPARTURE LAST
                VALUE   (LST)  VALUE       VALUE  FROM      YEAR
                                                  NORMAL
..................................................................
TEMPERATURE (F)
 YESTERDAY
  MAXIMUM         47    341 PM  75    1935  45      2       57
  MINIMUM         25   1159 PM   0    1939  26     -1       26
                                      1918
  AVERAGE         36                        36      0       42

PRECIPITATION (IN)
  YESTERDAY        0.04          0.78 1974   0.06  -0.02     0.00
  MONTH TO DATE    0.87                      1.06  -0.19     1.36
  SINCE DEC 1      3.91                      3.66   0.25     2.55
  SINCE JAN 1      2.07                      2.13  -0.06     1.75

SNOWFALL (IN)
  YESTERDAY        T             9.2  2013   0.1   -0.1      0.0
  MONTH TO DATE    7.5                       4.3    3.2     11.3
  SINCE DEC 1     12.4                      13.7   -1.3     22.6
  SINCE JUL 1     12.9                      15.1   -2.2     22.6
  SNOW DEPTH       1

DEGREE DAYS
 HEATING
  YESTERDAY       29                        29      0       23
  MONTH TO DATE  795                       686    109      865
  SINCE DEC 1   2776                      2848    -72     3244
  SINCE JUL 1   3897                      3850     47     4309

 COOLING
  YESTERDAY        0                         0      0        0
  MONTH TO DATE    0                         0      0        0
  SINCE DEC 1      0                         0      0        0
  SINCE JAN 1      0                         0      0        0
..................................................................


WIND (MPH)
  HIGHEST WIND SPEED    22   HIGHEST WIND DIRECTION     N (10)
  HIGHEST GUST SPEED    26   HIGHEST GUST DIRECTION     N (340)
  AVERAGE WIND SPEED     9.4


SKY COVER
  POSSIBLE SUNSHINE  MM
  AVERAGE SKY COVER 0.4


WEATHER CONDITIONS
 THE FOLLOWING WEATHER WAS RECORDED YESTERDAY.
  LT FREEZING RAIN
  SNOW
  SLEET
  FOG


RELATIVE HUMIDITY (PERCENT)
 HIGHEST   100           400 AM
 LOWEST     60           300 PM
 AVERAGE    80

..........................................................


THE KANSAS CITY INTERNATIONAL MO CLIMATE NORMALS FOR TODAY
                         NORMAL    RECORD    YEAR
 MAXIMUM TEMPERATURE (F)   46        73      1982
                                             1917
 MINIMUM TEMPERATURE (F)   26         3      1910


SUNRISE AND SUNSET
FEBRUARY 22 2015......SUNRISE   702 AM CST   SUNSET   603 PM CST
FEBRUARY 23 2015......SUNRISE   700 AM CST   SUNSET   605 PM CST


-  INDICATES NEGATIVE NUMBERS.
R  INDICATES RECORD WAS SET OR TIED.
MM INDICATES DATA IS MISSING.
T  INDICATES TRACE AMOUNT.



&&

...MISCELLANEOUS CLIMATE DATA FROM YESTERDAY...

LOCATION                HIGH    LOW      PRECIP
ST. JOSEPH               47      24       0.00
DOWNTOWN KANSAS CITY     50      28       0.04
OLATHE NEW CENTURY       49      26       0.15
OLATHE JO CO EXEC        49      27       0.15
LEES SUMMIT              48      27       0.11
KIRKSVILLE               43      23       T
CHILLICOTHE              46      26       0.00
SEDALIA                  45      28       0.07
NWS PLEASANT HILL MO     48      26       0.14


THIS PRODUCT...ALONG WITH OTHER WEATHER...HYDROLOGICAL AND CLIMATE
INFORMATION...IS AVAILABLE ON THE WEB AT HTTP://WWW.CRH.NOAA.GOV/EAX
OR AT HTTP://WEATHER.GOV

$$
