000
CDUS43 KEAX 090034
CLIMCI

CLIMATE REPORT
NATIONAL WEATHER SERVICE KANSAS CITY/PLEASANT HILL MO
633 PM CST WED MAR 8 2017


...................................

...THE KANSAS CITY INTERNATIONAL MO CLIMATE SUMMARY FOR MARCH 8 2017...
VALID TODAY AS OF 0600 PM LOCAL TIME.

CLIMATE NORMAL PERIOD 1981 TO 2010
CLIMATE RECORD PERIOD 1888 TO 2017


WEATHER ITEM   OBSERVED TIME   RECORD YEAR NORMAL DEPARTURE LAST
                VALUE   (LST)  VALUE       VALUE  FROM      YEAR
                                                  NORMAL
..................................................................
TEMPERATURE (F)
 TODAY
  MAXIMUM         67    329 PM  79    2006  52     15       66
  MINIMUM         33    616 AM   0    1996  31      2       54
  AVERAGE         50                        41      9       60

PRECIPITATION (IN)
  TODAY            0.00          1.58 2009   0.06  -0.06     0.73
  MONTH TO DATE    0.32                      0.52  -0.20     0.73
  SINCE MAR 1      0.32                      0.52  -0.20     0.73
  SINCE JAN 1      1.77                      3.05  -1.28     1.89

SNOWFALL (IN)
  TODAY            0.0           4.7  1924   0.1   -0.1      0.0
  MONTH TO DATE    0.0                       0.7   -0.7      0.0
  SINCE MAR 1      0.0                       0.7   -0.7      0.0
  SINCE JUL 1      4.5                      16.9  -12.4      5.3
  SNOW DEPTH       0

DEGREE DAYS
 HEATING
  TODAY           15                        24     -9        5
  MONTH TO DATE  125                       201    -76      117
  SINCE MAR 1    125                       201    -76      117
  SINCE JUL 1   3379                      4246   -867     3474

 COOLING
  TODAY            0                         0      0        0
  MONTH TO DATE    0                         0      0        2
  SINCE MAR 1      0                         0      0        2
  SINCE JAN 1      0                         0      0        2
..................................................................


WIND (MPH)
  HIGHEST WIND SPEED    20   HIGHEST WIND DIRECTION    SW (230)
  HIGHEST GUST SPEED    27   HIGHEST GUST DIRECTION    SW (230)
  AVERAGE WIND SPEED     8.4


SKY COVER
  POSSIBLE SUNSHINE  MM
  AVERAGE SKY COVER 0.3


WEATHER CONDITIONS
 THE FOLLOWING WEATHER WAS RECORDED TODAY.
  NO SIGNIFICANT WEATHER WAS OBSERVED.


RELATIVE HUMIDITY (PERCENT)
 HIGHEST    51           500 AM
 LOWEST     12           100 PM
 AVERAGE    32

..........................................................


THE KANSAS CITY INTERNATIONAL MO CLIMATE NORMALS FOR TOMORROW
                         NORMAL    RECORD    YEAR
 MAXIMUM TEMPERATURE (F)   52        77      1986
 MINIMUM TEMPERATURE (F)   31         8      1932


SUNRISE AND SUNSET
MARCH  8 2017.........SUNRISE   641 AM CST   SUNSET   619 PM CST
MARCH  9 2017.........SUNRISE   639 AM CST   SUNSET   620 PM CST


-  INDICATES NEGATIVE NUMBERS.
R  INDICATES RECORD WAS SET OR TIED.
MM INDICATES DATA IS MISSING.
T  INDICATES TRACE AMOUNT.


&&

...MISCELLANEOUS CLIMATE DATA FROM TODAY...

LOCATION                HIGH    LOW      PRECIP
ST. JOSEPH               64      27       0.00
DOWNTOWN KANSAS CITY     69      39       0.00
OLATHE NEW CENTURY       67      30       0.00
OLATHE JO CO EXEC        66      33       0.00
LEES SUMMIT              67      39       0.00
KIRKSVILLE               61      37       0.00
CHILLICOTHE              63      36       0.00
SEDALIA                  66      39       0.00
NWS PLEASANT HILL MO     67      39       0.00


THIS PRODUCT...ALONG WITH OTHER WEATHER...HYDROLOGICAL AND CLIMATE
INFORMATION...IS AVAILABLE ON THE WEB AT HTTP://WWW.WEATHER.GOV/EAX
OR AT HTTP://WEATHER.GOV

$$
