000
CDUS43 KEAX 042124
CLIMCI

CLIMATE REPORT
NATIONAL WEATHER SERVICE KANSAS CITY/PLEASANT HILL MO
422 PM CDT FRI AUG 4 2017


...................................

...THE KANSAS CITY INTERNATIONAL MO CLIMATE SUMMARY FOR AUGUST 4 2017...
VALID AS OF 0400 PM LOCAL TIME.

CLIMATE NORMAL PERIOD 1981 TO 2010
CLIMATE RECORD PERIOD 1888 TO 2017


WEATHER ITEM   OBSERVED TIME   RECORD YEAR NORMAL DEPARTURE LAST
                VALUE   (LST)  VALUE       VALUE  FROM      YEAR
                                                  NORMAL
..................................................................
TEMPERATURE (F)
 TODAY
  MAXIMUM         78    251 PM 107    1934  89    -11       97
  MINIMUM         52R   547 AM  52    1974  68    -16       76
  AVERAGE         65                        78    -13       87

PRECIPITATION (IN)
  TODAY            0.00          1.62 1901   0.11  -0.11     0.00
  MONTH TO DATE    0.00                      0.48  -0.48     0.17
  SINCE JUN 1     11.43                     10.16   1.27     9.91
  SINCE JAN 1     27.70                     23.99   3.71    30.44

SNOWFALL (IN)
  TODAY            0.0           0.0    MM   0.0    0.0      0.0
  MONTH TO DATE    0.0                       0.0    0.0      0.0
  SINCE JUN 1      0.0                       0.0    0.0      0.0
  SINCE JUL 1      0.0                       0.0    0.0      0.0
  SNOW DEPTH       0

DEGREE DAYS
 HEATING
  TODAY            0                         0      0        0
  MONTH TO DATE    0                         0      0        0
  SINCE JUN 1      1                         9     -8        0
  SINCE JUL 1      0                         0      0        0

 COOLING
  TODAY            0                        13    -13       22
  MONTH TO DATE   26                        53    -27       66
  SINCE JUN 1    771                       733     38      911
  SINCE JAN 1    882                       849     33      982
..................................................................


WIND (MPH)
  HIGHEST WIND SPEED    13   HIGHEST WIND DIRECTION     N (10)
  HIGHEST GUST SPEED    18   HIGHEST GUST DIRECTION     N (350)
  AVERAGE WIND SPEED     6.4


SKY COVER
  POSSIBLE SUNSHINE  MM
  AVERAGE SKY COVER 0.2


WEATHER CONDITIONS
 THE FOLLOWING WEATHER WAS RECORDED TODAY.
  FOG
  HAZE


RELATIVE HUMIDITY (PERCENT)
 HIGHEST    89           500 AM
 LOWEST     40           200 PM
 AVERAGE    65

..........................................................


THE KANSAS CITY INTERNATIONAL MO CLIMATE NORMALS FOR TOMORROW
                         NORMAL    RECORD    YEAR
 MAXIMUM TEMPERATURE (F)   89       108      1934
 MINIMUM TEMPERATURE (F)   68        55      1994


SUNRISE AND SUNSET
AUGUST  4 2017........SUNRISE   622 AM CDT   SUNSET   827 PM CDT
AUGUST  5 2017........SUNRISE   623 AM CDT   SUNSET   826 PM CDT


-  INDICATES NEGATIVE NUMBERS.
R  INDICATES RECORD WAS SET OR TIED.
MM INDICATES DATA IS MISSING.
T  INDICATES TRACE AMOUNT.


&&

...MISCELLANEOUS CLIMATE DATA FROM TODAY...

LOCATION                HIGH    LOW      PRECIP
ST. JOSEPH               78      47       0.00
DOWNTOWN KANSAS CITY     79      57       0.00
OLATHE NEW CENTURY       77      52       0.00
OLATHE JO CO EXEC        77      56       0.00
LEES SUMMIT              77      56       0.00
KIRKSVILLE               80      51       0.00
CHILLICOTHE              80      50       0.00
SEDALIA                  78      56       0.00
NWS PLEASANT HILL MO     77      55       0.00


THIS PRODUCT...ALONG WITH OTHER WEATHER...HYDROLOGICAL AND CLIMATE
INFORMATION...IS AVAILABLE ON THE WEB AT HTTP://WWW.WEATHER.GOV/EAX
OR AT HTTP://WEATHER.GOV

$$
