000
CDUS43 KEAX 250032
CLIMCI

CLIMATE REPORT
NATIONAL WEATHER SERVICE KANSAS CITY/PLEASANT HILL MO
631 PM CST SAT JAN 24 2015


...................................

...THE KANSAS CITY INTERNATIONAL MO CLIMATE SUMMARY FOR JANUARY 24 2015...
VALID TODAY AS OF 0600 PM LOCAL TIME.

CLIMATE NORMAL PERIOD 1981 TO 2010
CLIMATE RECORD PERIOD 1888 TO 2015


WEATHER ITEM   OBSERVED TIME   RECORD YEAR NORMAL DEPARTURE LAST
                VALUE   (LST)  VALUE       VALUE  FROM      YEAR
                                                  NORMAL
..................................................................
TEMPERATURE (F)
 TODAY
  MAXIMUM         59    330 PM  75    1950  38     21       45
  MINIMUM         27    741 AM -15    1894  20      7        3
  AVERAGE         43                        29     14       24

PRECIPITATION (IN)
  TODAY            0.00          0.32 1924   0.03  -0.03     0.00
  MONTH TO DATE    0.12                      0.78  -0.66     0.36
  SINCE DEC 1      1.96                      2.31  -0.35     1.16
  SINCE JAN 1      0.12                      0.78  -0.66     0.36

SNOWFALL (IN)
  TODAY            0.0           2.2  1956   0.1   -0.1      0.0
  MONTH TO DATE    1.6                       3.4   -1.8      5.1
  SINCE DEC 1      4.2                       8.2   -4.0     10.8
  SINCE JUL 1      4.7                       9.6   -4.9     10.8
  SNOW DEPTH       0

DEGREE DAYS
 HEATING
  TODAY           22                        36    -14       41
  MONTH TO DATE  863                       864     -1      973
  SINCE DEC 1   1806                      1904    -98     2105
  SINCE JUL 1   2927                      2906     21     3170

 COOLING
  TODAY            0                         0      0        0
  MONTH TO DATE    0                         0      0        0
  SINCE DEC 1      0                         0      0        0
  SINCE JAN 1      0                         0      0        0
..................................................................


WIND (MPH)
  HIGHEST WIND SPEED    22   HIGHEST WIND DIRECTION     W (270)
  HIGHEST GUST SPEED    27   HIGHEST GUST DIRECTION     W (270)
  AVERAGE WIND SPEED     9.8


SKY COVER
  POSSIBLE SUNSHINE  MM
  AVERAGE SKY COVER 0.3


WEATHER CONDITIONS
 THE FOLLOWING WEATHER WAS RECORDED TODAY.
  NO SIGNIFICANT WEATHER WAS OBSERVED.


RELATIVE HUMIDITY (PERCENT)
 HIGHEST    92           600 AM
 LOWEST     36           200 PM
 AVERAGE    64

..........................................................


THE KANSAS CITY INTERNATIONAL MO CLIMATE NORMALS FOR TOMORROW
                         NORMAL    RECORD    YEAR
 MAXIMUM TEMPERATURE (F)   38        64      1944
                                             1910
 MINIMUM TEMPERATURE (F)   20       -11      1905


SUNRISE AND SUNSET
JANUARY 24 2015.......SUNRISE   732 AM CST   SUNSET   530 PM CST
JANUARY 25 2015.......SUNRISE   732 AM CST   SUNSET   531 PM CST


-  INDICATES NEGATIVE NUMBERS.
R  INDICATES RECORD WAS SET OR TIED.
MM INDICATES DATA IS MISSING.
T  INDICATES TRACE AMOUNT.




&&

...MISCELLANEOUS CLIMATE DATA FROM TODAY...

LOCATION                HIGH    LOW      PRECIP
ST. JOSEPH               59      22       0.00
DOWNTOWN KANSAS CITY     62      29       0.00
OLATHE NEW CENTURY       61      28       0.00
OLATHE JO CO EXEC        60      30       0.00
LEES SUMMIT              59      27       0.00
KIRKSVILLE               53      26       0.00
CHILLICOTHE              59      26       0.00
SEDALIA                  56      30       0.00
NWS PLEASANT HILL MO     57      27       0.00


THIS PRODUCT...ALONG WITH OTHER WEATHER...HYDROLOGICAL AND CLIMATE
INFORMATION...IS AVAILABLE ON THE WEB AT HTTP://WWW.CRH.NOAA.GOV/EAX
OR AT HTTP://WEATHER.GOV

$$
