000
CDUS43 KEAX 062122
CLIMCI

CLIMATE REPORT
NATIONAL WEATHER SERVICE KANSAS CITY/PLEASANT HILL MO
420 PM CDT TUE JUN 6 2017


...................................

...THE KANSAS CITY INTERNATIONAL MO CLIMATE SUMMARY FOR JUNE 6 2017...
VALID AS OF 0400 PM LOCAL TIME.

CLIMATE NORMAL PERIOD 1981 TO 2010
CLIMATE RECORD PERIOD 1888 TO 2017


WEATHER ITEM   OBSERVED TIME   RECORD YEAR NORMAL DEPARTURE LAST
                VALUE   (LST)  VALUE       VALUE  FROM      YEAR
                                                  NORMAL
..................................................................
TEMPERATURE (F)
 TODAY
  MAXIMUM         82    239 PM  99    1934  81      1       90
                                      1933
  MINIMUM         65    555 AM  44    1998  61      4       60
                                      1983
  AVERAGE         74                        71      3       75

PRECIPITATION (IN)
  TODAY            0.00          1.59 2003   0.18  -0.18     0.00
  MONTH TO DATE    0.03                      1.06  -1.03     0.13
  SINCE JUN 1      0.03                      1.06  -1.03     0.13
  SINCE JAN 1     16.30                     14.89   1.41    20.66

SNOWFALL (IN)
  TODAY            0.0           0.0    MM   0.0    0.0      0.0
  MONTH TO DATE    0.0                       0.0    0.0      0.0
  SINCE JUN 1      0.0                       0.0    0.0      0.0
  SINCE JUL 1      4.9                      18.8  -13.9      5.9
  SNOW DEPTH       0

DEGREE DAYS
 HEATING
  TODAY            0                         1     -1        0
  MONTH TO DATE    0                         6     -6        0
  SINCE JUN 1      0                         6     -6        0
  SINCE JUL 1   4146                      5130   -984     4162

 COOLING
  TODAY            9                         7      2       10
  MONTH TO DATE   63                        36     27       44
  SINCE JUN 1     63                        36     27       44
  SINCE JAN 1    174                       152     22      115
..................................................................


WIND (MPH)
  HIGHEST WIND SPEED    16   HIGHEST WIND DIRECTION    NE (50)
  HIGHEST GUST SPEED    20   HIGHEST GUST DIRECTION    NE (50)
  AVERAGE WIND SPEED    10.6


SKY COVER
  POSSIBLE SUNSHINE  MM
  AVERAGE SKY COVER 0.3


WEATHER CONDITIONS
 THE FOLLOWING WEATHER WAS RECORDED TODAY.
  NO SIGNIFICANT WEATHER WAS OBSERVED.


RELATIVE HUMIDITY (PERCENT)
 HIGHEST    73           500 AM
 LOWEST     33           200 PM
 AVERAGE    53

..........................................................


THE KANSAS CITY INTERNATIONAL MO CLIMATE NORMALS FOR TOMORROW
                         NORMAL    RECORD    YEAR
 MAXIMUM TEMPERATURE (F)   81        99      1934
 MINIMUM TEMPERATURE (F)   61        46      1935


SUNRISE AND SUNSET
JUNE  6 2017..........SUNRISE   552 AM CDT   SUNSET   843 PM CDT
JUNE  7 2017..........SUNRISE   552 AM CDT   SUNSET   844 PM CDT


-  INDICATES NEGATIVE NUMBERS.
R  INDICATES RECORD WAS SET OR TIED.
MM INDICATES DATA IS MISSING.
T  INDICATES TRACE AMOUNT.


&&

...MISCELLANEOUS CLIMATE DATA FROM TODAY...

LOCATION                HIGH    LOW      PRECIP
ST. JOSEPH               85      64       0.00
DOWNTOWN KANSAS CITY     82      66       0.00
OLATHE NEW CENTURY       82      63       0.00
OLATHE JO CO EXEC        80      63       0.00
LEES SUMMIT              82      66       0.00
KIRKSVILLE               80      54       0.00
CHILLICOTHE              82      60       0.00
SEDALIA                  82      64       0.00
NWS PLEASANT HILL MO     81      64       0.00


THIS PRODUCT...ALONG WITH OTHER WEATHER...HYDROLOGICAL AND CLIMATE
INFORMATION...IS AVAILABLE ON THE WEB AT HTTP://WWW.WEATHER.GOV/EAX
OR AT HTTP://WEATHER.GOV

$$
