000
CDUS43 KEAX 210633
CLIMCI

CLIMATE REPORT
NATIONAL WEATHER SERVICE KANSAS CITY/PLEASANT HILL MO
133 AM CDT SAT OCT 21 2017


...................................

...THE KANSAS CITY INTERNATIONAL MO CLIMATE SUMMARY FOR OCTOBER 20 2017...

CLIMATE NORMAL PERIOD 1981 TO 2010
CLIMATE RECORD PERIOD 1888 TO 2017


WEATHER ITEM   OBSERVED TIME   RECORD YEAR NORMAL DEPARTURE LAST
                VALUE   (LST)  VALUE       VALUE  FROM      YEAR
                                                  NORMAL
..................................................................
TEMPERATURE (F)
 YESTERDAY
  MAXIMUM         74    104 PM  89    1894  66      8       59
  MINIMUM         55    540 AM  25    1989  45     10       44
  AVERAGE         65                        55     10       52

PRECIPITATION (IN)
  YESTERDAY        0.00          2.40 1971   0.10  -0.10      T
  MONTH TO DATE    1.94                      2.18  -0.24     2.48
  SINCE SEP 1      4.74                      6.80  -2.06     7.42
  SINCE JAN 1     42.63                     34.20   8.43    46.85

SNOWFALL (IN)
  YESTERDAY        0.0           0.0    MM   0.0    0.0      0.0
  MONTH TO DATE    0.0                       0.1   -0.1      0.0
  SINCE SEP 1      0.0                       0.1   -0.1      0.0
  SINCE JUL 1      0.0                       0.1   -0.1      0.0
  SNOW DEPTH       0

DEGREE DAYS
 HEATING
  YESTERDAY        0                        10    -10       13
  MONTH TO DATE   72                       156    -84       91
  SINCE SEP 1     88                       221   -133      112
  SINCE JUL 1     92                       223   -131      112

 COOLING
  YESTERDAY        0                         0      0        0
  MONTH TO DATE   42                        24     18       41
  SINCE SEP 1    247                       183     64      261
  SINCE JAN 1   1325                      1356    -31     1558
..................................................................


WIND (MPH)
  HIGHEST WIND SPEED    26   HIGHEST WIND DIRECTION     S (170)
  HIGHEST GUST SPEED    38   HIGHEST GUST DIRECTION     S (180)
  AVERAGE WIND SPEED    16.8


SKY COVER
  POSSIBLE SUNSHINE  MM
  AVERAGE SKY COVER 0.3


WEATHER CONDITIONS
 THE FOLLOWING WEATHER WAS RECORDED YESTERDAY.
  FOG
  HAZE


RELATIVE HUMIDITY (PERCENT)
 HIGHEST    86           400 AM
 LOWEST     57          1100 AM
 AVERAGE    72

..........................................................


THE KANSAS CITY INTERNATIONAL MO CLIMATE NORMALS FOR TODAY
                         NORMAL    RECORD    YEAR
 MAXIMUM TEMPERATURE (F)   65        89      1978
                                             1940
 MINIMUM TEMPERATURE (F)   44        24      1987


SUNRISE AND SUNSET
OCTOBER 21 2017.......SUNRISE   735 AM CDT   SUNSET   631 PM CDT
OCTOBER 22 2017.......SUNRISE   736 AM CDT   SUNSET   630 PM CDT


-  INDICATES NEGATIVE NUMBERS.
R  INDICATES RECORD WAS SET OR TIED.
MM INDICATES DATA IS MISSING.
T  INDICATES TRACE AMOUNT.


&&

...MISCELLANEOUS CLIMATE DATA FROM YESTERDAY...

LOCATION                HIGH    LOW      PRECIP
ST. JOSEPH               77      48       0.00
DOWNTOWN KANSAS CITY     76      58       0.00
OLATHE NEW CENTURY       74      52       0.00
OLATHE JO CO EXEC        73      52       0.00
LEES SUMMIT              73      55       0.00
KIRKSVILLE               75      54       0.00
CHILLICOTHE              74      48       0.00
SEDALIA                  72      56       0.00
NWS PLEASANT HILL MO     72      50       0.00


THIS PRODUCT...ALONG WITH OTHER WEATHER...HYDROLOGICAL AND CLIMATE
INFORMATION...IS AVAILABLE ON THE WEB AT HTTP://WWW.WEATHER.GOV/EAX
OR AT HTTP://WEATHER.GOV

$$

73
