000
CDUS43 KEAX 220039
CLIMCI

CLIMATE REPORT
NATIONAL WEATHER SERVICE KANSAS CITY/PLEASANT HILL MO
738 PM CDT SUN JUN 21 2015


...................................

...THE KANSAS CITY INTERNATIONAL MO CLIMATE SUMMARY FOR JUNE 21 2015...
VALID TODAY AS OF 0700 PM LOCAL TIME.

CLIMATE NORMAL PERIOD 1981 TO 2010
CLIMATE RECORD PERIOD 1888 TO 2015


WEATHER ITEM   OBSERVED TIME   RECORD YEAR NORMAL DEPARTURE LAST
                VALUE   (LST)  VALUE       VALUE  FROM      YEAR
                                                  NORMAL
..................................................................
TEMPERATURE (F)
 TODAY
  MAXIMUM         85    559 PM 101    1988  85      0       89
  MINIMUM         67   1250 PM  50    1992  65      2       68
  AVERAGE         76                        75      1       79

PRECIPITATION (IN)
  TODAY            0.83          3.39 1952   0.18   0.65     0.00
  MONTH TO DATE    5.21                      3.71   1.50     5.68
  SINCE JUN 1      5.21                      3.71   1.50     5.68
  SINCE JAN 1     21.81                     17.54   4.27    14.30

SNOWFALL (IN)
  TODAY            0.0           0.0    MM   0.0    0.0      0.0
  MONTH TO DATE    0.0                       0.0    0.0      0.0
  SINCE JUN 1      0.0                       0.0    0.0      0.0
  SINCE JUL 1     14.2                      18.8   -4.6     26.2
  SNOW DEPTH       0

DEGREE DAYS
 HEATING
  TODAY            0                         0      0        0
  MONTH TO DATE    3                         7     -4        1
  SINCE JUN 1      3                         7     -4        1
  SINCE JUL 1   5119                      5131    -12     5786

 COOLING
  TODAY           11                        10      1       14
  MONTH TO DATE  203                       164     39      173
  SINCE JUN 1    203                       164     39      173
  SINCE JAN 1    271                       280     -9      334
..................................................................


WIND (MPH)
  HIGHEST WIND SPEED    29   HIGHEST WIND DIRECTION    SE (120)
  HIGHEST GUST SPEED    37   HIGHEST GUST DIRECTION     N (10)
  AVERAGE WIND SPEED    10.2


SKY COVER
  POSSIBLE SUNSHINE  MM
  AVERAGE SKY COVER 0.6


WEATHER CONDITIONS
 THE FOLLOWING WEATHER WAS RECORDED TODAY.
  THUNDERSTORM
  HEAVY RAIN
  RAIN
  LIGHT RAIN
  FOG


RELATIVE HUMIDITY (PERCENT)
 HIGHEST    93           400 AM
 LOWEST     70           600 PM
 AVERAGE    82

..........................................................


THE KANSAS CITY INTERNATIONAL MO CLIMATE NORMALS FOR TOMORROW
                         NORMAL    RECORD    YEAR
 MAXIMUM TEMPERATURE (F)   85       102      1988
 MINIMUM TEMPERATURE (F)   66        50      1902


SUNRISE AND SUNSET
JUNE 21 2015..........SUNRISE   552 AM CDT   SUNSET   849 PM CDT
JUNE 22 2015..........SUNRISE   553 AM CDT   SUNSET   849 PM CDT


-  INDICATES NEGATIVE NUMBERS.
R  INDICATES RECORD WAS SET OR TIED.
MM INDICATES DATA IS MISSING.
T  INDICATES TRACE AMOUNT.




&&

...MISCELLANEOUS CLIMATE DATA FROM TODAY...

LOCATION                HIGH    LOW      PRECIP
ST. JOSEPH               85      70       0.50
DOWNTOWN KANSAS CITY     88      74       0.05
OLATHE NEW CENTURY       89      75       0.00
OLATHE JO CO EXEC        87      76       0.00
LEES SUMMIT              86      72       0.01
KIRKSVILLE               78      66       0.20
CHILLICOTHE              77      70       0.50
SEDALIA                  84      74       0.03
NWS PLEASANT HILL MO     85      72       T


THIS PRODUCT...ALONG WITH OTHER WEATHER...HYDROLOGICAL AND CLIMATE
INFORMATION...IS AVAILABLE ON THE WEB AT HTTP://WWW.CRH.NOAA.GOV/EAX
OR AT HTTP://WEATHER.GOV

$$

JW
