000
CDUS43 KEAX 200642
CLIMCI

CLIMATE REPORT
NATIONAL WEATHER SERVICE KANSAS CITY/PLEASANT HILL MO
140 AM CDT MON JUL 20 2015


...................................

...THE KANSAS CITY INTERNATIONAL MO CLIMATE SUMMARY FOR JULY 19 2015...

CLIMATE NORMAL PERIOD 1981 TO 2010
CLIMATE RECORD PERIOD 1888 TO 2015


WEATHER ITEM   OBSERVED TIME   RECORD YEAR NORMAL DEPARTURE LAST
                VALUE   (LST)  VALUE       VALUE  FROM      YEAR
                                                  NORMAL
..................................................................
TEMPERATURE (F)
 YESTERDAY
  MAXIMUM         85    502 PM 109    1954  89     -4       80
                                      1934
  MINIMUM         73    903 AM  54    2009  69      4       59
  AVERAGE         79                        79      0       70

PRECIPITATION (IN)
  YESTERDAY        0.05          2.72 1965   0.13  -0.08     0.00
  MONTH TO DATE    4.29                      2.93   1.36     3.04
  SINCE JUN 1     11.87                      8.16   3.71     9.95
  SINCE JAN 1     28.47                     21.99   6.48    18.57

SNOWFALL (IN)
  YESTERDAY        0.0           0.0    MM   0.0    0.0      0.0
  MONTH TO DATE    0.0                       0.0    0.0      0.0
  SINCE JUN 1      0.0                       0.0    0.0      0.0
  SINCE JUL 1      0.0                       0.0    0.0      0.0
  SNOW DEPTH       0

DEGREE DAYS
 HEATING
  YESTERDAY        0                         0      0        0
  MONTH TO DATE    2                         0      2        2
  SINCE JUN 1      5                         9     -4        3
  SINCE JUL 1      2                         0      2        2

 COOLING
  YESTERDAY       14                        14      0        5
  MONTH TO DATE  227                       251    -24      149
  SINCE JUN 1    532                       517     15      426
  SINCE JAN 1    600                       633    -33      587
..................................................................


WIND (MPH)
  HIGHEST WIND SPEED    18   HIGHEST WIND DIRECTION     E (90)
  HIGHEST GUST SPEED    24   HIGHEST GUST DIRECTION     E (90)
  AVERAGE WIND SPEED     7.6


SKY COVER
  POSSIBLE SUNSHINE  MM
  AVERAGE SKY COVER 0.7


WEATHER CONDITIONS
 THE FOLLOWING WEATHER WAS RECORDED YESTERDAY.
  THUNDERSTORM
  LIGHT RAIN
  FOG


RELATIVE HUMIDITY (PERCENT)
 HIGHEST    94           700 AM
 LOWEST     74           500 PM
 AVERAGE    84

..........................................................


THE KANSAS CITY INTERNATIONAL MO CLIMATE NORMALS FOR TODAY
                         NORMAL    RECORD    YEAR
 MAXIMUM TEMPERATURE (F)   89       109      1934
 MINIMUM TEMPERATURE (F)   69        60      2014
                                             1971
                                             1950


SUNRISE AND SUNSET
JULY 20 2015..........SUNRISE   608 AM CDT   SUNSET   842 PM CDT
JULY 21 2015..........SUNRISE   609 AM CDT   SUNSET   841 PM CDT


-  INDICATES NEGATIVE NUMBERS.
R  INDICATES RECORD WAS SET OR TIED.
MM INDICATES DATA IS MISSING.
T  INDICATES TRACE AMOUNT.


&&

...MISCELLANEOUS CLIMATE DATA FROM YESTERDAY...

LOCATION                HIGH    LOW      PRECIP
ST. JOSEPH               84      72       M
DOWNTOWN KANSAS CITY     86      76       T
OLATHE NEW CENTURY       90      75       0.00
OLATHE JO CO EXEC        89      75       0.00
LEES SUMMIT              85      75       T
KIRKSVILLE               81      69       2.32
CHILLICOTHE              85      71       1.71
SEDALIA                  87      72       0.01
NWS PLEASANT HILL MO     89      75       0.00


THIS PRODUCT...ALONG WITH OTHER WEATHER...HYDROLOGICAL AND CLIMATE
INFORMATION...IS AVAILABLE ON THE WEB AT HTTP://WWW.WEATHER.GOV/EAX
OR AT HTTP://WEATHER.GOV

$$

JL
