000
CDUS43 KEAX 220638
CLIMCI

CLIMATE REPORT
NATIONAL WEATHER SERVICE KANSAS CITY/PLEASANT HILL MO
1234 AM CST SAT NOV 22 2014


...................................

...THE KANSAS CITY INTERNATIONAL MO CLIMATE SUMMARY FOR NOVEMBER 21 2014...

CLIMATE NORMAL PERIOD 1981 TO 2010
CLIMATE RECORD PERIOD 1888 TO 2014


WEATHER ITEM   OBSERVED TIME   RECORD YEAR NORMAL DEPARTURE LAST
                VALUE   (LST)  VALUE       VALUE  FROM      YEAR
                                                  NORMAL
..................................................................
TEMPERATURE (F)
 YESTERDAY
  MAXIMUM         50   1159 PM  78    1966  50      0       49
  MINIMUM         24    719 AM   5    1937  31     -7       28
  AVERAGE         37                        41     -4       39

PRECIPITATION (IN)
  YESTERDAY        0.05          1.90 1934   0.06  -0.01     0.25
  MONTH TO DATE    0.15                      1.55  -1.40     1.43
  SINCE SEP 1     11.69                      9.33   2.36    11.01
  SINCE JAN 1     37.68                     36.73   0.95    33.68

SNOWFALL (IN)
  YESTERDAY        0.0           1.8  1906   0.0    0.0      0.0
  MONTH TO DATE    0.5                       0.5    0.0      0.0
  SINCE SEP 1      0.5                       0.7   -0.2      0.0
  SINCE JUL 1      0.5                       0.7   -0.2      0.0
  SNOW DEPTH       0

DEGREE DAYS
 HEATING
  YESTERDAY       28                        24      4       26
  MONTH TO DATE  605                       403    202      395
  SINCE SEP 1    905                       761    144      743
  SINCE JUL 1    907                       763    144      743

 COOLING
  YESTERDAY        0                         0      0        0
  MONTH TO DATE    0                         0      0        0
  SINCE SEP 1    144                       185    -41      251
  SINCE JAN 1   1263                      1358    -95     1345
..................................................................


WIND (MPH)
  HIGHEST WIND SPEED    18   HIGHEST WIND DIRECTION     S (190)
  HIGHEST GUST SPEED    23   HIGHEST GUST DIRECTION     E (110)
  AVERAGE WIND SPEED    11.2


SKY COVER
  POSSIBLE SUNSHINE  MM
  AVERAGE SKY COVER 0.7


WEATHER CONDITIONS
 THE FOLLOWING WEATHER WAS RECORDED YESTERDAY.
  LIGHT RAIN
  FOG


RELATIVE HUMIDITY (PERCENT)
 HIGHEST    93          1100 PM
 LOWEST     55           100 PM
 AVERAGE    74

..........................................................


THE KANSAS CITY INTERNATIONAL MO CLIMATE NORMALS FOR TODAY
                         NORMAL    RECORD    YEAR
 MAXIMUM TEMPERATURE (F)   50        76      1966
 MINIMUM TEMPERATURE (F)   31         7      1898


SUNRISE AND SUNSET
NOVEMBER 22 2014......SUNRISE   710 AM CST   SUNSET   500 PM CST
NOVEMBER 23 2014......SUNRISE   711 AM CST   SUNSET   459 PM CST


-  INDICATES NEGATIVE NUMBERS.
R  INDICATES RECORD WAS SET OR TIED.
MM INDICATES DATA IS MISSING.
T  INDICATES TRACE AMOUNT.




&&

...MISCELLANEOUS CLIMATE DATA FROM YESTERDAY...

LOCATION                HIGH    LOW      PRECIP
ST. JOSEPH               42      17       T
DOWNTOWN KANSAS CITY     51      24       0.02
OLATHE NEW CENTURY       49      24       0.05
OLATHE JO CO EXEC        49      24       0.06
LEES SUMMIT              48      23       0.03
KIRKSVILLE               39      16       0.00
CHILLICOTHE              45      18       0.02
SEDALIA                  49      24       0.07
NWS PLEASANT HILL MO     46      23       T


THIS PRODUCT...ALONG WITH OTHER WEATHER...HYDROLOGICAL AND CLIMATE
INFORMATION...IS AVAILABLE ON THE WEB AT HTTP://WWW.CRH.NOAA.GOV/EAX
OR AT HTTP://WEATHER.GOV

$$
