000
CDUS43 KEAX 082127
CLIMCI

CLIMATE REPORT
NATIONAL WEATHER SERVICE KANSAS CITY/PLEASANT HILL MO
425 PM CDT SUN OCT 8 2017


...................................

...THE KANSAS CITY INTERNATIONAL MO CLIMATE SUMMARY FOR OCTOBER 8 2017...
VALID AS OF 0400 PM LOCAL TIME.

CLIMATE NORMAL PERIOD 1981 TO 2010
CLIMATE RECORD PERIOD 1888 TO 2017


WEATHER ITEM   OBSERVED TIME   RECORD YEAR NORMAL DEPARTURE LAST
                VALUE   (LST)  VALUE       VALUE  FROM      YEAR
                                                  NORMAL
..................................................................
TEMPERATURE (F)
 TODAY
  MAXIMUM         79    259 PM  91    1928  70      9       69
  MINIMUM         50    646 AM  25    2000  48      2       42
  AVERAGE         65                        59      6       56

PRECIPITATION (IN)
  TODAY            0.00          2.05 1982   0.11  -0.11     0.00
  MONTH TO DATE    0.64                      0.96  -0.32     2.37
  SINCE SEP 1      3.44                      5.58  -2.14     7.31
  SINCE JAN 1     41.33                     32.98   8.35    46.74

SNOWFALL (IN)
  TODAY            0.0           0.0    MM   0.0    0.0      0.0
  MONTH TO DATE    0.0                       0.0    0.0      0.0
  SINCE SEP 1      0.0                       0.0    0.0      0.0
  SINCE JUL 1      0.0                       0.0    0.0      0.0
  SNOW DEPTH       0

DEGREE DAYS
 HEATING
  TODAY            0                         7     -7        9
  MONTH TO DATE    2                        50    -48       31
  SINCE SEP 1     18                       115    -97       52
  SINCE JUL 1     22                       117    -95       52

 COOLING
  TODAY            0                         1     -1        0
  MONTH TO DATE   34                        13     21       10
  SINCE SEP 1    239                       172     67      230
  SINCE JAN 1   1317                      1345    -28     1527
..................................................................


WIND (MPH)
  HIGHEST WIND SPEED    16   HIGHEST WIND DIRECTION     S (190)
  HIGHEST GUST SPEED    20   HIGHEST GUST DIRECTION    SW (220)
  AVERAGE WIND SPEED     9.2


SKY COVER
  POSSIBLE SUNSHINE  MM
  AVERAGE SKY COVER 0.0


WEATHER CONDITIONS
 THE FOLLOWING WEATHER WAS RECORDED TODAY.
  NO SIGNIFICANT WEATHER WAS OBSERVED.


RELATIVE HUMIDITY (PERCENT)
 HIGHEST    96           500 AM
 LOWEST     35           200 PM
 AVERAGE    66

..........................................................


THE KANSAS CITY INTERNATIONAL MO CLIMATE NORMALS FOR TOMORROW
                         NORMAL    RECORD    YEAR
 MAXIMUM TEMPERATURE (F)   69        90      1963
                                             1893
 MINIMUM TEMPERATURE (F)   48        27      2000


SUNRISE AND SUNSET
OCTOBER  8 2017.......SUNRISE   722 AM CDT   SUNSET   650 PM CDT
OCTOBER  9 2017.......SUNRISE   723 AM CDT   SUNSET   648 PM CDT


-  INDICATES NEGATIVE NUMBERS.
R  INDICATES RECORD WAS SET OR TIED.
MM INDICATES DATA IS MISSING.
T  INDICATES TRACE AMOUNT.


&&

...MISCELLANEOUS CLIMATE DATA FROM TODAY...

LOCATION                HIGH    LOW      PRECIP
ST. JOSEPH               83      45       0.00
DOWNTOWN KANSAS CITY     81      54       0.00
OLATHE NEW CENTURY       79      50       0.00
OLATHE JO CO EXEC        77      50       0.00
LEES SUMMIT              79      56       0.00
KIRKSVILLE               79      50       0.00
CHILLICOTHE              81      47       0.00
SEDALIA                  81      55       0.00
NWS PLEASANT HILL MO     79      51       0.00


THIS PRODUCT...ALONG WITH OTHER WEATHER...HYDROLOGICAL AND CLIMATE
INFORMATION...IS AVAILABLE ON THE WEB AT HTTP://WWW.WEATHER.GOV/EAX
OR AT HTTP://WEATHER.GOV

$$
