000
CDUS43 KEAX 240637
CLIMCI

CLIMATE REPORT
NATIONAL WEATHER SERVICE KANSAS CITY/PLEASANT HILL MO
136 AM CDT THU JUL 24 2014


...................................

...THE KANSAS CITY INTERNATIONAL MO CLIMATE SUMMARY FOR JULY 23 2014...

CLIMATE NORMAL PERIOD 1981 TO 2010
CLIMATE RECORD PERIOD 1888 TO 2014


WEATHER ITEM   OBSERVED TIME   RECORD YEAR NORMAL DEPARTURE LAST
                VALUE   (LST)  VALUE       VALUE  FROM      YEAR
                                                  NORMAL
..................................................................
TEMPERATURE (F)
 YESTERDAY
  MAXIMUM         86    404 PM 106    1934  89     -3       87
  MINIMUM         70    549 AM  57    2003  69      1       70
                                      1990
  AVERAGE         78                        79     -1       79

PRECIPITATION (IN)
  YESTERDAY        0.00          1.90 1973   0.13  -0.13      T
  MONTH TO DATE    3.04                      3.47  -0.43     0.20
  SINCE JUN 1      9.95                      8.70   1.25     3.32
  SINCE JAN 1     18.57                     22.53  -3.96    18.25

SNOWFALL (IN)
  YESTERDAY        0.0           0.0    MM   0.0    0.0      0.0
  MONTH TO DATE    0.0                       0.0    0.0      0.0
  SINCE JUN 1      0.0                       0.0    0.0      0.0
  SINCE JUL 1      0.0                       0.0    0.0      0.0
  SNOW DEPTH       0

DEGREE DAYS
 HEATING
  YESTERDAY        0                         0      0        0
  MONTH TO DATE    2                         0      2        0
  SINCE JUN 1      3                         9     -6       17
  SINCE JUL 1      2                         0      2        0

 COOLING
  YESTERDAY       13                        14     -1       14
  MONTH TO DATE  207                       307   -100      313
  SINCE JUN 1    484                       573    -89      589
  SINCE JAN 1    645                       689    -44      694
..................................................................


WIND (MPH)
  HIGHEST WIND SPEED    17   HIGHEST WIND DIRECTION    NE (40)
  HIGHEST GUST SPEED    22   HIGHEST GUST DIRECTION    NE (30)
  AVERAGE WIND SPEED    10.5


SKY COVER
  POSSIBLE SUNSHINE  MM
  AVERAGE SKY COVER 0.4


WEATHER CONDITIONS
 THE FOLLOWING WEATHER WAS RECORDED YESTERDAY.
  NO SIGNIFICANT WEATHER WAS OBSERVED.


RELATIVE HUMIDITY (PERCENT)
 HIGHEST    84           400 AM
 LOWEST     48           400 PM
 AVERAGE    66

..........................................................


THE KANSAS CITY INTERNATIONAL MO CLIMATE NORMALS FOR TODAY
                         NORMAL    RECORD    YEAR
 MAXIMUM TEMPERATURE (F)   89       110      1934
 MINIMUM TEMPERATURE (F)   69        57      2004


SUNRISE AND SUNSET
JULY 24 2014..........SUNRISE   612 AM CDT   SUNSET   838 PM CDT
JULY 25 2014..........SUNRISE   613 AM CDT   SUNSET   838 PM CDT


-  INDICATES NEGATIVE NUMBERS.
R  INDICATES RECORD WAS SET OR TIED.
MM INDICATES DATA IS MISSING.
T  INDICATES TRACE AMOUNT.



&&

...MISCELLANEOUS CLIMATE DATA FROM YESTERDAY...

LOCATION                HIGH    LOW      PRECIP
ST. JOSEPH               86      67       0.00
DOWNTOWN KANSAS CITY     89      73       0.00
OLATHE NEW CENTURY       90      71       0.00
OLATHE JO CO EXEC        89      71       0.00
LEES SUMMIT              87      71       0.00
KIRKSVILLE               84      60       0.00
CHILLICOTHE              87      64       0.00
SEDALIA                  88      69       0.00
NWS PLEASANT HILL MO     85      69       0.00


THIS PRODUCT...ALONG WITH OTHER WEATHER...HYDROLOGICAL AND CLIMATE
INFORMATION...IS AVAILABLE ON THE WEB AT HTTP://WWW.CRH.NOAA.GOV/EAX
OR AT HTTP://WEATHER.GOV

$$
