000
CDUS43 KEAX 280639
CLIMCI

CLIMATE REPORT
NATIONAL WEATHER SERVICE KANSAS CITY/PLEASANT HILL MO
137 AM CDT THU MAY 28 2015


...................................

...THE KANSAS CITY INTERNATIONAL MO CLIMATE SUMMARY FOR MAY 27 2015...

CLIMATE NORMAL PERIOD 1981 TO 2010
CLIMATE RECORD PERIOD 1888 TO 2015


WEATHER ITEM   OBSERVED TIME   RECORD YEAR NORMAL DEPARTURE LAST
                VALUE   (LST)  VALUE       VALUE  FROM      YEAR
                                                  NORMAL
..................................................................
TEMPERATURE (F)
 YESTERDAY
  MAXIMUM         81    415 PM  94    2006  78      3       84
  MINIMUM         56    548 AM  38    1992  58     -2       63
  AVERAGE         69                        68      1       74

PRECIPITATION (IN)
  YESTERDAY        0.00          2.26 2013   0.17  -0.17     0.00
  MONTH TO DATE    9.71                      4.56   5.15     1.28
  SINCE MAR 1     13.88                     10.63   3.25     6.82
  SINCE JAN 1     16.06                     13.16   2.90     8.57

SNOWFALL (IN)
  YESTERDAY        0.0           0.0    MM   0.0    0.0      0.0
  MONTH TO DATE    0.0                       0.0    0.0      0.0
  SINCE MAR 1      T                         2.6   -2.6      3.6
  SINCE JUL 1     14.2                      18.8   -4.6     26.2
  SNOW DEPTH       0

DEGREE DAYS
 HEATING
  YESTERDAY        0                         2     -2        0
  MONTH TO DATE   89                        99    -10      113
  SINCE MAR 1    895                      1074   -179     1219
  SINCE JUL 1   5109                      5119    -10     5785

 COOLING
  YESTERDAY        4                         4      0        9
  MONTH TO DATE   56                        67    -11      107
  SINCE MAR 1     65                        95    -30      116
  SINCE JAN 1     65                        95    -30      116
..................................................................


WIND (MPH)
  HIGHEST WIND SPEED    10   HIGHEST WIND DIRECTION     E (110)
  HIGHEST GUST SPEED    16   HIGHEST GUST DIRECTION     E (110)
  AVERAGE WIND SPEED     5.4


SKY COVER
  POSSIBLE SUNSHINE  MM
  AVERAGE SKY COVER 0.5


WEATHER CONDITIONS
 THE FOLLOWING WEATHER WAS RECORDED YESTERDAY.
  NO SIGNIFICANT WEATHER WAS OBSERVED.


RELATIVE HUMIDITY (PERCENT)
 HIGHEST    93           500 AM
 LOWEST     39           400 PM
 AVERAGE    66

..........................................................


THE KANSAS CITY INTERNATIONAL MO CLIMATE NORMALS FOR TODAY
                         NORMAL    RECORD    YEAR
 MAXIMUM TEMPERATURE (F)   78        93      2006
 MINIMUM TEMPERATURE (F)   58        38      1947


SUNRISE AND SUNSET
MAY 28 2015...........SUNRISE   556 AM CDT   SUNSET   837 PM CDT
MAY 29 2015...........SUNRISE   556 AM CDT   SUNSET   837 PM CDT


-  INDICATES NEGATIVE NUMBERS.
R  INDICATES RECORD WAS SET OR TIED.
MM INDICATES DATA IS MISSING.
T  INDICATES TRACE AMOUNT.



&&

...MISCELLANEOUS CLIMATE DATA FROM YESTERDAY...

LOCATION                HIGH    LOW      PRECIP
ST. JOSEPH               83      58       0.00
DOWNTOWN KANSAS CITY     85      61       0.00
OLATHE NEW CENTURY       81      59       0.00
OLATHE JO CO EXEC        81      60       0.00
LEES SUMMIT              83      60       0.00
KIRKSVILLE               82      58       0.00
CHILLICOTHE              84      56       0.00
SEDALIA                  83      64       0.00
NWS PLEASANT HILL MO     81      60       0.00


THIS PRODUCT...ALONG WITH OTHER WEATHER...HYDROLOGICAL AND CLIMATE
INFORMATION...IS AVAILABLE ON THE WEB AT HTTP://WWW.CRH.NOAA.GOV/EAX
OR AT HTTP://WEATHER.GOV

$$

73
