000
CDUS43 KEAX 010642
CLIMCI

CLIMATE REPORT
NATIONAL WEATHER SERVICE KANSAS CITY/PLEASANT HILL MO
1239 AM CST SUN MAR 1 2015


...................................

...THE KANSAS CITY INTERNATIONAL MO CLIMATE SUMMARY FOR FEBRUARY 28 2015...

CLIMATE NORMAL PERIOD 1981 TO 2010
CLIMATE RECORD PERIOD 1888 TO 2015


WEATHER ITEM   OBSERVED TIME   RECORD YEAR NORMAL DEPARTURE LAST
                VALUE   (LST)  VALUE       VALUE  FROM      YEAR
                                                  NORMAL
..................................................................
TEMPERATURE (F)
 YESTERDAY
  MAXIMUM         23   1017 PM  78    2006  48    -25       53
                                      1932
  MINIMUM         14    512 AM  -4    1891  28    -14       19
  AVERAGE         19                        38    -19       36

PRECIPITATION (IN)
  YESTERDAY        0.10          1.38 1987   0.06   0.04     0.00
  MONTH TO DATE    0.98                      1.46  -0.48     1.36
  SINCE DEC 1      4.02                      4.06  -0.04     2.55
  SINCE JAN 1      2.18                      2.53  -0.35     1.75

SNOWFALL (IN)
  YESTERDAY        1.3           5.8  1919   0.1    1.2      0.0
  MONTH TO DATE    8.8                       5.4    3.4     11.3
  SINCE DEC 1     13.7                      14.8   -1.1     22.6
  SINCE JUL 1     14.2                      16.2   -2.0     22.6
  SNOW DEPTH       0

DEGREE DAYS
 HEATING
  YESTERDAY       46                        27     19       29
  MONTH TO DATE 1112                       882    230     1122
  SINCE DEC 1   3093                      3043     50     3501
  SINCE JUL 1   4214                      4045    169     4566

 COOLING
  YESTERDAY        0                         0      0        0
  MONTH TO DATE    0                         0      0        0
  SINCE DEC 1      0                         0      0        0
  SINCE JAN 1      0                         0      0        0
..................................................................


WIND (MPH)
  HIGHEST WIND SPEED    13   HIGHEST WIND DIRECTION    SE (130)
  HIGHEST GUST SPEED    18   HIGHEST GUST DIRECTION    SE (120)
  AVERAGE WIND SPEED     6.5


SKY COVER
  POSSIBLE SUNSHINE  MM
  AVERAGE SKY COVER 0.9


WEATHER CONDITIONS
 THE FOLLOWING WEATHER WAS RECORDED YESTERDAY.
  LIGHT SNOW
  FOG
  HAZE


RELATIVE HUMIDITY (PERCENT)
 HIGHEST    92           800 PM
 LOWEST     61          1200 AM
 AVERAGE    77

..........................................................


THE KANSAS CITY INTERNATIONAL MO CLIMATE NORMALS FOR TODAY
                         NORMAL    RECORD    YEAR
 MAXIMUM TEMPERATURE (F)   49        79      1992
 MINIMUM TEMPERATURE (F)   28        -1      1962


SUNRISE AND SUNSET
MARCH  1 2015.........SUNRISE   652 AM CST   SUNSET   611 PM CST
MARCH  2 2015.........SUNRISE   650 AM CST   SUNSET   612 PM CST


-  INDICATES NEGATIVE NUMBERS.
R  INDICATES RECORD WAS SET OR TIED.
MM INDICATES DATA IS MISSING.
T  INDICATES TRACE AMOUNT.




&&

...MISCELLANEOUS CLIMATE DATA FROM YESTERDAY...

LOCATION                HIGH    LOW      PRECIP
ST. JOSEPH               24      13       0.02
DOWNTOWN KANSAS CITY     25      17       0.01
OLATHE NEW CENTURY       22      16       0.11
OLATHE JO CO EXEC        23      16       0.10
LEES SUMMIT              23      16       0.13
KIRKSVILLE               24       7       0.06
CHILLICOTHE              24      12       0.05
SEDALIA                  25      17       0.35
NWS PLEASANT HILL MO     22      15       0.25


THIS PRODUCT...ALONG WITH OTHER WEATHER...HYDROLOGICAL AND CLIMATE
INFORMATION...IS AVAILABLE ON THE WEB AT HTTP://WWW.CRH.NOAA.GOV/EAX
OR AT HTTP://WEATHER.GOV

$$
