000
CDUS43 KEAX 030634
CLIMCI

CLIMATE REPORT
NATIONAL WEATHER SERVICE KANSAS CITY/PLEASANT HILL MO
132 AM CDT THU SEP 3 2015


...................................

...THE KANSAS CITY INTERNATIONAL MO CLIMATE SUMMARY FOR SEPTEMBER 2 2015...

CLIMATE NORMAL PERIOD 1981 TO 2010
CLIMATE RECORD PERIOD 1888 TO 2015


WEATHER ITEM   OBSERVED TIME   RECORD YEAR NORMAL DEPARTURE LAST
                VALUE   (LST)  VALUE       VALUE  FROM      YEAR
                                                  NORMAL
..................................................................
TEMPERATURE (F)
 YESTERDAY
  MAXIMUM         90    239 PM 106    2000  84      6       82
  MINIMUM         71    953 AM  49    1974  63      8       63
  AVERAGE         81                        74      7       73

PRECIPITATION (IN)
  YESTERDAY        0.17          3.05 1918   0.15   0.02     0.00
  MONTH TO DATE    0.17                      0.30  -0.13     0.50
  SINCE SEP 1      0.17                      0.30  -0.13     0.50
  SINCE JAN 1     32.08                     27.70   4.38    26.49

SNOWFALL (IN)
  YESTERDAY        0.0           0.0    MM   0.0    0.0      0.0
  MONTH TO DATE    0.0                       0.0    0.0      0.0
  SINCE SEP 1      0.0                       0.0    0.0      0.0
  SINCE JUL 1      0.0                       0.0    0.0      0.0
  SNOW DEPTH       0

DEGREE DAYS
 HEATING
  YESTERDAY        0                         0      0        0
  MONTH TO DATE    0                         0      0        0
  SINCE SEP 1      0                         0      0        0
  SINCE JUL 1      3                         2      1        2

 COOLING
  YESTERDAY       16                         9      7        8
  MONTH TO DATE   33                        18     15       16
  SINCE SEP 1     33                        18     15       16
  SINCE JAN 1   1108                      1191    -83     1135
..................................................................


WIND (MPH)
  HIGHEST WIND SPEED    21   HIGHEST WIND DIRECTION     S (200)
  HIGHEST GUST SPEED    27   HIGHEST GUST DIRECTION     S (190)
  AVERAGE WIND SPEED    11.0


SKY COVER
  POSSIBLE SUNSHINE  MM
  AVERAGE SKY COVER 0.4


WEATHER CONDITIONS
 THE FOLLOWING WEATHER WAS RECORDED YESTERDAY.
  THUNDERSTORM
  RAIN
  LIGHT RAIN
  FOG
  HAZE


RELATIVE HUMIDITY (PERCENT)
 HIGHEST    93          1000 AM
 LOWEST     47           300 PM
 AVERAGE    70

..........................................................


THE KANSAS CITY INTERNATIONAL MO CLIMATE NORMALS FOR TODAY
                         NORMAL    RECORD    YEAR
 MAXIMUM TEMPERATURE (F)   84       109      1947
 MINIMUM TEMPERATURE (F)   63        45      1974


SUNRISE AND SUNSET
SEPTEMBER  3 2015.....SUNRISE   649 AM CDT   SUNSET   747 PM CDT
SEPTEMBER  4 2015.....SUNRISE   650 AM CDT   SUNSET   745 PM CDT


-  INDICATES NEGATIVE NUMBERS.
R  INDICATES RECORD WAS SET OR TIED.
MM INDICATES DATA IS MISSING.
T  INDICATES TRACE AMOUNT.


&&

...MISCELLANEOUS CLIMATE DATA FROM YESTERDAY...

LOCATION                HIGH    LOW      PRECIP
ST. JOSEPH               88      71       0.46
DOWNTOWN KANSAS CITY     91      74       T
OLATHE NEW CENTURY       88      70       0.01
OLATHE JO CO EXEC        86      69       T
LEES SUMMIT              88      70       0.00
KIRKSVILLE               87      69       0.02
CHILLICOTHE              90      67       0.18
SEDALIA                  92      70       0.00
NWS PLEASANT HILL MO     89      66       0.00


THIS PRODUCT...ALONG WITH OTHER WEATHER...HYDROLOGICAL AND CLIMATE
INFORMATION...IS AVAILABLE ON THE WEB AT HTTP://WWW.WEATHER.GOV/EAX
OR AT HTTP://WEATHER.GOV

$$
