000
CDUS43 KEAX 220031
CLIMCI

CLIMATE REPORT
NATIONAL WEATHER SERVICE KANSAS CITY/PLEASANT HILL MO
631 PM CST SUN JAN 21 2018


...................................

...THE KANSAS CITY INTERNATIONAL MO CLIMATE SUMMARY FOR JANUARY 21 2018...
VALID TODAY AS OF 0600 PM LOCAL TIME.

CLIMATE NORMAL PERIOD 1981 TO 2010
CLIMATE RECORD PERIOD 1888 TO 2018


WEATHER ITEM   OBSERVED TIME   RECORD YEAR NORMAL DEPARTURE LAST
                VALUE   (LST)  VALUE       VALUE  FROM      YEAR
                                                  NORMAL
..................................................................
TEMPERATURE (F)
 TODAY
  MAXIMUM         64    244 PM  71    1957  38     26       54
  MINIMUM         39    116 AM  -6    1935  19     20       37
  AVERAGE         52                        29     23       46

PRECIPITATION (IN)
  TODAY            0.00          1.02 1958   0.03  -0.03      T
  MONTH TO DATE    0.53                      0.67  -0.14     1.34
  SINCE DEC 1      0.72                      2.20  -1.48     2.53
  SINCE JAN 1      0.53                      0.67  -0.14     1.34

SNOWFALL (IN)
  TODAY            0.0          10.5  1958   0.1   -0.1      0.0
  MONTH TO DATE    2.5                       2.9   -0.4      2.2
  SINCE DEC 1      4.7                       7.7   -3.0      4.5
  SINCE JUL 1      4.7                       9.1   -4.4      4.5
  SNOW DEPTH       0

DEGREE DAYS
 HEATING
  TODAY           13                        36    -23       19
  MONTH TO DATE  855                       756     99      731
  SINCE DEC 1   1866                      1796     70     1804
  SINCE JUL 1   2746                      2798    -52     2388

 COOLING
  TODAY            0                         0      0        0
  MONTH TO DATE    0                         0      0        0
  SINCE DEC 1      0                         0      0        0
  SINCE JAN 1      0                         0      0        0
..................................................................


WIND (MPH)
  HIGHEST WIND SPEED    22   HIGHEST WIND DIRECTION     S (200)
  HIGHEST GUST SPEED    28   HIGHEST GUST DIRECTION     S (200)
  AVERAGE WIND SPEED     9.7


SKY COVER
  POSSIBLE SUNSHINE  MM
  AVERAGE SKY COVER 0.8


WEATHER CONDITIONS
 THE FOLLOWING WEATHER WAS RECORDED TODAY.
  FOG


RELATIVE HUMIDITY (PERCENT)
 HIGHEST   100          1200 AM
 LOWEST     64           500 PM
 AVERAGE    82

..........................................................


THE KANSAS CITY INTERNATIONAL MO CLIMATE NORMALS FOR TOMORROW
                         NORMAL    RECORD    YEAR
 MAXIMUM TEMPERATURE (F)   38        70      1967
 MINIMUM TEMPERATURE (F)   19       -10      1930


SUNRISE AND SUNSET
JANUARY 21 2018.......SUNRISE   734 AM CST   SUNSET   527 PM CST
JANUARY 22 2018.......SUNRISE   733 AM CST   SUNSET   528 PM CST


-  INDICATES NEGATIVE NUMBERS.
R  INDICATES RECORD WAS SET OR TIED.
MM INDICATES DATA IS MISSING.
T  INDICATES TRACE AMOUNT.


&&

...MISCELLANEOUS CLIMATE DATA FROM TODAY...

LOCATION                HIGH    LOW      PRECIP
ST. JOSEPH               60      32       0.00
DOWNTOWN KANSAS CITY     66      41       0.00
OLATHE NEW CENTURY       65      43       0.00
OLATHE JO CO EXEC        64      40       0.00
LEES SUMMIT              66      42       0.00
KIRKSVILLE               58      41       0.00
CHILLICOTHE              58      42       0.00
SEDALIA                  71      45       0.00
NWS PLEASANT HILL MO     66      42       0.00


THIS PRODUCT...ALONG WITH OTHER WEATHER...HYDROLOGICAL AND CLIMATE
INFORMATION...IS AVAILABLE ON THE WEB AT HTTP://WWW.WEATHER.GOV/EAX
OR AT HTTP://WEATHER.GOV

$$
