000
CDUS43 KEAX 240040
CLIMCI

CLIMATE REPORT
NATIONAL WEATHER SERVICE KANSAS CITY/PLEASANT HILL MO
736 PM CDT SAT SEP 23 2017


...................................

...THE KANSAS CITY INTERNATIONAL MO CLIMATE SUMMARY FOR SEPTEMBER 23 2017...
VALID TODAY AS OF 0700 PM LOCAL TIME.

CLIMATE NORMAL PERIOD 1981 TO 2010
CLIMATE RECORD PERIOD 1888 TO 2017


WEATHER ITEM   OBSERVED TIME   RECORD YEAR NORMAL DEPARTURE LAST
                VALUE   (LST)  VALUE       VALUE  FROM      YEAR
                                                  NORMAL
..................................................................
TEMPERATURE (F)
 TODAY
  MAXIMUM         88    312 PM  96    1939  76     12       87
  MINIMUM         68    632 AM  34    1983  54     14       65
  AVERAGE         78                        65     13       76

PRECIPITATION (IN)
  TODAY            0.00          2.32 2005   0.15  -0.15     0.00
  MONTH TO DATE    2.29                      3.59  -1.30     4.31
  SINCE SEP 1      2.29                      3.59  -1.30     4.31
  SINCE JAN 1     40.18                     30.99   9.19    43.74

SNOWFALL (IN)
  TODAY            0.0           0.0  2002   0.0    0.0      0.0
                                      2001
  MONTH TO DATE    0.0                       0.0    0.0      0.0
  SINCE SEP 1      0.0                       0.0    0.0      0.0
  SINCE JUL 1      0.0                       0.0    0.0      0.0
  SNOW DEPTH       0

DEGREE DAYS
 HEATING
  TODAY            0                         3     -3        0
  MONTH TO DATE   10                        33    -23        1
  SINCE SEP 1     10                        33    -23        1
  SINCE JUL 1     14                        35    -21        1

 COOLING
  TODAY           13                         3     10       11
  MONTH TO DATE  179                       140     39      207
  SINCE SEP 1    179                       140     39      207
  SINCE JAN 1   1257                      1313    -56     1504
..................................................................


WIND (MPH)
  HIGHEST WIND SPEED    16   HIGHEST WIND DIRECTION     S (180)
  HIGHEST GUST SPEED    20   HIGHEST GUST DIRECTION     S (160)
  AVERAGE WIND SPEED     9.4


SKY COVER
  POSSIBLE SUNSHINE  MM
  AVERAGE SKY COVER 0.2


WEATHER CONDITIONS
 THE FOLLOWING WEATHER WAS RECORDED TODAY.
  HAZE


RELATIVE HUMIDITY (PERCENT)
 HIGHEST    90          1200 AM
 LOWEST     53           200 PM
 AVERAGE    72

..........................................................


THE KANSAS CITY INTERNATIONAL MO CLIMATE NORMALS FOR TOMORROW
                         NORMAL    RECORD    YEAR
 MAXIMUM TEMPERATURE (F)   76        92      1935
 MINIMUM TEMPERATURE (F)   54        35      1989


SUNRISE AND SUNSET
SEPTEMBER 23 2017.....SUNRISE   708 AM CDT   SUNSET   714 PM CDT
SEPTEMBER 24 2017.....SUNRISE   709 AM CDT   SUNSET   712 PM CDT


-  INDICATES NEGATIVE NUMBERS.
R  INDICATES RECORD WAS SET OR TIED.
MM INDICATES DATA IS MISSING.
T  INDICATES TRACE AMOUNT.


&&

...MISCELLANEOUS CLIMATE DATA FROM TODAY...

LOCATION                HIGH    LOW      PRECIP
ST. JOSEPH               92      69       0.00
DOWNTOWN KANSAS CITY     92      73       0.00
OLATHE NEW CENTURY       89      68       0.00
OLATHE JO CO EXEC        87      67       0.00
LEES SUMMIT              90      72       0.00
KIRKSVILLE               93      65       0.00
CHILLICOTHE              92      67       0.00
SEDALIA                  93      68       0.00
NWS PLEASANT HILL MO     90      67       0.00


THIS PRODUCT...ALONG WITH OTHER WEATHER...HYDROLOGICAL AND CLIMATE
INFORMATION...IS AVAILABLE ON THE WEB AT HTTP://WWW.WEATHER.GOV/EAX
OR AT HTTP://WEATHER.GOV

$$
