000
CDUS43 KEAX 210636
CLIMCI

CLIMATE REPORT
NATIONAL WEATHER SERVICE KANSAS CITY/PLEASANT HILL MO
1234 AM CST TUE NOV 21 2017


...................................

...THE KANSAS CITY INTERNATIONAL MO CLIMATE SUMMARY FOR NOVEMBER 20 2017...

CLIMATE NORMAL PERIOD 1981 TO 2010
CLIMATE RECORD PERIOD 1888 TO 2017


WEATHER ITEM   OBSERVED TIME   RECORD YEAR NORMAL DEPARTURE LAST
                VALUE   (LST)  VALUE       VALUE  FROM      YEAR
                                                  NORMAL
..................................................................
TEMPERATURE (F)
 YESTERDAY
  MAXIMUM         62    310 PM  79    1897  51     11       50
  MINIMUM         43    651 AM   8    1937  32     11       28
  AVERAGE         53                        41     12       39

PRECIPITATION (IN)
  YESTERDAY        0.00          2.03 1973   0.07  -0.07     0.00
  MONTH TO DATE    0.27                      1.49  -1.22     0.31
  SINCE SEP 1      7.94                      9.27  -1.33     7.83
  SINCE JAN 1     45.83                     36.67   9.16    47.26

SNOWFALL (IN)
  YESTERDAY        0.0           0.9  1926   0.0    0.0      0.0
  MONTH TO DATE    0.0                       0.5   -0.5      0.0
  SINCE SEP 1      T                         0.7   -0.7      0.0
  SINCE JUL 1      T                         0.7   -0.7      0.0
  SNOW DEPTH       0

DEGREE DAYS
 HEATING
  YESTERDAY       12                        24    -12       26
  MONTH TO DATE  429                       379     50      221
  SINCE SEP 1    706                       737    -31      386
  SINCE JUL 1    710                       739    -29      386

 COOLING
  YESTERDAY        0                         0      0        0
  MONTH TO DATE    0                         0      0       13
  SINCE SEP 1    247                       185     62      288
  SINCE JAN 1   1325                      1358    -33     1585
..................................................................


WIND (MPH)
  HIGHEST WIND SPEED    33   HIGHEST WIND DIRECTION    SW (210)
  HIGHEST GUST SPEED    41   HIGHEST GUST DIRECTION    SW (220)
  AVERAGE WIND SPEED    19.5


SKY COVER
  POSSIBLE SUNSHINE  MM
  AVERAGE SKY COVER 0.3


WEATHER CONDITIONS
 THE FOLLOWING WEATHER WAS RECORDED YESTERDAY.
  NO SIGNIFICANT WEATHER WAS OBSERVED.


RELATIVE HUMIDITY (PERCENT)
 HIGHEST    53          1200 AM
 LOWEST     27           300 PM
 AVERAGE    40

..........................................................


THE KANSAS CITY INTERNATIONAL MO CLIMATE NORMALS FOR TODAY
                         NORMAL    RECORD    YEAR
 MAXIMUM TEMPERATURE (F)   50        78      1966
 MINIMUM TEMPERATURE (F)   31         5      1937


SUNRISE AND SUNSET
NOVEMBER 21 2017......SUNRISE   709 AM CST   SUNSET   500 PM CST
NOVEMBER 22 2017......SUNRISE   711 AM CST   SUNSET   459 PM CST


-  INDICATES NEGATIVE NUMBERS.
R  INDICATES RECORD WAS SET OR TIED.
MM INDICATES DATA IS MISSING.
T  INDICATES TRACE AMOUNT.


&&

...MISCELLANEOUS CLIMATE DATA FROM YESTERDAY...

LOCATION                HIGH    LOW      PRECIP
ST. JOSEPH               63      42       0.00
DOWNTOWN KANSAS CITY     63      44       0.00
OLATHE NEW CENTURY       61      37       0.00
OLATHE JO CO EXEC        60      39       0.00
LEES SUMMIT              61      41       0.00
KIRKSVILLE               60      39       0.00
CHILLICOTHE              62      38       0.00
SEDALIA                  62      40       0.00
NWS PLEASANT HILL MO     61      41       0.00


THIS PRODUCT...ALONG WITH OTHER WEATHER...HYDROLOGICAL AND CLIMATE
INFORMATION...IS AVAILABLE ON THE WEB AT HTTP://WWW.WEATHER.GOV/EAX
OR AT HTTP://WEATHER.GOV

$$
