000
CDUS43 KEAX 230636
CLIMCI

CLIMATE REPORT
NATIONAL WEATHER SERVICE KANSAS CITY/PLEASANT HILL MO
135 AM CDT WED APR 23 2014


...................................

...THE KANSAS CITY INTERNATIONAL MO CLIMATE SUMMARY FOR APRIL 22 2014...

CLIMATE NORMAL PERIOD 1981 TO 2010
CLIMATE RECORD PERIOD 1888 TO 2014


WEATHER ITEM   OBSERVED TIME   RECORD YEAR NORMAL DEPARTURE LAST
                VALUE   (LST)  VALUE       VALUE  FROM      YEAR
                                                  NORMAL
..................................................................
TEMPERATURE (F)
 YESTERDAY
  MAXIMUM         69    412 PM  91    1989  68      1       64
  MINIMUM         42    601 AM  25    1986  46     -4       41
  AVERAGE         56                        57     -1       53

PRECIPITATION (IN)
  YESTERDAY        0.00          4.18 1944   0.14  -0.14     0.02
  MONTH TO DATE    1.25                      2.50  -1.25     2.82
  SINCE MAR 1      2.86                      4.87  -2.01     4.77
  SINCE JAN 1      4.61                      7.40  -2.79     7.66

SNOWFALL (IN)
  YESTERDAY        0.0           0.0    MM   0.1   -0.1      0.0
  MONTH TO DATE    0.1                       0.6   -0.5       T
  SINCE MAR 1      3.5                       2.6    0.9      6.1
  SINCE JUL 1     26.1                      18.8    7.3     31.3
  SNOW DEPTH       0

DEGREE DAYS
 HEATING
  YESTERDAY        9                         9      0       12
  MONTH TO DATE  282                       268     14      360
  SINCE MAR 1   1047                       914    133     1196
  SINCE JUL 1   5613                      4959    654     4928

 COOLING
  YESTERDAY        0                         1     -1        0
  MONTH TO DATE    7                        16     -9        0
  SINCE MAR 1      7                        19    -12        0
  SINCE JAN 1      7                        19    -12        0
..................................................................


WIND (MPH)
  HIGHEST WIND SPEED    15   HIGHEST WIND DIRECTION    NE (60)
  HIGHEST GUST SPEED    20   HIGHEST GUST DIRECTION    NE (60)
  AVERAGE WIND SPEED     8.6


SKY COVER
  POSSIBLE SUNSHINE  MM
  AVERAGE SKY COVER 0.2


WEATHER CONDITIONS
 THE FOLLOWING WEATHER WAS RECORDED YESTERDAY.
  NO SIGNIFICANT WEATHER WAS OBSERVED.


RELATIVE HUMIDITY (PERCENT)
 HIGHEST    70           500 AM
 LOWEST     23           400 PM
 AVERAGE    47

..........................................................


THE KANSAS CITY INTERNATIONAL MO CLIMATE NORMALS FOR TODAY
                         NORMAL    RECORD    YEAR
 MAXIMUM TEMPERATURE (F)   68        90      1965
 MINIMUM TEMPERATURE (F)   47        32      1893


SUNRISE AND SUNSET
APRIL 23 2014.........SUNRISE   631 AM CDT   SUNSET   804 PM CDT
APRIL 24 2014.........SUNRISE   629 AM CDT   SUNSET   805 PM CDT


-  INDICATES NEGATIVE NUMBERS.
R  INDICATES RECORD WAS SET OR TIED.
MM INDICATES DATA IS MISSING.
T  INDICATES TRACE AMOUNT.




&&

...MISCELLANEOUS CLIMATE DATA FROM YESTERDAY...

LOCATION                HIGH    LOW      PRECIP
ST. JOSEPH               70      41       0.00
DOWNTOWN KANSAS CITY     71      48       0.00
OLATHE NEW CENTURY       71      38       0.00
OLATHE JO CO EXEC        70      48       0.00
LEES SUMMIT              69      47       0.00
KIRKSVILLE               67      43       0.00
CHILLICOTHE              68      46       0.00
SEDALIA                  70      47       0.00
NWS PLEASANT HILL MO     69      47       0.00


THIS PRODUCT...ALONG WITH OTHER WEATHER...HYDROLOGICAL AND CLIMATE
INFORMATION...IS AVAILABLE ON THE WEB AT HTTP://WWW.CRH.NOAA.GOV/EAX
OR AT HTTP://WEATHER.GOV

$$

CDB
