000
CDUS43 KEAX 240637
CLIMCI

CLIMATE REPORT
NATIONAL WEATHER SERVICE KANSAS CITY/PLEASANT HILL MO
135 AM CDT THU APR 24 2014


...................................

...THE KANSAS CITY INTERNATIONAL MO CLIMATE SUMMARY FOR APRIL 23 2014...

CLIMATE NORMAL PERIOD 1981 TO 2010
CLIMATE RECORD PERIOD 1888 TO 2014


WEATHER ITEM   OBSERVED TIME   RECORD YEAR NORMAL DEPARTURE LAST
                VALUE   (LST)  VALUE       VALUE  FROM      YEAR
                                                  NORMAL
..................................................................
TEMPERATURE (F)
 YESTERDAY
  MAXIMUM         73    447 PM  90    1965  68      5       41
  MINIMUM         53    734 AM  32    1893  47      6       33
  AVERAGE         63                        57      6       37

PRECIPITATION (IN)
  YESTERDAY        T             4.49 1975   0.15  -0.15     0.60
  MONTH TO DATE    1.25                      2.65  -1.40     3.42
  SINCE MAR 1      2.86                      5.02  -2.16     5.37
  SINCE JAN 1      4.61                      7.55  -2.94     8.26

SNOWFALL (IN)
  YESTERDAY        0.0           T    2013   0.0    0.0       T
  MONTH TO DATE    0.1                       0.6   -0.5       T
  SINCE MAR 1      3.5                       2.6    0.9      6.1
  SINCE JUL 1     26.1                      18.8    7.3     31.3
  SNOW DEPTH       0

DEGREE DAYS
 HEATING
  YESTERDAY        2                         9     -7       28
  MONTH TO DATE  284                       277      7      388
  SINCE MAR 1   1049                       923    126     1224
  SINCE JUL 1   5615                      4968    647     4956

 COOLING
  YESTERDAY        0                         1     -1        0
  MONTH TO DATE    7                        17    -10        0
  SINCE MAR 1      7                        20    -13        0
  SINCE JAN 1      7                        20    -13        0
..................................................................


WIND (MPH)
  HIGHEST WIND SPEED    28   HIGHEST WIND DIRECTION    SE (140)
  HIGHEST GUST SPEED    34   HIGHEST GUST DIRECTION    SE (140)
  AVERAGE WIND SPEED    17.2


SKY COVER
  POSSIBLE SUNSHINE  MM
  AVERAGE SKY COVER 0.7


WEATHER CONDITIONS
 THE FOLLOWING WEATHER WAS RECORDED YESTERDAY.
  LIGHT RAIN


RELATIVE HUMIDITY (PERCENT)
 HIGHEST    54           800 AM
 LOWEST     31           200 PM
 AVERAGE    43

..........................................................


THE KANSAS CITY INTERNATIONAL MO CLIMATE NORMALS FOR TODAY
                         NORMAL    RECORD    YEAR
 MAXIMUM TEMPERATURE (F)   68        90      1989
 MINIMUM TEMPERATURE (F)   47        27      1967


SUNRISE AND SUNSET
APRIL 24 2014.........SUNRISE   629 AM CDT   SUNSET   805 PM CDT
APRIL 25 2014.........SUNRISE   628 AM CDT   SUNSET   806 PM CDT


-  INDICATES NEGATIVE NUMBERS.
R  INDICATES RECORD WAS SET OR TIED.
MM INDICATES DATA IS MISSING.
T  INDICATES TRACE AMOUNT.




&&

...MISCELLANEOUS CLIMATE DATA FROM YESTERDAY...

LOCATION                HIGH    LOW      PRECIP
ST. JOSEPH               72      51       0.05
DOWNTOWN KANSAS CITY     76      55       T
OLATHE NEW CENTURY       76      52       T
OLATHE JO CO EXEC        74      52       0.00
LEES SUMMIT              73      52       0.00
KIRKSVILLE               61      44       T
CHILLICOTHE              68      50       0.02
SEDALIA                  73      47       T
NWS PLEASANT HILL MO     74      51       0.00


THIS PRODUCT...ALONG WITH OTHER WEATHER...HYDROLOGICAL AND CLIMATE
INFORMATION...IS AVAILABLE ON THE WEB AT HTTP://WWW.CRH.NOAA.GOV/EAX
OR AT HTTP://WEATHER.GOV

$$

CDB
