000
CDUS43 KEAX 190646
CLIMCI

CLIMATE REPORT
NATIONAL WEATHER SERVICE KANSAS CITY/PLEASANT HILL MO
144 AM CDT SAT APR 19 2014


...................................

...THE KANSAS CITY INTERNATIONAL MO CLIMATE SUMMARY FOR APRIL 18 2014...

CLIMATE NORMAL PERIOD 1981 TO 2010
CLIMATE RECORD PERIOD 1888 TO 2014


WEATHER ITEM   OBSERVED TIME   RECORD YEAR NORMAL DEPARTURE LAST
                VALUE   (LST)  VALUE       VALUE  FROM      YEAR
                                                  NORMAL
..................................................................
TEMPERATURE (F)
 YESTERDAY
  MAXIMUM         68    457 PM  91    2006  67      1       45
  MINIMUM         33    459 AM  27    1983  45    -12       34
  AVERAGE         51                        56     -5       40

PRECIPITATION (IN)
  YESTERDAY        0.00          2.35 1927   0.12  -0.12     0.28
  MONTH TO DATE    1.24                      1.97  -0.73     2.80
  SINCE MAR 1      2.85                      4.34  -1.49     4.75
  SINCE JAN 1      4.60                      6.87  -2.27     7.64

SNOWFALL (IN)
  YESTERDAY        0.0           0.5  1907   0.0    0.0       T
  MONTH TO DATE    0.1                       0.5   -0.4       T
  SINCE MAR 1      3.5                       2.5    1.0      6.1
  SINCE JUL 1     26.1                      18.7    7.4     31.3
  SNOW DEPTH       0

DEGREE DAYS
 HEATING
  YESTERDAY       14                        10      4       25
  MONTH TO DATE  272                       230     42      292
  SINCE MAR 1   1037                       876    161     1128
  SINCE JUL 1   5603                      4921    682     4860

 COOLING
  YESTERDAY        0                         1     -1        0
  MONTH TO DATE    6                        12     -6        0
  SINCE MAR 1      6                        15     -9        0
  SINCE JAN 1      6                        15     -9        0
..................................................................


WIND (MPH)
  HIGHEST WIND SPEED    14   HIGHEST WIND DIRECTION    SE (140)
  HIGHEST GUST SPEED    20   HIGHEST GUST DIRECTION     S (170)
  AVERAGE WIND SPEED     5.8


SKY COVER
  POSSIBLE SUNSHINE  MM
  AVERAGE SKY COVER 0.3


WEATHER CONDITIONS
 THE FOLLOWING WEATHER WAS RECORDED YESTERDAY.
  FOG
  HAZE


RELATIVE HUMIDITY (PERCENT)
 HIGHEST    89           500 AM
 LOWEST     35           400 PM
 AVERAGE    62

..........................................................


THE KANSAS CITY INTERNATIONAL MO CLIMATE NORMALS FOR TODAY
                         NORMAL    RECORD    YEAR
 MAXIMUM TEMPERATURE (F)   67        89      1987
 MINIMUM TEMPERATURE (F)   45        30      1953


SUNRISE AND SUNSET
APRIL 19 2014.........SUNRISE   636 AM CDT   SUNSET   800 PM CDT
APRIL 20 2014.........SUNRISE   635 AM CDT   SUNSET   801 PM CDT


-  INDICATES NEGATIVE NUMBERS.
R  INDICATES RECORD WAS SET OR TIED.
MM INDICATES DATA IS MISSING.
T  INDICATES TRACE AMOUNT.




&&

...MISCELLANEOUS CLIMATE DATA FROM YESTERDAY...

LOCATION                HIGH    LOW      PRECIP
ST. JOSEPH               69      28       0.00
DOWNTOWN KANSAS CITY     70      37       0.00
OLATHE NEW CENTURY       68      29       0.00
OLATHE JO CO EXEC        66      32       0.00
LEES SUMMIT              68      36       0.00
KIRKSVILLE               67      29       0.00
CHILLICOTHE              68      30       0.00
SEDALIA                  70      38       0.00
NWS PLEASANT HILL MO     68      35       0.00


THIS PRODUCT...ALONG WITH OTHER WEATHER...HYDROLOGICAL AND CLIMATE
INFORMATION...IS AVAILABLE ON THE WEB AT HTTP://WWW.CRH.NOAA.GOV/EAX
OR AT HTTP://WEATHER.GOV

$$
