000
CDUS43 KEAX 250031
CLIMCI

CLIMATE REPORT
NATIONAL WEATHER SERVICE KANSAS CITY/PLEASANT HILL MO
730 PM CDT FRI OCT 24 2014


...................................

...THE KANSAS CITY INTERNATIONAL MO CLIMATE SUMMARY FOR OCTOBER 24 2014...
VALID TODAY AS OF 0700 PM LOCAL TIME.

CLIMATE NORMAL PERIOD 1981 TO 2010
CLIMATE RECORD PERIOD 1888 TO 2014


WEATHER ITEM   OBSERVED TIME   RECORD YEAR NORMAL DEPARTURE LAST
                VALUE   (LST)  VALUE       VALUE  FROM      YEAR
                                                  NORMAL
..................................................................
TEMPERATURE (F)
 TODAY
  MAXIMUM         76    329 PM  87    1939  64     12       51
  MINIMUM         54    233 AM  26    1999  44     10       34
  AVERAGE         65                        54     11       43

PRECIPITATION (IN)
  TODAY            0.00          3.26 1916   0.09  -0.09     0.00
  MONTH TO DATE    9.29                      2.56   6.73     2.79
  SINCE SEP 1     11.54                      7.18   4.36     7.63
  SINCE JAN 1     37.53                     34.58   2.95    30.30

SNOWFALL (IN)
  TODAY            0.0           3.0  1908   0.0    0.0      0.0
  MONTH TO DATE    0.0                       0.1   -0.1      0.0
  SINCE SEP 1      0.0                       0.1   -0.1      0.0
  SINCE JUL 1      0.0                       0.1   -0.1      0.0
  SNOW DEPTH       0

DEGREE DAYS
 HEATING
  TODAY            0                        12    -12       22
  MONTH TO DATE  175                       201    -26      234
  SINCE SEP 1    240                       266    -26      253
  SINCE JUL 1    242                       268    -26      253

 COOLING
  TODAY            0                         0      0        0
  MONTH TO DATE    7                        24    -17       28
  SINCE SEP 1    137                       183    -46      251
  SINCE JAN 1   1256                      1356   -100     1345
..................................................................


WIND (MPH)
  HIGHEST WIND SPEED    17   HIGHEST WIND DIRECTION     S (200)
  HIGHEST GUST SPEED    21   HIGHEST GUST DIRECTION     S (200)
  AVERAGE WIND SPEED    11.0


SKY COVER
  POSSIBLE SUNSHINE  MM
  AVERAGE SKY COVER 0.8


WEATHER CONDITIONS
 THE FOLLOWING WEATHER WAS RECORDED TODAY.
  FOG


RELATIVE HUMIDITY (PERCENT)
 HIGHEST   100          1200 AM
 LOWEST     68           200 PM
 AVERAGE    84

..........................................................


THE KANSAS CITY INTERNATIONAL MO CLIMATE NORMALS FOR TOMORROW
                         NORMAL    RECORD    YEAR
 MAXIMUM TEMPERATURE (F)   64        88      1939
 MINIMUM TEMPERATURE (F)   43        28      1994


SUNRISE AND SUNSET
OCTOBER 24 2014.......SUNRISE   738 AM CDT   SUNSET   627 PM CDT
OCTOBER 25 2014.......SUNRISE   739 AM CDT   SUNSET   626 PM CDT


-  INDICATES NEGATIVE NUMBERS.
R  INDICATES RECORD WAS SET OR TIED.
MM INDICATES DATA IS MISSING.
T  INDICATES TRACE AMOUNT.




&&

...MISCELLANEOUS CLIMATE DATA FROM TODAY...

LOCATION                HIGH    LOW      PRECIP
ST. JOSEPH               78      50       0.00
DOWNTOWN KANSAS CITY     77      55       0.00
OLATHE NEW CENTURY       76      53       0.00
OLATHE JO CO EXEC        76      53       0.00
LEES SUMMIT              76      54       0.00
KIRKSVILLE               72      55       0.00
CHILLICOTHE              75      56       0.00
SEDALIA                  75      58       0.00
NWS PLEASANT HILL MO     76      53       0.00


THIS PRODUCT...ALONG WITH OTHER WEATHER...HYDROLOGICAL AND CLIMATE
INFORMATION...IS AVAILABLE ON THE WEB AT HTTP://WWW.CRH.NOAA.GOV/EAX
OR AT HTTP://WEATHER.GOV

$$
