000
CDUS43 KEAX 190634
CLIMCI

CLIMATE REPORT
NATIONAL WEATHER SERVICE KANSAS CITY/PLEASANT HILL MO
1233 AM CST SUN NOV 19 2017


...................................

...THE KANSAS CITY INTERNATIONAL MO CLIMATE SUMMARY FOR NOVEMBER 18 2017...

CLIMATE NORMAL PERIOD 1981 TO 2010
CLIMATE RECORD PERIOD 1888 TO 2017


WEATHER ITEM   OBSERVED TIME   RECORD YEAR NORMAL DEPARTURE LAST
                VALUE   (LST)  VALUE       VALUE  FROM      YEAR
                                                  NORMAL
..................................................................
TEMPERATURE (F)
 YESTERDAY
  MAXIMUM         60   1224 AM  78    1976  52      8       68
  MINIMUM         33   1159 PM   6    2014  33      0       31
  AVERAGE         47                        42      5       50

PRECIPITATION (IN)
  YESTERDAY        0.03          0.49 1985   0.07  -0.04     0.00
  MONTH TO DATE    0.27                      1.36  -1.09     0.31
  SINCE SEP 1      7.94                      9.14  -1.20     7.83
  SINCE JAN 1     45.83                     36.54   9.29    47.26

SNOWFALL (IN)
  YESTERDAY        0.0           2.2  1937   0.0    0.0      0.0
  MONTH TO DATE    0.0                       0.4   -0.4      0.0
  SINCE SEP 1      T                         0.6   -0.6      0.0
  SINCE JUL 1      T                         0.6   -0.6      0.0
  SNOW DEPTH       0

DEGREE DAYS
 HEATING
  YESTERDAY       18                        23     -5       15
  MONTH TO DATE  391                       332     59      167
  SINCE SEP 1    668                       690    -22      332
  SINCE JUL 1    672                       692    -20      332

 COOLING
  YESTERDAY        0                         0      0        0
  MONTH TO DATE    0                         0      0       13
  SINCE SEP 1    247                       185     62      288
  SINCE JAN 1   1325                      1358    -33     1585
..................................................................


WIND (MPH)
  HIGHEST WIND SPEED    31   HIGHEST WIND DIRECTION     N (350)
  HIGHEST GUST SPEED    41   HIGHEST GUST DIRECTION    NW (330)
  AVERAGE WIND SPEED    15.9


SKY COVER
  POSSIBLE SUNSHINE  MM
  AVERAGE SKY COVER 0.5


WEATHER CONDITIONS
 THE FOLLOWING WEATHER WAS RECORDED YESTERDAY.
  LIGHT RAIN
  FOG
  FOG W/VISIBILITY <= 1/4 MILE


RELATIVE HUMIDITY (PERCENT)
 HIGHEST   100           200 AM
 LOWEST     49           700 PM
 AVERAGE    75

..........................................................


THE KANSAS CITY INTERNATIONAL MO CLIMATE NORMALS FOR TODAY
                         NORMAL    RECORD    YEAR
 MAXIMUM TEMPERATURE (F)   51        77      1942
 MINIMUM TEMPERATURE (F)   32         9      1914


SUNRISE AND SUNSET
NOVEMBER 19 2017......SUNRISE   707 AM CST   SUNSET   501 PM CST
NOVEMBER 20 2017......SUNRISE   708 AM CST   SUNSET   500 PM CST


-  INDICATES NEGATIVE NUMBERS.
R  INDICATES RECORD WAS SET OR TIED.
MM INDICATES DATA IS MISSING.
T  INDICATES TRACE AMOUNT.


&&

...MISCELLANEOUS CLIMATE DATA FROM YESTERDAY...

LOCATION                HIGH    LOW      PRECIP
ST. JOSEPH               57      28       0.26
DOWNTOWN KANSAS CITY     62      38       0.06
OLATHE NEW CENTURY       61      34       0.05
OLATHE JO CO EXEC        60      35       0.06
LEES SUMMIT              62      38       0.07
KIRKSVILLE               56      32       0.28
CHILLICOTHE              56      34       0.21
SEDALIA                  67      37       0.28
NWS PLEASANT HILL MO     61      38       0.09


THIS PRODUCT...ALONG WITH OTHER WEATHER...HYDROLOGICAL AND CLIMATE
INFORMATION...IS AVAILABLE ON THE WEB AT HTTP://WWW.WEATHER.GOV/EAX
OR AT HTTP://WEATHER.GOV

$$

73
