000
CDUS43 KEAX 100634
CLIMCI

CLIMATE REPORT
NATIONAL WEATHER SERVICE KANSAS CITY/PLEASANT HILL MO
1232 AM CST SAT DEC 10 2016


...................................

...THE KANSAS CITY INTERNATIONAL MO CLIMATE SUMMARY FOR DECEMBER 9 2016...

CLIMATE NORMAL PERIOD 1981 TO 2010
CLIMATE RECORD PERIOD 1888 TO 2016


WEATHER ITEM   OBSERVED TIME   RECORD YEAR NORMAL DEPARTURE LAST
                VALUE   (LST)  VALUE       VALUE  FROM      YEAR
                                                  NORMAL
..................................................................
TEMPERATURE (F)
 YESTERDAY
  MAXIMUM         28    216 PM  68    1897  42    -14       63
  MINIMUM         11    521 AM  -5    2005  24    -13       36
  AVERAGE         20                        33    -13       50

PRECIPITATION (IN)
  YESTERDAY        0.00          1.51 1911   0.06  -0.06     0.00
  MONTH TO DATE    0.66                      0.53   0.13     0.00
  SINCE DEC 1      0.66                      0.53   0.13     0.00
  SINCE JAN 1     48.12                     37.86  10.26    43.35

SNOWFALL (IN)
  YESTERDAY        0.0           7.5  1944   0.1   -0.1      0.0
  MONTH TO DATE    0.3                       1.2   -0.9      0.0
  SINCE DEC 1      0.3                       1.2   -0.9      0.0
  SINCE JUL 1      0.3                       2.6   -2.3      0.0
  SNOW DEPTH       0

DEGREE DAYS
 HEATING
  YESTERDAY       45                        32     13       15
  MONTH TO DATE  300                       276     24      209
  SINCE DEC 1    300                       276     24      209
  SINCE JUL 1    884                      1278   -394      956

 COOLING
  YESTERDAY        0                         0      0        0
  MONTH TO DATE    0                         0      0        0
  SINCE DEC 1      0                         0      0        0
  SINCE JAN 1   1585                      1360    225     1370
..................................................................


WIND (MPH)
  HIGHEST WIND SPEED    10   HIGHEST WIND DIRECTION    SE (150)
  HIGHEST GUST SPEED    13   HIGHEST GUST DIRECTION     S (170)
  AVERAGE WIND SPEED     5.3


SKY COVER
  POSSIBLE SUNSHINE  MM
  AVERAGE SKY COVER 0.6


WEATHER CONDITIONS
 THE FOLLOWING WEATHER WAS RECORDED YESTERDAY.
  NO SIGNIFICANT WEATHER WAS OBSERVED.


RELATIVE HUMIDITY (PERCENT)
 HIGHEST    76           300 AM
 LOWEST     42           200 PM
 AVERAGE    59

..........................................................


THE KANSAS CITY INTERNATIONAL MO CLIMATE NORMALS FOR TODAY
                         NORMAL    RECORD    YEAR
 MAXIMUM TEMPERATURE (F)   41        69      1970
 MINIMUM TEMPERATURE (F)   24        -5      1919


SUNRISE AND SUNSET
DECEMBER 10 2016......SUNRISE   728 AM CST   SUNSET   456 PM CST
DECEMBER 11 2016......SUNRISE   729 AM CST   SUNSET   456 PM CST


-  INDICATES NEGATIVE NUMBERS.
R  INDICATES RECORD WAS SET OR TIED.
MM INDICATES DATA IS MISSING.
T  INDICATES TRACE AMOUNT.


&&

...MISCELLANEOUS CLIMATE DATA FROM YESTERDAY...

LOCATION                HIGH    LOW      PRECIP
ST. JOSEPH               26       6       0.00
DOWNTOWN KANSAS CITY     30      15       0.00
OLATHE NEW CENTURY       27      11       0.00
OLATHE JO CO EXEC        26       9       0.00
LEES SUMMIT              28      13       0.00
KIRKSVILLE               27       7       0.00
CHILLICOTHE              27       9       0.00
SEDALIA                  29      13       0.00
NWS PLEASANT HILL MO     28      11       0.00


THIS PRODUCT...ALONG WITH OTHER WEATHER...HYDROLOGICAL AND CLIMATE
INFORMATION...IS AVAILABLE ON THE WEB AT HTTP://WWW.WEATHER.GOV/EAX
OR AT HTTP://WEATHER.GOV

$$
