000
CDUS43 KEAX 010633
CLIMCI

CLIMATE REPORT
NATIONAL WEATHER SERVICE KANSAS CITY/PLEASANT HILL MO
132 AM CDT FRI AUG 1 2014


...................................

...THE KANSAS CITY INTERNATIONAL MO CLIMATE SUMMARY FOR JULY 31 2014...

CLIMATE NORMAL PERIOD 1981 TO 2010
CLIMATE RECORD PERIOD 1888 TO 2014


WEATHER ITEM   OBSERVED TIME   RECORD YEAR NORMAL DEPARTURE LAST
                VALUE   (LST)  VALUE       VALUE  FROM      YEAR
                                                  NORMAL
..................................................................
TEMPERATURE (F)
 YESTERDAY
  MAXIMUM         83    504 PM 106    1970  89     -6       83
  MINIMUM         59    534 AM  54    1925  68     -9       67
  AVERAGE         71                        79     -8       75

PRECIPITATION (IN)
  YESTERDAY        0.00          1.43 1981   0.13  -0.13     0.00
  MONTH TO DATE    3.04                      4.45  -1.41     2.50
  SINCE JUN 1      9.95                      9.68   0.27     5.62
  SINCE JAN 1     18.57                     23.51  -4.94    20.55

SNOWFALL (IN)
  YESTERDAY        0.0           0.0    MM   0.0    0.0      0.0
  MONTH TO DATE    0.0                       0.0    0.0      0.0
  SINCE JUN 1      0.0                       0.0    0.0      0.0
  SINCE JUL 1      0.0                       0.0    0.0      0.0
  SNOW DEPTH       0

DEGREE DAYS
 HEATING
  YESTERDAY        0                         0      0        0
  MONTH TO DATE    2                         0      2        0
  SINCE JUN 1      3                         9     -6       17
  SINCE JUL 1      2                         0      2        0

 COOLING
  YESTERDAY        6                        14     -8       10
  MONTH TO DATE  286                       414   -128      367
  SINCE JUN 1    563                       680   -117      643
  SINCE JAN 1    724                       796    -72      748
..................................................................


WIND (MPH)
  HIGHEST WIND SPEED     9   HIGHEST WIND DIRECTION    SE (130)
  HIGHEST GUST SPEED    12   HIGHEST GUST DIRECTION     W (270)
  AVERAGE WIND SPEED     4.3


SKY COVER
  POSSIBLE SUNSHINE  MM
  AVERAGE SKY COVER 0.6


WEATHER CONDITIONS
 THE FOLLOWING WEATHER WAS RECORDED YESTERDAY.
  NO SIGNIFICANT WEATHER WAS OBSERVED.


RELATIVE HUMIDITY (PERCENT)
 HIGHEST    84           300 AM
 LOWEST     37           500 PM
 AVERAGE    61

..........................................................


THE KANSAS CITY INTERNATIONAL MO CLIMATE NORMALS FOR TODAY
                         NORMAL    RECORD    YEAR
 MAXIMUM TEMPERATURE (F)   89       104      2006
                                             1980
 MINIMUM TEMPERATURE (F)   68        58      1992
                                             1977
                                             1973


SUNRISE AND SUNSET
AUGUST  1 2014........SUNRISE   619 AM CDT   SUNSET   831 PM CDT
AUGUST  2 2014........SUNRISE   620 AM CDT   SUNSET   830 PM CDT


-  INDICATES NEGATIVE NUMBERS.
R  INDICATES RECORD WAS SET OR TIED.
MM INDICATES DATA IS MISSING.
T  INDICATES TRACE AMOUNT.




&&

...MISCELLANEOUS CLIMATE DATA FROM YESTERDAY...

LOCATION                HIGH    LOW      PRECIP
ST. JOSEPH               83      52       0.00
DOWNTOWN KANSAS CITY     86      62       0.00
OLATHE NEW CENTURY       85      57       0.00
OLATHE JO CO EXEC        83      61       0.00
LEES SUMMIT              84      60       0.00
KIRKSVILLE               84      53       0.00
CHILLICOTHE              85      56       0.00
SEDALIA                  85      58       0.00
NWS PLEASANT HILL MO     82      59       0.00


THIS PRODUCT...ALONG WITH OTHER WEATHER...HYDROLOGICAL AND CLIMATE
INFORMATION...IS AVAILABLE ON THE WEB AT HTTP://WWW.CRH.NOAA.GOV/EAX
OR AT HTTP://WEATHER.GOV

$$

CDB
