000
CDUS43 KEAX 010645
CLIMCI

CLIMATE REPORT
NATIONAL WEATHER SERVICE KANSAS CITY/PLEASANT HILL MO
144 AM CDT WED JUL 1 2015


...................................

...THE KANSAS CITY INTERNATIONAL MO CLIMATE SUMMARY FOR JUNE 30 2015...

CLIMATE NORMAL PERIOD 1981 TO 2010
CLIMATE RECORD PERIOD 1888 TO 2015


WEATHER ITEM   OBSERVED TIME   RECORD YEAR NORMAL DEPARTURE LAST
                VALUE   (LST)  VALUE       VALUE  FROM      YEAR
                                                  NORMAL
..................................................................
TEMPERATURE (F)
 YESTERDAY
  MAXIMUM         86    332 PM 102    1933  87     -1       91
                                      1917
  MINIMUM         66    519 AM  55    1943  67     -1       69
  AVERAGE         76                        77     -1       80

PRECIPITATION (IN)
  YESTERDAY        0.27          3.26 2005   0.16   0.11     0.27
  MONTH TO DATE    7.58                      5.23   2.35     6.91
  SINCE JUN 1      7.58                      5.23   2.35     6.91
  SINCE JAN 1     24.18                     19.06   5.12    15.53

SNOWFALL (IN)
  YESTERDAY        0.0           0.0    MM   0.0    0.0      0.0
  MONTH TO DATE    0.0                       0.0    0.0      0.0
  SINCE JUN 1      0.0                       0.0    0.0      0.0
  SINCE JUL 1     14.2                      18.8   -4.6     26.2
  SNOW DEPTH       0

DEGREE DAYS
 HEATING
  YESTERDAY        0                         0      0        0
  MONTH TO DATE    3                         7     -4        1
  SINCE JUN 1      3                         9     -6        1
  SINCE JUL 1   5119                      5133    -14     5786

 COOLING
  YESTERDAY       11                        12     -1       15
  MONTH TO DATE  305                       266     39      277
  SINCE JUN 1    305                       266     39      277
  SINCE JAN 1    373                       382     -9      438
..................................................................


WIND (MPH)
  HIGHEST WIND SPEED    16   HIGHEST WIND DIRECTION     E (110)
  HIGHEST GUST SPEED    18   HIGHEST GUST DIRECTION     E (110)
  AVERAGE WIND SPEED     7.1


SKY COVER
  POSSIBLE SUNSHINE  MM
  AVERAGE SKY COVER 0.8


WEATHER CONDITIONS
 THE FOLLOWING WEATHER WAS RECORDED YESTERDAY.
  THUNDERSTORM
  HEAVY RAIN
  RAIN
  LIGHT RAIN
  FOG
  HAZE


RELATIVE HUMIDITY (PERCENT)
 HIGHEST    93           400 AM
 LOWEST     51           300 PM
 AVERAGE    72

..........................................................


THE KANSAS CITY INTERNATIONAL MO CLIMATE NORMALS FOR TODAY
                         NORMAL    RECORD    YEAR
 MAXIMUM TEMPERATURE (F)   87       103      1933
 MINIMUM TEMPERATURE (F)   67        54      1995


SUNRISE AND SUNSET
JULY  1 2015..........SUNRISE   556 AM CDT   SUNSET   849 PM CDT
JULY  2 2015..........SUNRISE   556 AM CDT   SUNSET   849 PM CDT


-  INDICATES NEGATIVE NUMBERS.
R  INDICATES RECORD WAS SET OR TIED.
MM INDICATES DATA IS MISSING.
T  INDICATES TRACE AMOUNT.



&&

...MISCELLANEOUS CLIMATE DATA FROM YESTERDAY...

LOCATION                HIGH    LOW      PRECIP
ST. JOSEPH               85      64       0.02
DOWNTOWN KANSAS CITY     90      71       T
OLATHE NEW CENTURY       91      66       T
OLATHE JO CO EXEC        89      65       0.00
LEES SUMMIT              88      66       0.00
KIRKSVILLE               81      64       0.10
CHILLICOTHE              82      65       0.00
SEDALIA                  85      68       T
NWS PLEASANT HILL MO     87      68       0.00


THIS PRODUCT...ALONG WITH OTHER WEATHER...HYDROLOGICAL AND CLIMATE
INFORMATION...IS AVAILABLE ON THE WEB AT HTTP://WWW.CRH.NOAA.GOV/EAX
OR AT HTTP://WEATHER.GOV

$$

CUTTER
